{"id":2165,"date":"2021-02-22T12:23:56","date_gmt":"2021-02-22T10:23:56","guid":{"rendered":"http:\/\/apsaugos.lt\/?product=import-placeholder-for-3023"},"modified":"2021-02-22T12:23:58","modified_gmt":"2021-02-22T10:23:58","slug":"kelio-uztvaras-ssg-ku6p","status":"publish","type":"product","link":"https:\/\/apsaugos.lt\/?product=kelio-uztvaras-ssg-ku6p","title":{"rendered":"Kelio u\u017etvaras SSG-KU6P"},"content":{"rendered":"<p>Kelio u\u017etvaras skirtas prava\u017eiavimo kontrolei iki 6 metr\u0173. Pritaikytas Lietuvi\u0161ko klimato s\u0105lygoms . Turi\u00a0indukcin\u0117s kilpos pajungimo kontaktus, foto elemento . Taip pat yra nuleidimo, pakilimo\u00a0, bei priverstinio\u00a0stabdymo kontaktai. Integruotas DIN begelis .<\/p>\n","protected":false},"excerpt":{"rendered":"<p>maitinimo \u012ftampa : 230 V<\/p>\n","protected":false},"featured_media":53,"comment_status":"closed","ping_status":"closed","template":"","meta":[],"product_brand":[],"product_cat":[17],"product_tag":[18],"class_list":{"0":"post-2165","1":"product","2":"type-product","3":"status-publish","4":"has-post-thumbnail","6":"product_cat-kelio-uztvarai-kelio-uztvarai","7":"product_tag-slagbaumas","9":"first","10":"instock","11":"shipping-taxable","12":"purchasable","13":"product-type-simple"},"jetpack_sharing_enabled":true,"_links":{"self":[{"href":"https:\/\/apsaugos.lt\/index.php?rest_route=\/wp\/v2\/product\/2165","targetHints":{"allow":["GET"]}}],"collection":[{"href":"https:\/\/apsaugos.lt\/index.php?rest_route=\/wp\/v2\/product"}],"about":[{"href":"https:\/\/apsaugos.lt\/index.php?rest_route=\/wp\/v2\/types\/product"}],"replies":[{"embeddable":true,"href":"https:\/\/apsaugos.lt\/index.php?rest_route=%2Fwp%2Fv2%2Fcomments&post=2165"}],"wp:featuredmedia":[{"embeddable":true,"href":"https:\/\/apsaugos.lt\/index.php?rest_route=\/wp\/v2\/media\/53"}],"wp:attachment":[{"href":"https:\/\/apsaugos.lt\/index.php?rest_route=%2Fwp%2Fv2%2Fmedia&parent=2165"}],"wp:term":[{"taxonomy":"product_brand","embeddable":true,"href":"https:\/\/apsaugos.lt\/index.php?rest_route=%2Fwp%2Fv2%2Fproduct_brand&post=2165"},{"taxonomy":"product_cat","embeddable":true,"href":"https:\/\/apsaugos.lt\/index.php?rest_route=%2Fwp%2Fv2%2Fproduct_cat&post=2165"},{"taxonomy":"product_tag","embeddable":true,"href":"https:\/\/apsaugos.lt\/index.php?rest_route=%2Fwp%2Fv2%2Fproduct_tag&post=2165"}],"curies":[{"name":"wp","href":"https:\/\/api.w.org\/{rel}","templated":true}]}}