{"id":2166,"date":"2021-02-22T12:23:56","date_gmt":"2021-02-22T10:23:56","guid":{"rendered":"http:\/\/apsaugos.lt\/?product=import-placeholder-for-3032"},"modified":"2021-02-22T12:23:59","modified_gmt":"2021-02-22T10:23:59","slug":"kelio-uztvaras-ssg-ku4p","status":"publish","type":"product","link":"https:\/\/apsaugos.lt\/?product=kelio-uztvaras-ssg-ku4p","title":{"rendered":"Kelio u\u017etvaras SSG-KU4P"},"content":{"rendered":"<p>Darbin\u0117 temperat\u016bra : -35\u00baC~+60\u00baC<br \/>\nMaitinimo \u012ftampa : 220V\u00b110% 50\/60HZ<br \/>\nSuvartojama energija darbo metu : 200W<br \/>\nSantykin\u0117 dr\u0117gm\u0117 : \u226490%<br \/>\nNuotolinio pultelio darbo nuotolis : \u226530m<br \/>\nGreitis : 6s<br \/>\nKarties ilgis iki : 4 metr\u0173<\/p>\n","protected":false},"excerpt":{"rendered":"<p>Kelio u\u017etvaras skirtas prava\u017eiavimams iki 4 metr\u0173 .<\/p>\n","protected":false},"featured_media":53,"comment_status":"closed","ping_status":"closed","template":"","meta":[],"product_brand":[],"product_cat":[17],"product_tag":[18],"class_list":{"0":"post-2166","1":"product","2":"type-product","3":"status-publish","4":"has-post-thumbnail","6":"product_cat-kelio-uztvarai-kelio-uztvarai","7":"product_tag-slagbaumas","9":"first","10":"instock","11":"shipping-taxable","12":"purchasable","13":"product-type-simple"},"jetpack_sharing_enabled":true,"_links":{"self":[{"href":"https:\/\/apsaugos.lt\/index.php?rest_route=\/wp\/v2\/product\/2166","targetHints":{"allow":["GET"]}}],"collection":[{"href":"https:\/\/apsaugos.lt\/index.php?rest_route=\/wp\/v2\/product"}],"about":[{"href":"https:\/\/apsaugos.lt\/index.php?rest_route=\/wp\/v2\/types\/product"}],"replies":[{"embeddable":true,"href":"https:\/\/apsaugos.lt\/index.php?rest_route=%2Fwp%2Fv2%2Fcomments&post=2166"}],"wp:featuredmedia":[{"embeddable":true,"href":"https:\/\/apsaugos.lt\/index.php?rest_route=\/wp\/v2\/media\/53"}],"wp:attachment":[{"href":"https:\/\/apsaugos.lt\/index.php?rest_route=%2Fwp%2Fv2%2Fmedia&parent=2166"}],"wp:term":[{"taxonomy":"product_brand","embeddable":true,"href":"https:\/\/apsaugos.lt\/index.php?rest_route=%2Fwp%2Fv2%2Fproduct_brand&post=2166"},{"taxonomy":"product_cat","embeddable":true,"href":"https:\/\/apsaugos.lt\/index.php?rest_route=%2Fwp%2Fv2%2Fproduct_cat&post=2166"},{"taxonomy":"product_tag","embeddable":true,"href":"https:\/\/apsaugos.lt\/index.php?rest_route=%2Fwp%2Fv2%2Fproduct_tag&post=2166"}],"curies":[{"name":"wp","href":"https:\/\/api.w.org\/{rel}","templated":true}]}}