{"id":2168,"date":"2021-02-22T12:23:56","date_gmt":"2021-02-22T10:23:56","guid":{"rendered":"http:\/\/apsaugos.lt\/?product=import-placeholder-for-3115"},"modified":"2021-02-22T12:23:59","modified_gmt":"2021-02-22T10:23:59","slug":"fotoelementas-mf101","status":"publish","type":"product","link":"https:\/\/apsaugos.lt\/?product=fotoelementas-mf101","title":{"rendered":"Fotoelementas MF101"},"content":{"rendered":"<p>Maitinimo \u012ftampa : 24 V DC\/AC<\/p>\n<p>Sausas kontaktas COM\/NC<\/p>\n","protected":false},"excerpt":{"rendered":"<p>Fotoelementas tinkantis daugumai\u00a0atveriam\u0173 ir slankiojan\u010di\u0173\u00a0vart\u0173 sistemoms . Atstumas iki 20 metr\u0173<\/p>\n","protected":false},"featured_media":55,"comment_status":"closed","ping_status":"closed","template":"","meta":[],"product_brand":[],"product_cat":[19],"product_tag":[],"class_list":{"0":"post-2168","1":"product","2":"type-product","3":"status-publish","4":"has-post-thumbnail","6":"product_cat-foto-davikliai","8":"first","9":"instock","10":"shipping-taxable","11":"purchasable","12":"product-type-simple"},"jetpack_sharing_enabled":true,"_links":{"self":[{"href":"https:\/\/apsaugos.lt\/index.php?rest_route=\/wp\/v2\/product\/2168","targetHints":{"allow":["GET"]}}],"collection":[{"href":"https:\/\/apsaugos.lt\/index.php?rest_route=\/wp\/v2\/product"}],"about":[{"href":"https:\/\/apsaugos.lt\/index.php?rest_route=\/wp\/v2\/types\/product"}],"replies":[{"embeddable":true,"href":"https:\/\/apsaugos.lt\/index.php?rest_route=%2Fwp%2Fv2%2Fcomments&post=2168"}],"wp:featuredmedia":[{"embeddable":true,"href":"https:\/\/apsaugos.lt\/index.php?rest_route=\/wp\/v2\/media\/55"}],"wp:attachment":[{"href":"https:\/\/apsaugos.lt\/index.php?rest_route=%2Fwp%2Fv2%2Fmedia&parent=2168"}],"wp:term":[{"taxonomy":"product_brand","embeddable":true,"href":"https:\/\/apsaugos.lt\/index.php?rest_route=%2Fwp%2Fv2%2Fproduct_brand&post=2168"},{"taxonomy":"product_cat","embeddable":true,"href":"https:\/\/apsaugos.lt\/index.php?rest_route=%2Fwp%2Fv2%2Fproduct_cat&post=2168"},{"taxonomy":"product_tag","embeddable":true,"href":"https:\/\/apsaugos.lt\/index.php?rest_route=%2Fwp%2Fv2%2Fproduct_tag&post=2168"}],"curies":[{"name":"wp","href":"https:\/\/api.w.org\/{rel}","templated":true}]}}