{"id":2169,"date":"2021-02-22T12:23:56","date_gmt":"2021-02-22T10:23:56","guid":{"rendered":"http:\/\/apsaugos.lt\/?product=import-placeholder-for-3125"},"modified":"2021-02-22T12:23:59","modified_gmt":"2021-02-22T10:23:59","slug":"pirsto-antspaudu-skaitytuvas-fr1200","status":"publish","type":"product","link":"https:\/\/apsaugos.lt\/?product=pirsto-antspaudu-skaitytuvas-fr1200","title":{"rendered":"Pir\u0161to antspaud\u0173 skaitytuvas FR1200"},"content":{"rendered":"<p><iframe title=\"Pra\u0117jimo kontrol\u0117s pir\u0161to antspaud\u0173 skaitytuvo ZKteco FR1200 ap\u017evalga\" width=\"640\" height=\"360\" src=\"https:\/\/www.youtube.com\/embed\/c57mrycPFKE?feature=oembed\" frameborder=\"0\" allow=\"accelerometer; autoplay; clipboard-write; encrypted-media; gyroscope; picture-in-picture; web-share\" referrerpolicy=\"strict-origin-when-cross-origin\" allowfullscreen><\/iframe><\/p>\n<p>Procesorius : 324MHZ<br \/>\nSensorius : ZK Small-sized Sensor<br \/>\nDarbine temperat\u016bra 0\u00b0-45\u00b0C<br \/>\nDregnumas: 20%-80%<br \/>\nMaitinimas: 12V, DC<br \/>\nS\u0105saja : RS485<br \/>\nDydis: 50x107x37mm (L x W x D)<br \/>\nSvoris: 0,12kg<\/p>\n","protected":false},"excerpt":{"rendered":"<p>Lauko Pir\u0161to antspaud\u0173 skaitytuvas FR1200 skirtas tik pir\u0161to antspaud\u0173 ir korteli\u0173 nuskaitimui. Duomenys per RS485<\/p>\n","protected":false},"featured_media":56,"comment_status":"closed","ping_status":"closed","template":"","meta":[],"product_brand":[],"product_cat":[21],"product_tag":[22],"class_list":{"0":"post-2169","1":"product","2":"type-product","3":"status-publish","4":"has-post-thumbnail","6":"product_cat-pirstu-antspaudu-veido-skaitytuvai","7":"product_tag-zkteco","9":"first","10":"instock","11":"shipping-taxable","12":"purchasable","13":"product-type-simple"},"jetpack_sharing_enabled":true,"_links":{"self":[{"href":"https:\/\/apsaugos.lt\/index.php?rest_route=\/wp\/v2\/product\/2169","targetHints":{"allow":["GET"]}}],"collection":[{"href":"https:\/\/apsaugos.lt\/index.php?rest_route=\/wp\/v2\/product"}],"about":[{"href":"https:\/\/apsaugos.lt\/index.php?rest_route=\/wp\/v2\/types\/product"}],"replies":[{"embeddable":true,"href":"https:\/\/apsaugos.lt\/index.php?rest_route=%2Fwp%2Fv2%2Fcomments&post=2169"}],"wp:featuredmedia":[{"embeddable":true,"href":"https:\/\/apsaugos.lt\/index.php?rest_route=\/wp\/v2\/media\/56"}],"wp:attachment":[{"href":"https:\/\/apsaugos.lt\/index.php?rest_route=%2Fwp%2Fv2%2Fmedia&parent=2169"}],"wp:term":[{"taxonomy":"product_brand","embeddable":true,"href":"https:\/\/apsaugos.lt\/index.php?rest_route=%2Fwp%2Fv2%2Fproduct_brand&post=2169"},{"taxonomy":"product_cat","embeddable":true,"href":"https:\/\/apsaugos.lt\/index.php?rest_route=%2Fwp%2Fv2%2Fproduct_cat&post=2169"},{"taxonomy":"product_tag","embeddable":true,"href":"https:\/\/apsaugos.lt\/index.php?rest_route=%2Fwp%2Fv2%2Fproduct_tag&post=2169"}],"curies":[{"name":"wp","href":"https:\/\/api.w.org\/{rel}","templated":true}]}}