{"id":2220,"date":"2021-02-22T12:24:06","date_gmt":"2021-02-22T10:24:06","guid":{"rendered":"http:\/\/apsaugos.lt\/?product=import-placeholder-for-3361"},"modified":"2021-02-22T12:24:11","modified_gmt":"2021-02-22T10:24:11","slug":"video-signalo-keitiklis-upscrew-w","status":"publish","type":"product","link":"https:\/\/apsaugos.lt\/?product=video-signalo-keitiklis-upscrew-w","title":{"rendered":"Video signalo keitiklis UPSCREW-W"},"content":{"rendered":"<p>Vieno kanalo pasyvus CCTV &#8211; UTP video signalo keitiklis su prailginimo laidu, naudojamas perduoti CCTV video signal\u0105 per UTP(kat. 5) kabel\u012f be papildomo maitinimo. Gali b\u016bti jungiamas tiesiogiai prie DVR. Signalo perdavimo atstumas max. 330m. I\u0161skirtinis atsparumas trikd\u017eiams, trumpalaik\u0117 apsauga, auk\u0161tos kokyb\u0117s vaizdas, svoris 48g.<\/p>\n","protected":false},"excerpt":{"rendered":"<p>Pasyvinis vieno kanalo video signalo keitiklis UPSCREW-W.<\/p>\n","protected":false},"featured_media":113,"comment_status":"closed","ping_status":"closed","template":"","meta":[],"product_brand":[],"product_cat":[55],"product_tag":[],"class_list":{"0":"post-2220","1":"product","2":"type-product","3":"status-publish","4":"has-post-thumbnail","6":"product_cat-vaizdo-signalo-keitikliai","8":"first","9":"instock","10":"shipping-taxable","11":"purchasable","12":"product-type-simple"},"jetpack_sharing_enabled":true,"_links":{"self":[{"href":"https:\/\/apsaugos.lt\/index.php?rest_route=\/wp\/v2\/product\/2220","targetHints":{"allow":["GET"]}}],"collection":[{"href":"https:\/\/apsaugos.lt\/index.php?rest_route=\/wp\/v2\/product"}],"about":[{"href":"https:\/\/apsaugos.lt\/index.php?rest_route=\/wp\/v2\/types\/product"}],"replies":[{"embeddable":true,"href":"https:\/\/apsaugos.lt\/index.php?rest_route=%2Fwp%2Fv2%2Fcomments&post=2220"}],"wp:featuredmedia":[{"embeddable":true,"href":"https:\/\/apsaugos.lt\/index.php?rest_route=\/wp\/v2\/media\/113"}],"wp:attachment":[{"href":"https:\/\/apsaugos.lt\/index.php?rest_route=%2Fwp%2Fv2%2Fmedia&parent=2220"}],"wp:term":[{"taxonomy":"product_brand","embeddable":true,"href":"https:\/\/apsaugos.lt\/index.php?rest_route=%2Fwp%2Fv2%2Fproduct_brand&post=2220"},{"taxonomy":"product_cat","embeddable":true,"href":"https:\/\/apsaugos.lt\/index.php?rest_route=%2Fwp%2Fv2%2Fproduct_cat&post=2220"},{"taxonomy":"product_tag","embeddable":true,"href":"https:\/\/apsaugos.lt\/index.php?rest_route=%2Fwp%2Fv2%2Fproduct_tag&post=2220"}],"curies":[{"name":"wp","href":"https:\/\/api.w.org\/{rel}","templated":true}]}}