{"id":2221,"date":"2021-02-22T12:24:06","date_gmt":"2021-02-22T10:24:06","guid":{"rendered":"http:\/\/apsaugos.lt\/?product=import-placeholder-for-3364"},"modified":"2021-02-22T12:24:11","modified_gmt":"2021-02-22T10:24:11","slug":"video-signalo-keitiklis-upsnap","status":"publish","type":"product","link":"https:\/\/apsaugos.lt\/?product=video-signalo-keitiklis-upsnap","title":{"rendered":"Video signalo keitiklis UPSNAP"},"content":{"rendered":"<table border=\"1\" cellspacing=\"2\" cellpadding=\"2\">\n<tbody>\n<tr>\n<td>Da\u017eni\u0173 juosta<\/td>\n<td>DC iki 8MHz<\/td>\n<\/tr>\n<tr>\n<td>Slopinimas<\/td>\n<td>0.5dB<\/td>\n<\/tr>\n<tr>\n<td>CMRR<\/td>\n<td>60dB<\/td>\n<\/tr>\n<tr>\n<td>Impedansas<\/td>\n<td>BNC 75omai<\/td>\n<\/tr>\n<tr>\n<td>Terminalas<\/td>\n<td>100 om\u0173<\/td>\n<\/tr>\n<tr>\n<td>Darbin\u0117 temperat\u016bra<\/td>\n<td>-10\u00b0C iki +70\u00b0C<\/td>\n<\/tr>\n<tr>\n<td>Laikymo temperat\u016bra<\/td>\n<td>-30\u00b0C iki +70\u00b0C<\/td>\n<\/tr>\n<tr>\n<td>Oro dr\u0117gnumas<\/td>\n<td>0 &#8211; 95%<\/td>\n<\/tr>\n<tr>\n<td>I\u0161matavimai<\/td>\n<td>56 x 17 x 15 mm<\/td>\n<\/tr>\n<tr>\n<td>Med\u017eiaga<\/td>\n<td>ABS plastikas<\/td>\n<\/tr>\n<\/tbody>\n<\/table>\n","protected":false},"excerpt":{"rendered":"<p>Pasyvinis vieno kanalo video signalo keitiklis UPSNAP.<\/p>\n<p>Vieno kanalo pasyvus CCTV &#8211; UTP video signalo keitiklis, naudojamas perduoti CCTV video signal\u0105 per UTP(kat. 5) kabel\u012f be papildomo maitinimo. Gali b\u016bti jungiamas tiesiogiai prie DVR. Signalo perdavimo atstumas max. 330m. I\u0161skirtinis atsparumas trikd\u017eiams, trumpalaik\u0117 apsauga, auk\u0161tos kokyb\u0117s vaizdas. Nereikalingi \u012frankiai pajungimui.<\/p>\n","protected":false},"featured_media":114,"comment_status":"closed","ping_status":"closed","template":"","meta":[],"product_brand":[],"product_cat":[55],"product_tag":[],"class_list":{"0":"post-2221","1":"product","2":"type-product","3":"status-publish","4":"has-post-thumbnail","6":"product_cat-vaizdo-signalo-keitikliai","8":"first","9":"instock","10":"shipping-taxable","11":"purchasable","12":"product-type-simple"},"jetpack_sharing_enabled":true,"_links":{"self":[{"href":"https:\/\/apsaugos.lt\/index.php?rest_route=\/wp\/v2\/product\/2221","targetHints":{"allow":["GET"]}}],"collection":[{"href":"https:\/\/apsaugos.lt\/index.php?rest_route=\/wp\/v2\/product"}],"about":[{"href":"https:\/\/apsaugos.lt\/index.php?rest_route=\/wp\/v2\/types\/product"}],"replies":[{"embeddable":true,"href":"https:\/\/apsaugos.lt\/index.php?rest_route=%2Fwp%2Fv2%2Fcomments&post=2221"}],"wp:featuredmedia":[{"embeddable":true,"href":"https:\/\/apsaugos.lt\/index.php?rest_route=\/wp\/v2\/media\/114"}],"wp:attachment":[{"href":"https:\/\/apsaugos.lt\/index.php?rest_route=%2Fwp%2Fv2%2Fmedia&parent=2221"}],"wp:term":[{"taxonomy":"product_brand","embeddable":true,"href":"https:\/\/apsaugos.lt\/index.php?rest_route=%2Fwp%2Fv2%2Fproduct_brand&post=2221"},{"taxonomy":"product_cat","embeddable":true,"href":"https:\/\/apsaugos.lt\/index.php?rest_route=%2Fwp%2Fv2%2Fproduct_cat&post=2221"},{"taxonomy":"product_tag","embeddable":true,"href":"https:\/\/apsaugos.lt\/index.php?rest_route=%2Fwp%2Fv2%2Fproduct_tag&post=2221"}],"curies":[{"name":"wp","href":"https:\/\/api.w.org\/{rel}","templated":true}]}}