{"id":2224,"date":"2021-02-22T12:24:07","date_gmt":"2021-02-22T10:24:07","guid":{"rendered":"http:\/\/apsaugos.lt\/?product=import-placeholder-for-3369"},"modified":"2021-02-22T12:24:12","modified_gmt":"2021-02-22T10:24:12","slug":"kartotuvas-hikvision-ds-1h34-0101p","status":"publish","type":"product","link":"https:\/\/apsaugos.lt\/?product=kartotuvas-hikvision-ds-1h34-0101p","title":{"rendered":"Kartotuvas Hikvision DS-1H34-0101P"},"content":{"rendered":"<table border=\"0\">\n<tbody>\n<tr>\n<td width=\"40%\">Standartai:<\/td>\n<td>PoE : IEEE 802.3at, IEEE 802.3af<\/td>\n<\/tr>\n<tr>\n<td width=\"40%\">\u012evesties \u012ftampa:<\/td>\n<td>42 &#8230; 57\u00a0V DC<\/td>\n<\/tr>\n<tr>\n<td width=\"40%\">I\u0161vesties \u012ftampa:<\/td>\n<td>42 &#8230; 57\u00a0V DC<\/td>\n<\/tr>\n<tr>\n<td width=\"40%\">\u012eves\u010di\u0173 skai\u010dius:<\/td>\n<td>1<\/td>\n<\/tr>\n<tr>\n<td width=\"40%\">I\u0161ves\u010di\u0173 skai\u010dius:<\/td>\n<td>1<\/td>\n<\/tr>\n<tr>\n<td width=\"40%\">Konektorius:<\/td>\n<td>2 x RJ-45 lizdas<\/td>\n<\/tr>\n<tr>\n<td width=\"40%\">Signalizaciniai diodai:<\/td>\n<td>Link\/Act<\/td>\n<\/tr>\n<tr>\n<td width=\"40%\">Palaikomas perdavimo greitis:<\/td>\n<td>\n<ul>\n<li>Nuotolis 2 x 100\u00a0m &#8211; \u012evestis \/ I\u0161vestis,<\/li>\n<li>Palaikomas perdavimo greitis 10 \/ 100\u00a0Mb\/s &#8211; Fast Ethernet<\/li>\n<\/ul>\n<\/td>\n<\/tr>\n<tr>\n<td width=\"40%\">I\u0161vesties galia:<\/td>\n<td>max. 30\u00a0W @ Switch PoE IEEE 802.3at<\/td>\n<\/tr>\n<tr>\n<td width=\"40%\">Apsaugos priemon\u0117s:<\/td>\n<td>\n<ul>\n<li>Apsauga nuo vir\u0161\u012ftampi\u0173<\/li>\n<li>Apsauga nuo vir\u0161\u012ftampi\u0173<\/li>\n<\/ul>\n<\/td>\n<\/tr>\n<tr>\n<td width=\"40%\">Korpusas:<\/td>\n<td>Metalin\u0117<\/td>\n<\/tr>\n<tr>\n<td width=\"40%\">Darbo temperat\u016bra \/ santykinis dr\u0117gnumas:<\/td>\n<td>-30 &#8230; 70\u00a0\u00b0C \/ 10 &#8230; 90\u00a0%<\/td>\n<\/tr>\n<tr>\n<td width=\"40%\">Svoris:<\/td>\n<td>0.19\u00a0kg<\/td>\n<\/tr>\n<tr>\n<td width=\"40%\">Matmenys:<\/td>\n<td>94 x 72 x 26\u00a0mm<\/td>\n<\/tr>\n<tr>\n<td width=\"40%\">Gamintojas \/ Mark\u0117:<\/td>\n<td>HIKVISION<\/td>\n<\/tr>\n<tr>\n<td width=\"40%\">Garantija:<\/td>\n<td><strong>3 metai<\/strong><\/td>\n<\/tr>\n<\/tbody>\n<\/table>\n","protected":false},"excerpt":{"rendered":"<p>1 \u012f\u0117jimas, 1 i\u0161\u0117jimas. Padidina PoE maitinimo nuotol\u012f per UTP5e iki 200m. Nereikalauja maitinimo i\u0161 i\u0161or\u0117s.<\/p>\n","protected":false},"featured_media":117,"comment_status":"closed","ping_status":"closed","template":"","meta":[],"product_brand":[],"product_cat":[56],"product_tag":[],"class_list":{"0":"post-2224","1":"product","2":"type-product","3":"status-publish","4":"has-post-thumbnail","6":"product_cat-kartotuvai","8":"first","9":"instock","10":"shipping-taxable","11":"purchasable","12":"product-type-simple"},"jetpack_sharing_enabled":true,"_links":{"self":[{"href":"https:\/\/apsaugos.lt\/index.php?rest_route=\/wp\/v2\/product\/2224","targetHints":{"allow":["GET"]}}],"collection":[{"href":"https:\/\/apsaugos.lt\/index.php?rest_route=\/wp\/v2\/product"}],"about":[{"href":"https:\/\/apsaugos.lt\/index.php?rest_route=\/wp\/v2\/types\/product"}],"replies":[{"embeddable":true,"href":"https:\/\/apsaugos.lt\/index.php?rest_route=%2Fwp%2Fv2%2Fcomments&post=2224"}],"wp:featuredmedia":[{"embeddable":true,"href":"https:\/\/apsaugos.lt\/index.php?rest_route=\/wp\/v2\/media\/117"}],"wp:attachment":[{"href":"https:\/\/apsaugos.lt\/index.php?rest_route=%2Fwp%2Fv2%2Fmedia&parent=2224"}],"wp:term":[{"taxonomy":"product_brand","embeddable":true,"href":"https:\/\/apsaugos.lt\/index.php?rest_route=%2Fwp%2Fv2%2Fproduct_brand&post=2224"},{"taxonomy":"product_cat","embeddable":true,"href":"https:\/\/apsaugos.lt\/index.php?rest_route=%2Fwp%2Fv2%2Fproduct_cat&post=2224"},{"taxonomy":"product_tag","embeddable":true,"href":"https:\/\/apsaugos.lt\/index.php?rest_route=%2Fwp%2Fv2%2Fproduct_tag&post=2224"}],"curies":[{"name":"wp","href":"https:\/\/api.w.org\/{rel}","templated":true}]}}