{"id":2238,"date":"2021-02-22T12:24:14","date_gmt":"2021-02-22T10:24:14","guid":{"rendered":"http:\/\/apsaugos.lt\/?product=import-placeholder-for-3390"},"modified":"2021-02-22T12:24:18","modified_gmt":"2021-02-22T10:24:18","slug":"hikvision-turbo-hd-ds-2ce16d8t-it3-f2-8","status":"publish","type":"product","link":"https:\/\/apsaugos.lt\/?product=hikvision-turbo-hd-ds-2ce16d8t-it3-f2-8","title":{"rendered":"Hikvision Turbo HD DS-2CE16D8T-IT3 F2.8"},"content":{"rendered":"<table border=\"1\">\n<tbody>\n<tr>\n<td>Sensorius<\/td>\n<td>2MP CMOS Image Sensor<\/td>\n<\/tr>\n<tr>\n<td>Signalo sistema<\/td>\n<td>PAL\/NTSC<\/td>\n<\/tr>\n<tr>\n<td>Efektyv\u016bs ta\u0161kai<\/td>\n<td>1928(H)*1088(V)<\/td>\n<\/tr>\n<tr>\n<td>Min. ap\u0161vietimas<\/td>\n<td>0.01 Lux @ (F1.2,AGC ON), 0 Lux with IR<\/td>\n<\/tr>\n<tr>\n<td>U\u017erakto laikas<\/td>\n<td>1\/25(1\/30)s to 1\/50,000s<\/td>\n<\/tr>\n<tr>\n<td>Objektyvas<\/td>\n<td>2.8mm<\/td>\n<\/tr>\n<tr>\n<td>Objektyvo montavimas<\/td>\n<td>M12<\/td>\n<\/tr>\n<tr>\n<td>Reguliavimas<\/td>\n<td>Pan:\u00a00\u00b0\u00a0to\u00a0360\u00b0,\u00a0Tilt:\u00a00\u00b0\u00a0to\u00a0180\u00b0,\u00a0Rotate:\u00a00\u00b0\u00a0to\u00a0360\u00b0<\/td>\n<\/tr>\n<tr>\n<td>Diena \/ naktis<\/td>\n<td>IR\u00a0cut\u00a0filter\u00a0with\u00a0auto\u00a0switch<\/td>\n<\/tr>\n<tr>\n<td>Kadrai per sek.<\/td>\n<td>1080p@25fps\/1080p@30fps<\/td>\n<\/tr>\n<tr>\n<td>HD Vaizdo i\u0161vestis<\/td>\n<td>1 Analog HD output<\/td>\n<\/tr>\n<tr>\n<td>Sinchronizacija<\/td>\n<td>Internal Synchronization<\/td>\n<\/tr>\n<tr>\n<td>D\/N r\u0117\u017eimas<\/td>\n<td>Auto\u00a0\/\u00a0Color\u00a0\/\u00a0B\/W<\/td>\n<\/tr>\n<tr>\n<td>BLC<\/td>\n<td>Support<\/td>\n<\/tr>\n<tr>\n<td>AGC<\/td>\n<td>Support<\/td>\n<\/tr>\n<tr>\n<td>Darbo s\u0105lygos<\/td>\n<td>-40 \u00b0C \u2013 60 \u00b0C (-40 \u00b0F \u2013 140 \u00b0F)<\/p>\n<p>Humidity 90% or less (non-condensing)<\/td>\n<\/tr>\n<tr>\n<td>Maitinimas<\/td>\n<td>12 VDC\u00b115%<\/td>\n<\/tr>\n<tr>\n<td>IP apsaugos klas\u0117<\/td>\n<td>IP67<\/td>\n<\/tr>\n<tr>\n<td>IR ap\u0161vietimas<\/td>\n<td>Up to 40m<\/td>\n<\/tr>\n<tr>\n<td>Komunikacija<\/td>\n<td>Up the coax, Protocol: HIKVISION-C (TVI output)<\/td>\n<\/tr>\n<tr>\n<td>I\u0161matavimai<\/td>\n<td>86.7mm\u00d781.6mm\u00d7226mm (3.41\u2033\u00d73.23\u2033\u00d78.67\u2033)<\/td>\n<\/tr>\n<tr>\n<td>Svoris<\/td>\n<td>Approx. 680g (1.5lb)<\/td>\n<\/tr>\n<\/tbody>\n<\/table>\n","protected":false},"excerpt":{"rendered":"<p>2MP (MegaPixel) bullet Turbo HD kamera, 1920 \u00d7 1080 rai\u0161ka, 2.8mm objektyvas, EXIR 2.0, i\u0161manus IR, iki 40 m, IP67<\/p>\n","protected":false},"featured_media":65,"comment_status":"closed","ping_status":"closed","template":"","meta":[],"product_brand":[],"product_cat":[61],"product_tag":[32],"class_list":{"0":"post-2238","1":"product","2":"type-product","3":"status-publish","4":"has-post-thumbnail","6":"product_cat-2-mpx-turbo-kameros","7":"product_tag-hikvision","9":"first","10":"instock","11":"shipping-taxable","12":"purchasable","13":"product-type-simple"},"jetpack_sharing_enabled":true,"_links":{"self":[{"href":"https:\/\/apsaugos.lt\/index.php?rest_route=\/wp\/v2\/product\/2238","targetHints":{"allow":["GET"]}}],"collection":[{"href":"https:\/\/apsaugos.lt\/index.php?rest_route=\/wp\/v2\/product"}],"about":[{"href":"https:\/\/apsaugos.lt\/index.php?rest_route=\/wp\/v2\/types\/product"}],"replies":[{"embeddable":true,"href":"https:\/\/apsaugos.lt\/index.php?rest_route=%2Fwp%2Fv2%2Fcomments&post=2238"}],"wp:featuredmedia":[{"embeddable":true,"href":"https:\/\/apsaugos.lt\/index.php?rest_route=\/wp\/v2\/media\/65"}],"wp:attachment":[{"href":"https:\/\/apsaugos.lt\/index.php?rest_route=%2Fwp%2Fv2%2Fmedia&parent=2238"}],"wp:term":[{"taxonomy":"product_brand","embeddable":true,"href":"https:\/\/apsaugos.lt\/index.php?rest_route=%2Fwp%2Fv2%2Fproduct_brand&post=2238"},{"taxonomy":"product_cat","embeddable":true,"href":"https:\/\/apsaugos.lt\/index.php?rest_route=%2Fwp%2Fv2%2Fproduct_cat&post=2238"},{"taxonomy":"product_tag","embeddable":true,"href":"https:\/\/apsaugos.lt\/index.php?rest_route=%2Fwp%2Fv2%2Fproduct_tag&post=2238"}],"curies":[{"name":"wp","href":"https:\/\/api.w.org\/{rel}","templated":true}]}}