{"id":2242,"date":"2021-02-22T12:24:14","date_gmt":"2021-02-22T10:24:14","guid":{"rendered":"http:\/\/apsaugos.lt\/?product=import-placeholder-for-3394"},"modified":"2021-02-22T12:24:19","modified_gmt":"2021-02-22T10:24:19","slug":"hikvision-turbo-hd-ds-2cc12d9t-it3e-f2-8","status":"publish","type":"product","link":"https:\/\/apsaugos.lt\/?product=hikvision-turbo-hd-ds-2cc12d9t-it3e-f2-8","title":{"rendered":"Hikvision Turbo HD DS-2CC12D9T-IT3E F2.8"},"content":{"rendered":"<table border=\"0\">\n<tbody>\n<tr>\n<td colspan=\"2\" bgcolor=\"#bebebe\">Camera<\/td>\n<\/tr>\n<tr>\n<td>Image Sensor<\/td>\n<td>1\/2.5&#8243; Progressive Scan CMOS<\/td>\n<\/tr>\n<tr>\n<td>Min. Illumination<\/td>\n<td>Color: 0.01 Lux @ (F1.2, AGC ON), 0 Lux with IR Color: 0.014 Lux @ (F1.4, AGC ON), 0 Lux with IR<\/td>\n<\/tr>\n<tr>\n<td>Shutter Speed<\/td>\n<td>1\/3 s to 1\/100,000 s<\/td>\n<\/tr>\n<tr>\n<td>Slow Shutter<\/td>\n<td>Support<\/td>\n<\/tr>\n<tr>\n<td>Day &amp; Night<\/td>\n<td>IR Cut Filter<\/td>\n<\/tr>\n<tr>\n<td>Digital Noise Reduction<\/td>\n<td>3D DNR<\/td>\n<\/tr>\n<tr>\n<td>WDR<\/td>\n<td>120dB<\/td>\n<\/tr>\n<tr>\n<td>3-Axis Adjustment<\/td>\n<td>Pan: 0\u00b0 to 360\u00b0, tilt: 0\u00b0 to 90\u00b0, rotate: 0\u00b0 to 360\u00b0<\/td>\n<\/tr>\n<tr>\n<td colspan=\"2\" bgcolor=\"#bebebe\">Lens<\/td>\n<\/tr>\n<tr>\n<td>Focal length<\/td>\n<td>2.8 to 12 mm<\/td>\n<\/tr>\n<tr>\n<td>Aperture<\/td>\n<td>F1.4<\/td>\n<\/tr>\n<tr>\n<td>FOV<\/td>\n<td>Horizontal field of view: 120\u00b0 to 36\u00b0 Vertical field of view: 62\u00b0 to 20.5\u00b0 Diagonal field of view: 149\u00b0 to 42\u00b0<\/td>\n<\/tr>\n<tr>\n<td>Lens Mount<\/td>\n<td>\u03a614<\/td>\n<\/tr>\n<tr>\n<td bgcolor=\"#bebebe\">IR<\/td>\n<td bgcolor=\"#bebebe\"><\/td>\n<\/tr>\n<tr>\n<td>IR Range<\/td>\n<td>Up to 50 m<\/td>\n<\/tr>\n<tr>\n<td>Wavelength<\/td>\n<td>850nm<\/td>\n<\/tr>\n<tr>\n<td bgcolor=\"#bebebe\">Compression Standard<\/td>\n<td bgcolor=\"#bebebe\"><\/td>\n<\/tr>\n<tr>\n<td>Video Compression<\/td>\n<td>Main stream: H.265+\/H.265\/H.264+\/H.264<\/p>\n<p>Sub stream: H.265+\/H.265\/H.264+\/H.264\/MJPEG<\/p>\n<p>Third stream: H.265+\/H.265\/H.264+\/H.264<\/td>\n<\/tr>\n<tr>\n<td>H.264 Type<\/td>\n<td>Main Profile\/High Profile<\/td>\n<\/tr>\n<tr>\n<td>H.265 Type<\/td>\n<td>Main Profile<\/td>\n<\/tr>\n<tr>\n<td>Video Bit Rate<\/td>\n<td>32 Kbps to 16 Mbps<\/td>\n<\/tr>\n<tr>\n<td>Audio Compression<\/td>\n<td>G722.1\/G711ulaw\/G711alaw\/G726\/MP2L2<\/td>\n<\/tr>\n<tr>\n<td>Audio Bit Rate<\/td>\n<td>32 to 128kbps<\/td>\n<\/tr>\n<tr>\n<td bgcolor=\"#bebebe\">Smart Feature-set<\/td>\n<td bgcolor=\"#bebebe\"><\/td>\n<\/tr>\n<tr>\n<td>Behavior Analysis<\/td>\n<td>Line crossing detection, intrusion detection, unattended baggage detection, object removal detection<\/td>\n<\/tr>\n<tr>\n<td>Face Detection<\/td>\n<td>Support<\/td>\n<\/tr>\n<tr>\n<td>Region of Interest<\/td>\n<td>Support 1 fixed region for each stream<\/td>\n<\/tr>\n<tr>\n<td colspan=\"2\" bgcolor=\"#bebebe\">Image<\/td>\n<\/tr>\n<tr>\n<td>Max. Resolution<\/td>\n<td>3840 \u00d7 2160<\/td>\n<\/tr>\n<tr>\n<td>Main Stream<\/td>\n<td>50Hz: 20 fps (3840 \u00d7 2160), 25 fps (2944 \u00d7 1656, 2560 \u00d7 1440, 1920 \u00d7 1080, 1280 \u00d7 720)<\/p>\n<p>60Hz: 20 fps (3840 \u00d7 2160), 30 fps (2944 \u00d7 1656, 2560 \u00d7 1440, 1920 \u00d7 1080, 1280 \u00d7 720)<\/td>\n<\/tr>\n<tr>\n<td>Sub Stream<\/td>\n<td>50Hz: 25fps (640 \u00d7 360, 352 \u00d7 288)<\/p>\n<p>60Hz: 30fps (640 \u00d7 360, 352 \u00d7 240)<\/td>\n<\/tr>\n<tr>\n<td>Third Stream<\/td>\n<td>50Hz: 25fps (1280 \u00d7720, 640 \u00d7 360, 352 \u00d7 288)<\/p>\n<p>60Hz: 30fps (1280 \u00d7720, 640 \u00d7 360, 352 \u00d7 240)<\/td>\n<\/tr>\n<tr>\n<td>Image Enhancement<\/td>\n<td>BLC\/3D DNR<\/td>\n<\/tr>\n<tr>\n<td>Image Setting<\/td>\n<td>Rotate mode, saturation, brightness, contrast, sharpness adjustable by client software or web browser<\/td>\n<\/tr>\n<tr>\n<td>Day\/Night Switch<\/td>\n<td>Auto\/Schedule\/Triggered by Alarm In<\/td>\n<\/tr>\n<tr>\n<td colspan=\"2\" bgcolor=\"#bebebe\">Network<\/td>\n<\/tr>\n<tr>\n<td>Network Storage<\/td>\n<td>Support Micro SD\/SDHC\/SDXC card (128G), local storage and NAS (NFS,SMB\/CIFS), ANR<\/td>\n<\/tr>\n<tr>\n<td>Alarm Trigger<\/td>\n<td>Motion detection, video tampering, network disconnected, IP address conflict, illegal login, HDD full, HDD error, Alarm output, Alarm input<\/td>\n<\/tr>\n<tr>\n<td>Protocols<\/td>\n<td>TCP\/IP, ICMP, HTTP, HTTPS, FTP, DHCP, DNS, DDNS, RTP, RTSP, RTCP, PPPoE, NTP, UPnP, SMTP, SNMP, IGMP, 802.1X, QoS, IPv6, Bonjour<\/td>\n<\/tr>\n<tr>\n<td>General Function<\/td>\n<td>One-key reset, anti-flicker, three streams, heartbeat, password protection, privacy mask, watermark, IP address filter<\/td>\n<\/tr>\n<tr>\n<td>API<\/td>\n<td>ONVIF (PROFILE S, PROFILE G), PSIA, CGI, ISAPI<\/td>\n<\/tr>\n<tr>\n<td>Simultaneous Live View<\/td>\n<td>Up to 6 channels<\/td>\n<\/tr>\n<tr>\n<td>User\/Host<\/td>\n<td>Up to 32 users<\/p>\n<p>3 levels: Administrator, Operator and User<\/td>\n<\/tr>\n<tr>\n<td>Client<\/td>\n<td>iVMS-4200, iVMS-4500, iVMS-5200<\/td>\n<\/tr>\n<tr>\n<td>Web Browser<\/td>\n<td>IE8+, Chrome 31.0-44, Firefox 30.0-51, Safari 8.0+<\/td>\n<\/tr>\n<tr>\n<td bgcolor=\"#bebebe\">Interface<\/td>\n<td bgcolor=\"#bebebe\"><\/td>\n<\/tr>\n<tr>\n<td>Audio<\/td>\n<td>1 input (line in, 3.5 mm), 1 output(3.5 mm), single track<\/td>\n<\/tr>\n<tr>\n<td>Communication Interface<\/td>\n<td>1 RJ45 10M\/100M self-adaptive Ethernet port<\/td>\n<\/tr>\n<tr>\n<td>Alarm<\/td>\n<td>1 input, 1 output (max. 12 VDC, 30 mA)<\/td>\n<\/tr>\n<tr>\n<td>Video Output<\/td>\n<td>1Vp-p composite output (75 \u03a9\/BNC)<\/td>\n<\/tr>\n<tr>\n<td>On-board storage<\/td>\n<td>Built-in Micro SD\/SDHC\/SDXC slot, up to 128 GB<\/td>\n<\/tr>\n<tr>\n<td>SVC<\/td>\n<td>H.264 encoding supports<\/td>\n<\/tr>\n<tr>\n<td>Reset Button<\/td>\n<td>Support<\/td>\n<\/tr>\n<tr>\n<td bgcolor=\"#bebebe\">Audio<\/td>\n<td bgcolor=\"#bebebe\"><\/td>\n<\/tr>\n<tr>\n<td>Environment Noise Filtering<\/td>\n<td>Support<\/td>\n<\/tr>\n<tr>\n<td>Audio Sampling Rate<\/td>\n<td>16 kHz<\/td>\n<\/tr>\n<tr>\n<td colspan=\"2\" bgcolor=\"#bebebe\">General<\/td>\n<\/tr>\n<tr>\n<td>Operating Conditions<\/td>\n<td>-30 \u00b0C to +60 \u00b0C (-22 \u00b0F to +140 \u00b0F), Humidity 95% or less (non-condensing)<\/td>\n<\/tr>\n<tr>\n<td>Power Supply<\/td>\n<td>12 VDC \u00b1 25%, PoE (802.3at)<\/p>\n<p>Terminal block for DC input<\/td>\n<\/tr>\n<tr>\n<td>Power Consumption and Current<\/td>\n<td>12 VDC, 1.5A, max. 17W<\/p>\n<p>PoE (802.3at, 42.5V to 57V), 0.1A to 0.5A, max. 19W<\/td>\n<\/tr>\n<tr>\n<td>Protection Level<\/td>\n<td>IP67, IK10<\/td>\n<\/tr>\n<tr>\n<td>Material<\/td>\n<td>Metal<\/td>\n<\/tr>\n<tr>\n<td>Dimensions<\/td>\n<td>\u03a6144.13\u00d7332.73 mm (\u03a65.67&#8243;\u00d7 13.10&#8243;)<\/td>\n<\/tr>\n<tr>\n<td>Weight<\/td>\n<td>Camera: 1893 g (4.17 lb.)<\/td>\n<\/tr>\n<\/tbody>\n<\/table>\n","protected":false},"excerpt":{"rendered":"<p>2MP bullet Turbo HD kamera, Analogin\u0117 HD i\u0161vestis, iki 1080P rai\u0161ka, 120dB true WDR, Iki 40m EXIR 2.0 pa\u0161vietimas, IP67, Power-over-Coax<\/p>\n","protected":false},"featured_media":154,"comment_status":"closed","ping_status":"closed","template":"","meta":[],"product_brand":[],"product_cat":[61],"product_tag":[32],"class_list":{"0":"post-2242","1":"product","2":"type-product","3":"status-publish","4":"has-post-thumbnail","6":"product_cat-2-mpx-turbo-kameros","7":"product_tag-hikvision","9":"first","10":"instock","11":"sale","12":"shipping-taxable","13":"purchasable","14":"product-type-simple"},"jetpack_sharing_enabled":true,"_links":{"self":[{"href":"https:\/\/apsaugos.lt\/index.php?rest_route=\/wp\/v2\/product\/2242","targetHints":{"allow":["GET"]}}],"collection":[{"href":"https:\/\/apsaugos.lt\/index.php?rest_route=\/wp\/v2\/product"}],"about":[{"href":"https:\/\/apsaugos.lt\/index.php?rest_route=\/wp\/v2\/types\/product"}],"replies":[{"embeddable":true,"href":"https:\/\/apsaugos.lt\/index.php?rest_route=%2Fwp%2Fv2%2Fcomments&post=2242"}],"wp:featuredmedia":[{"embeddable":true,"href":"https:\/\/apsaugos.lt\/index.php?rest_route=\/wp\/v2\/media\/154"}],"wp:attachment":[{"href":"https:\/\/apsaugos.lt\/index.php?rest_route=%2Fwp%2Fv2%2Fmedia&parent=2242"}],"wp:term":[{"taxonomy":"product_brand","embeddable":true,"href":"https:\/\/apsaugos.lt\/index.php?rest_route=%2Fwp%2Fv2%2Fproduct_brand&post=2242"},{"taxonomy":"product_cat","embeddable":true,"href":"https:\/\/apsaugos.lt\/index.php?rest_route=%2Fwp%2Fv2%2Fproduct_cat&post=2242"},{"taxonomy":"product_tag","embeddable":true,"href":"https:\/\/apsaugos.lt\/index.php?rest_route=%2Fwp%2Fv2%2Fproduct_tag&post=2242"}],"curies":[{"name":"wp","href":"https:\/\/api.w.org\/{rel}","templated":true}]}}