{"id":2250,"date":"2021-02-22T12:24:15","date_gmt":"2021-02-22T10:24:15","guid":{"rendered":"http:\/\/apsaugos.lt\/?product=import-placeholder-for-3405"},"modified":"2021-02-22T12:24:20","modified_gmt":"2021-02-22T10:24:20","slug":"hikvision-ds-7204hqhi-k1","status":"publish","type":"product","link":"https:\/\/apsaugos.lt\/?product=hikvision-ds-7204hqhi-k1","title":{"rendered":"Hikvision DS-7204HQHI-K1"},"content":{"rendered":"<table border=\"0\" cellspacing=\"0\">\n<tbody>\n<tr>\n<td bgcolor=\"#bebebe\">odel<\/td>\n<td bgcolor=\"#bebebe\"><\/td>\n<td bgcolor=\"#bebebe\">DS-7204HQHI-K1<\/td>\n<td bgcolor=\"#bebebe\">DS-7208HQHI-K1<\/td>\n<td bgcolor=\"#bebebe\">DS-7216HQHI-K1<\/td>\n<\/tr>\n<tr>\n<td rowspan=\"12\" bgcolor=\"#bebebe\">Video\/Audio input<\/td>\n<td>Video<\/p>\n<p>compression<\/td>\n<td colspan=\"3\">H.265+\/H.265\/H.264+\/H.264<\/td>\n<\/tr>\n<tr>\n<td rowspan=\"2\">Analog video input<\/td>\n<td>4-ch<\/td>\n<td>8-ch<\/td>\n<td>16-ch<\/td>\n<\/tr>\n<tr>\n<td colspan=\"3\">BNC interface (1.0 Vp-p, 75 \u03a9), supporting coaxitron connection<\/td>\n<\/tr>\n<tr>\n<td>HDTVI input<\/td>\n<td colspan=\"3\">3 MP, 1080p30, 1080p25, 720p60, 720p50, 720p30, 720p25<\/p>\n<p>Note: The 3 MP signal input is only available for channel 1 of DS-7204HQHI-K1, for channel 1\/2 of DS-7208HQHI-K1, and for channel 1\/2\/3\/4 of DS-7216HQHI-K1.<\/td>\n<\/tr>\n<tr>\n<td>AHD input<\/td>\n<td colspan=\"3\">1080p25, 1080p30, 720p25, 720p30<\/td>\n<\/tr>\n<tr>\n<td>HDCVI input<\/td>\n<td colspan=\"3\">1080p25, 1080p30, 720p25, 720p30<\/td>\n<\/tr>\n<tr>\n<td>CVBS input<\/td>\n<td colspan=\"3\">PAL\/NTSC<\/td>\n<\/tr>\n<tr>\n<td rowspan=\"3\">IP video input<\/td>\n<td>1-ch<\/td>\n<td>2-ch<\/td>\n<td>2-ch<\/td>\n<\/tr>\n<tr>\n<td colspan=\"3\">Up to 4 MP resolution<\/td>\n<\/tr>\n<tr>\n<td colspan=\"3\">Supports H.265+\/H.265\/H.264+\/H.264 IP cameras<\/td>\n<\/tr>\n<tr>\n<td>Audio<\/p>\n<p>compression<\/td>\n<td colspan=\"3\">G.711u<\/td>\n<\/tr>\n<tr>\n<td>Audio input<\/td>\n<td colspan=\"3\">1-ch, RCA (2.0 Vp-p, 1 K\u03a9)<\/td>\n<\/tr>\n<tr>\n<td rowspan=\"11\" bgcolor=\"#bebebe\">Video\/Audio output<\/td>\n<td>CVBS output<\/td>\n<td colspan=\"3\">1-ch, BNC (1.0 Vp-p, 75 \u03a9), resolution: PAL: 704 \u00d7 576, NTSC: 704 \u00d7 480<\/td>\n<\/tr>\n<tr>\n<td>HDMI\/VGA<\/p>\n<p>output<\/td>\n<td colspan=\"2\">1-ch, 1920 \u00d7 1080\/60Hz, 1280 \u00d7 1024\/60Hz, 1280 \u00d7<\/p>\n<p>720\/60Hz, 1024 \u00d7 768\/60Hz<\/td>\n<td>VGA: 1-ch, 1920 \u00d7 1080\/60Hz, 1280 \u00d7<\/p>\n<p>1024\/60Hz, 1280 \u00d7<\/p>\n<p>720\/60Hz, 1024 \u00d7 768\/60Hz\u00a0<strong>HDMI<\/strong>: 1-ch, 4K (3840 \u00d7 2160)\/30Hz, 2K (2560 \u00d7<\/p>\n<p>1440)\/60Hz, 1920 \u00d7<\/p>\n<p>1080\/60Hz, 1280 \u00d7<\/p>\n<p>1024\/60Hz, 1280 \u00d7<\/p>\n<p>720\/60Hz, 1024 \u00d7 768\/60Hz<\/td>\n<\/tr>\n<tr>\n<td>Encoding resolution<\/td>\n<td colspan=\"3\">When 1080p Lite mode not enabled: 3 MP\/1080p\/720p\/VGA\/WD1\/4CIF\/CIF; When 1080p Lite mode enabled: 3 MP\/1080p lite\/720p lite\/VGA\/WD1\/4CIF\/CIF<\/td>\n<\/tr>\n<tr>\n<td rowspan=\"2\">Frame rate<\/td>\n<td colspan=\"3\">Main stream:<\/p>\n<p>When 1080p Lite mode not enabled:<\/p>\n<p>For 3 MP stream access: 3 MP\/1080p\/720p\/VGA\/WD1\/4CIF\/CIF@15fps<\/p>\n<p>For 1080p stream access: 1080p\/720p@15fps; VGA\/WD1\/4CIF\/CIF@25fps (P)\/30fps (N) For 720p stream access: 720p\/VGA\/WD1\/4CIF\/CIF@25fps (P)\/30fps (N)<\/p>\n<p>When 1080p Lite mode enabled: 3 MP@15fps<\/p>\n<p>1080p lite\/720p lite\/VGA\/WD1\/4CIF\/CIF@25fps (P)\/30fps (N)<\/td>\n<\/tr>\n<tr>\n<td colspan=\"3\">Sub-stream:<\/p>\n<p>WD1\/4CIF@12fps; CIF@25fps (P)\/30fps (N)<\/td>\n<\/tr>\n<tr>\n<td>Video bit rate<\/td>\n<td colspan=\"3\">32 Kbps to 6 Mbps<\/td>\n<\/tr>\n<tr>\n<td>Audio output<\/td>\n<td colspan=\"3\">1-ch, RCA (Linear, 1 K\u03a9)<\/td>\n<\/tr>\n<tr>\n<td>Audio bit rate<\/td>\n<td colspan=\"3\">64 Kbps<\/td>\n<\/tr>\n<tr>\n<td>Dual stream<\/td>\n<td colspan=\"3\">Support<\/td>\n<\/tr>\n<tr>\n<td>Stream type<\/td>\n<td colspan=\"3\">Video, Video &amp; Audio<\/td>\n<\/tr>\n<tr>\n<td>Synchronous playback<\/td>\n<td>4-ch<\/td>\n<td>8-ch<\/td>\n<td>16-ch<\/td>\n<\/tr>\n<tr>\n<td rowspan=\"2\" bgcolor=\"#bebebe\">Network management<\/td>\n<td>Remote connections<\/td>\n<td colspan=\"3\">128<\/td>\n<\/tr>\n<tr>\n<td>Network<\/p>\n<p>protocols<\/td>\n<td colspan=\"3\">TCP\/IP, PPPoE, DHCP, Hik-Connect, DNS, DDNS, NTP, SADP, NFS, iSCSI, UPnP\u2122, HTTPS, ONVIF<\/td>\n<\/tr>\n<tr>\n<td rowspan=\"2\" bgcolor=\"#bebebe\">Hard disk<\/td>\n<td>SATA<\/td>\n<td colspan=\"3\">1 SATA interface<\/td>\n<\/tr>\n<tr>\n<td>Capacity<\/td>\n<td colspan=\"3\">Up to 6 TB capacity for each disk<\/td>\n<\/tr>\n<tr>\n<td rowspan=\"4\" bgcolor=\"#bebebe\">External interface<\/td>\n<td>Two-way audio input<\/td>\n<td colspan=\"3\">1-ch, RCA (2.0 Vp-p, 1 K\u03a9) (using the 1st audio input)<\/td>\n<\/tr>\n<tr>\n<td>Network interface<\/td>\n<td colspan=\"2\">1, RJ45 10M\/100M self-adaptive Ethernet interface<\/td>\n<td>1, RJ45 10M\/100M\/1000M<\/p>\n<p>self-adaptive Ethernet interface<\/td>\n<\/tr>\n<tr>\n<td>USB interface<\/td>\n<td colspan=\"2\">2 \u00d7 USB 2.0<\/td>\n<td>Front panel: 1 \u00d7 USB 2.0<\/p>\n<p>Rear panel: 1 \u00d7 USB 3.0<\/td>\n<\/tr>\n<tr>\n<td>Serial interface<\/td>\n<td colspan=\"3\">RS-485 (half-duplex)<\/td>\n<\/tr>\n<tr>\n<td rowspan=\"6\" bgcolor=\"#bebebe\">General<\/td>\n<td>Power supply<\/td>\n<td colspan=\"3\">12 VDC<\/td>\n<\/tr>\n<tr>\n<td>Consumption (without HDD)<\/td>\n<td>\u2264 6 W<\/td>\n<td>\u2264 7.5 W<\/td>\n<td>\u2264 25 W<\/td>\n<\/tr>\n<tr>\n<td>Working<\/p>\n<p>temperature<\/td>\n<td colspan=\"3\">-10 \u00baC to +55 \u00baC (+14 \u00baF to +131 \u00baF)<\/td>\n<\/tr>\n<tr>\n<td>Working<\/p>\n<p>humidity<\/td>\n<td colspan=\"3\">10% to 90%<\/td>\n<\/tr>\n<tr>\n<td>Dimensions<\/p>\n<p>(W \u00d7 D \u00d7 H)<\/td>\n<td colspan=\"3\">315 \u00d7 242 \u00d7 45 mm (12.4 \u00d7 9.5 \u00d7 1.8 inch)<\/td>\n<\/tr>\n<tr>\n<td>Weight (without HDD)<\/td>\n<td>\u2264 1.16 kg (2.6 lb)<\/td>\n<td>\u2264 1.78 kg (3.9 lb)<\/td>\n<td>\u2264 2 kg (4.4 lb)<\/td>\n<\/tr>\n<\/tbody>\n<\/table>\n","protected":false},"excerpt":{"rendered":"<p>4 kanalai, \u012fra\u0161ymas iki 3MP, 1 kanalas iki 4 MP IP kameroms, H.265+\/H.265\/H.264+\/H.264, 1 HDD iki 6TB, Palaiko real-time 1080p , Audio IN, Smart funkcijos.<\/p>\n","protected":false},"featured_media":157,"comment_status":"closed","ping_status":"closed","template":"","meta":[],"product_brand":[],"product_cat":[63],"product_tag":[32],"class_list":{"0":"post-2250","1":"product","2":"type-product","3":"status-publish","4":"has-post-thumbnail","6":"product_cat-dvr-4-kanalu","7":"product_tag-hikvision","9":"first","10":"instock","11":"shipping-taxable","12":"purchasable","13":"product-type-simple"},"jetpack_sharing_enabled":true,"_links":{"self":[{"href":"https:\/\/apsaugos.lt\/index.php?rest_route=\/wp\/v2\/product\/2250","targetHints":{"allow":["GET"]}}],"collection":[{"href":"https:\/\/apsaugos.lt\/index.php?rest_route=\/wp\/v2\/product"}],"about":[{"href":"https:\/\/apsaugos.lt\/index.php?rest_route=\/wp\/v2\/types\/product"}],"replies":[{"embeddable":true,"href":"https:\/\/apsaugos.lt\/index.php?rest_route=%2Fwp%2Fv2%2Fcomments&post=2250"}],"wp:featuredmedia":[{"embeddable":true,"href":"https:\/\/apsaugos.lt\/index.php?rest_route=\/wp\/v2\/media\/157"}],"wp:attachment":[{"href":"https:\/\/apsaugos.lt\/index.php?rest_route=%2Fwp%2Fv2%2Fmedia&parent=2250"}],"wp:term":[{"taxonomy":"product_brand","embeddable":true,"href":"https:\/\/apsaugos.lt\/index.php?rest_route=%2Fwp%2Fv2%2Fproduct_brand&post=2250"},{"taxonomy":"product_cat","embeddable":true,"href":"https:\/\/apsaugos.lt\/index.php?rest_route=%2Fwp%2Fv2%2Fproduct_cat&post=2250"},{"taxonomy":"product_tag","embeddable":true,"href":"https:\/\/apsaugos.lt\/index.php?rest_route=%2Fwp%2Fv2%2Fproduct_tag&post=2250"}],"curies":[{"name":"wp","href":"https:\/\/api.w.org\/{rel}","templated":true}]}}