{"id":2306,"date":"2021-02-22T12:24:33","date_gmt":"2021-02-22T10:24:33","guid":{"rendered":"http:\/\/apsaugos.lt\/?product=import-placeholder-for-3527"},"modified":"2021-02-22T12:24:37","modified_gmt":"2021-02-22T10:24:37","slug":"uhf-skaitytuvas-ssg-dns-15m-nuskaitymo-atstumas-iki-15-m","status":"publish","type":"product","link":"https:\/\/apsaugos.lt\/?product=uhf-skaitytuvas-ssg-dns-15m-nuskaitymo-atstumas-iki-15-m","title":{"rendered":"UHF skaitytuvas SSG-DNS-15M nuskaitymo atstumas iki 15 m"},"content":{"rendered":"<p>Veikimo da\u017enis : 902 &#8211; 928MHZ<br \/>\nI\u0161\u0117jimo protokolas &#8211; Wiegand 26\/34;<br \/>\nS\u0105sajos tipas : RS-232, RS-485, Wiegand<br \/>\nProtokolas : ISO18000-6C\/EPC Gen2 ,ISO18000-6B<br \/>\nNaudojimo temperat\u016bra: -35\u00b0~ +60 \u00b0<br \/>\nMatmenys : 445mmx445mmx55mm<\/p>\n<p>&nbsp;<\/p>\n<div class=\"fb-post\" data-href=\"https:\/\/www.facebook.com\/ssgrupe.lt\/photos\/a.679562678874908\/1089752417855930\/?type=3&#038;theater\" data-width=\"552\" style=\"background-color: #fff; display: inline-block;\"><\/div>\n","protected":false},"excerpt":{"rendered":"<p>UHF skaitytuvai transporto kontrolei. Puikus sprendimas nedideli\u0173 saugom\u0173 aik\u0161teli\u0173 kontroliavimui. Pritaikyti Lietuvi\u0161kam klimatui.<\/p>\n","protected":false},"featured_media":253,"comment_status":"closed","ping_status":"closed","template":"","meta":[],"product_brand":[],"product_cat":[91,92],"product_tag":[26,93,207,94],"class_list":{"0":"post-2306","1":"product","2":"type-product","3":"status-publish","4":"has-post-thumbnail","6":"product_cat-uhf-didelio-atstumo-skaitytuvai","7":"product_cat-uhf-didelio-atstumo-skaitytuvai-praejimo-kontrole","8":"product_tag-praejimo-kontrole","9":"product_tag-uhf","10":"product_tag-uhf-pravaziavimo-kontrole","11":"product_tag-uhf-skaitytuvas","13":"first","14":"instock","15":"shipping-taxable","16":"purchasable","17":"product-type-simple"},"jetpack_sharing_enabled":true,"_links":{"self":[{"href":"https:\/\/apsaugos.lt\/index.php?rest_route=\/wp\/v2\/product\/2306","targetHints":{"allow":["GET"]}}],"collection":[{"href":"https:\/\/apsaugos.lt\/index.php?rest_route=\/wp\/v2\/product"}],"about":[{"href":"https:\/\/apsaugos.lt\/index.php?rest_route=\/wp\/v2\/types\/product"}],"replies":[{"embeddable":true,"href":"https:\/\/apsaugos.lt\/index.php?rest_route=%2Fwp%2Fv2%2Fcomments&post=2306"}],"wp:featuredmedia":[{"embeddable":true,"href":"https:\/\/apsaugos.lt\/index.php?rest_route=\/wp\/v2\/media\/253"}],"wp:attachment":[{"href":"https:\/\/apsaugos.lt\/index.php?rest_route=%2Fwp%2Fv2%2Fmedia&parent=2306"}],"wp:term":[{"taxonomy":"product_brand","embeddable":true,"href":"https:\/\/apsaugos.lt\/index.php?rest_route=%2Fwp%2Fv2%2Fproduct_brand&post=2306"},{"taxonomy":"product_cat","embeddable":true,"href":"https:\/\/apsaugos.lt\/index.php?rest_route=%2Fwp%2Fv2%2Fproduct_cat&post=2306"},{"taxonomy":"product_tag","embeddable":true,"href":"https:\/\/apsaugos.lt\/index.php?rest_route=%2Fwp%2Fv2%2Fproduct_tag&post=2306"}],"curies":[{"name":"wp","href":"https:\/\/api.w.org\/{rel}","templated":true}]}}