{"id":2322,"date":"2021-02-22T12:24:41","date_gmt":"2021-02-22T10:24:41","guid":{"rendered":"http:\/\/apsaugos.lt\/?product=import-placeholder-for-3551"},"modified":"2021-02-22T12:24:44","modified_gmt":"2021-02-22T10:24:44","slug":"indukcinis-detektorius-ssg-dsg01-1-kilpos","status":"publish","type":"product","link":"https:\/\/apsaugos.lt\/?product=indukcinis-detektorius-ssg-dsg01-1-kilpos","title":{"rendered":"Indukcinis detektorius SSG-DSG01 (1 kilpos)"},"content":{"rendered":"<p>Maitinimo \u012ftampa : 12V 24 V<br \/>\nKilpos induktyvumas : 50\u03bcH ~ 800\u03bcH<br \/>\nDarbinis da\u017enis : 20kHz ~ 130kHz<br \/>\nJautrumo reguliavimas : 4 lygiai<br \/>\nI\u0161matavimai : 79\u00d722.5\u00d790mm<\/p>\n","protected":false},"excerpt":{"rendered":"<p>Maitinimo \u012ftampa : 12V 24 V Kilpos induktyvumas : 50\u03bcH ~ 800\u03bcH Darbinis da\u017enis : 20kHz ~ 130kHz Jautrumo reguliavimas : 4 lygiai I\u0161matavimai : 79\u00d722.5\u00d790mm<\/p>\n","protected":false},"featured_media":298,"comment_status":"closed","ping_status":"closed","template":"","meta":[],"product_brand":[],"product_cat":[99],"product_tag":[],"class_list":{"0":"post-2322","1":"product","2":"type-product","3":"status-publish","4":"has-post-thumbnail","6":"product_cat-indukcines-kilpos","8":"first","9":"instock","10":"shipping-taxable","11":"purchasable","12":"product-type-simple"},"jetpack_sharing_enabled":true,"_links":{"self":[{"href":"https:\/\/apsaugos.lt\/index.php?rest_route=\/wp\/v2\/product\/2322","targetHints":{"allow":["GET"]}}],"collection":[{"href":"https:\/\/apsaugos.lt\/index.php?rest_route=\/wp\/v2\/product"}],"about":[{"href":"https:\/\/apsaugos.lt\/index.php?rest_route=\/wp\/v2\/types\/product"}],"replies":[{"embeddable":true,"href":"https:\/\/apsaugos.lt\/index.php?rest_route=%2Fwp%2Fv2%2Fcomments&post=2322"}],"wp:featuredmedia":[{"embeddable":true,"href":"https:\/\/apsaugos.lt\/index.php?rest_route=\/wp\/v2\/media\/298"}],"wp:attachment":[{"href":"https:\/\/apsaugos.lt\/index.php?rest_route=%2Fwp%2Fv2%2Fmedia&parent=2322"}],"wp:term":[{"taxonomy":"product_brand","embeddable":true,"href":"https:\/\/apsaugos.lt\/index.php?rest_route=%2Fwp%2Fv2%2Fproduct_brand&post=2322"},{"taxonomy":"product_cat","embeddable":true,"href":"https:\/\/apsaugos.lt\/index.php?rest_route=%2Fwp%2Fv2%2Fproduct_cat&post=2322"},{"taxonomy":"product_tag","embeddable":true,"href":"https:\/\/apsaugos.lt\/index.php?rest_route=%2Fwp%2Fv2%2Fproduct_tag&post=2322"}],"curies":[{"name":"wp","href":"https:\/\/api.w.org\/{rel}","templated":true}]}}