{"id":2330,"date":"2021-02-22T12:24:42","date_gmt":"2021-02-22T10:24:42","guid":{"rendered":"http:\/\/apsaugos.lt\/?product=import-placeholder-for-3570"},"modified":"2021-02-22T12:24:45","modified_gmt":"2021-02-22T10:24:45","slug":"lempa-mp205","status":"publish","type":"product","link":"https:\/\/apsaugos.lt\/?product=lempa-mp205","title":{"rendered":"Lempa MP205"},"content":{"rendered":"<p>Universali \u0161viesos diod\u0173 lempa<br \/>\nSuderinamas su vis\u0173 tip\u0173 valdymo plok\u0161t\u0117mis<br \/>\n2 \u0161vietimo r\u0117\u017eimai: mirksinti ir pastovi \u0161viesa<\/p>\n<p>Pajungimo kontaktai: 12V\/24v\/230V<\/p>\n","protected":false},"excerpt":{"rendered":"<p>Universali \u0161viesos diod\u0173 lempa Suderinamas su vis\u0173 tip\u0173 valdymo plok\u0161t\u0117mis 2 \u0161vietimo r\u0117\u017eimai: mirksinti ir pastovi \u0161viesa Pajungimo kontaktai: 12V\/24v\/230V<\/p>\n","protected":false},"featured_media":305,"comment_status":"closed","ping_status":"closed","template":"","meta":[],"product_brand":[],"product_cat":[105],"product_tag":[],"class_list":{"0":"post-2330","1":"product","2":"type-product","3":"status-publish","4":"has-post-thumbnail","6":"product_cat-priedai","8":"first","9":"instock","10":"shipping-taxable","11":"purchasable","12":"product-type-simple"},"jetpack_sharing_enabled":true,"_links":{"self":[{"href":"https:\/\/apsaugos.lt\/index.php?rest_route=\/wp\/v2\/product\/2330","targetHints":{"allow":["GET"]}}],"collection":[{"href":"https:\/\/apsaugos.lt\/index.php?rest_route=\/wp\/v2\/product"}],"about":[{"href":"https:\/\/apsaugos.lt\/index.php?rest_route=\/wp\/v2\/types\/product"}],"replies":[{"embeddable":true,"href":"https:\/\/apsaugos.lt\/index.php?rest_route=%2Fwp%2Fv2%2Fcomments&post=2330"}],"wp:featuredmedia":[{"embeddable":true,"href":"https:\/\/apsaugos.lt\/index.php?rest_route=\/wp\/v2\/media\/305"}],"wp:attachment":[{"href":"https:\/\/apsaugos.lt\/index.php?rest_route=%2Fwp%2Fv2%2Fmedia&parent=2330"}],"wp:term":[{"taxonomy":"product_brand","embeddable":true,"href":"https:\/\/apsaugos.lt\/index.php?rest_route=%2Fwp%2Fv2%2Fproduct_brand&post=2330"},{"taxonomy":"product_cat","embeddable":true,"href":"https:\/\/apsaugos.lt\/index.php?rest_route=%2Fwp%2Fv2%2Fproduct_cat&post=2330"},{"taxonomy":"product_tag","embeddable":true,"href":"https:\/\/apsaugos.lt\/index.php?rest_route=%2Fwp%2Fv2%2Fproduct_tag&post=2330"}],"curies":[{"name":"wp","href":"https:\/\/api.w.org\/{rel}","templated":true}]}}