{"id":2332,"date":"2021-02-22T12:24:42","date_gmt":"2021-02-22T10:24:42","guid":{"rendered":"http:\/\/apsaugos.lt\/?product=import-placeholder-for-3575"},"modified":"2021-02-22T12:24:45","modified_gmt":"2021-02-22T10:24:45","slug":"eldes-esim320-nuotolinis-vartu-valdiklis","status":"publish","type":"product","link":"https:\/\/apsaugos.lt\/?product=eldes-esim320-nuotolinis-vartu-valdiklis","title":{"rendered":"ELDES ESIM320 nuotolinis vart\u0173 valdiklis"},"content":{"rendered":"<ul>\n<li>Rankinis i\u0161\u0117jim\u0173 valdymas nemokamu skambu\u010diu. Automatinis i\u0161\u0117jimo valdymas pagal nustatyt\u0105 tvarkara\u0161t\u012f. Automatinis datos ir laiko sinchronizavimas.<\/li>\n<li>Iki 5 vartotoj\u0173 telefono numeri\u0173 sistemos konfig\u016bravimu SMS \u017einut\u0117mis, \u012f\u0117jim\u0173 alarmo SMS \u017einu\u010di\u0173 ir skambu\u010di\u0173 pri\u0117mimui, i\u0161\u0117jim\u0173 valdymui SMS \u017einute ir nemokamu skambu\u010diu.<\/li>\n<li>Vartotoj\u0173 duomen\u0173 baz\u0117s talpa \u2013 iki 2000 vartotoj\u0173, turin\u010di\u0173 teis\u0119 valdyti i\u0161\u0117jimus nemokamu skambu\u010diu.<\/li>\n<li>Vartotojo telefono numerio galiojimo ribojimas pagal nustatyt\u0105 termin\u0105 (dat\u0105\/laik\u0105) ar skambu\u010di\u0173 kiek\u012f, skambinant sistemos telefono numeriu.<\/li>\n<li>I\u0161\u0117jimo valdymo ribojimas vartotojams pagal tiksliai nustatyt\u0105 laik\u0105 ir savait\u0117s dien\u0105.<\/li>\n<li>1000 \u012fra\u0161\u0173 talpos \u012fvyki\u0173 s\u0105ra\u0161as, kuriame pateikiama tiksli \u012fvykio data ir laikas bei administratoriaus\/vartotojo, vald\u017eiusio i\u0161\u0117jim\u0105, telefono numeris ir vartotojo vardas.<\/li>\n<li>3 \u012f\u0117jimai su redaguojamais aliarmo \u017einu\u010di\u0173 tekstais apie vart\u0173 b\u016bsen\u0105 ar vartams skirtus tekstus.<\/li>\n<li>Periodinis sistemos savitikros prane\u0161imas, siun\u010diamas SMS \u017einute vartotojo telefono numeriu.<\/li>\n<\/ul>\n","protected":false},"excerpt":{"rendered":"<p>Vart\u0173 valdymas balso skambu\u010diu, SMS \u017einute, i\u0161maniojo telefono program\u0117le ar interneto pagalba, ESIM320 \u2013 rel\u0117-automatini\u0173 vart\u0173 valdiklis, suteikiantis galimyb\u0119 valdyti automatinius vartus, kelio u\u017etvarus ar GSM tiklo pagalba nuotoliniu b\u016bdu \u012fjungti\/i\u0161jungti elektronin\u012f \u012frengin\u012f, ESIM320 sukurtas kelio u\u017etvarams, ta\u010diau turi ir platesni\u0173 panaudojimo galimybi\u0173, Du valdiklio i\u0161\u0117jimai leid\u017eia atidaryti \/ u\u017edaryti dvejus gara\u017eo vartus arba vartus ir duris, arba bet kok\u012f elektronin\u012f \u012ftais\u0105, Trys \u012f\u0117jimai gali b\u016bti nustatyti taip, kad reikiamu atveju informuot\u0173 administratori\u0173, ESIM320 palaiko iki 2000 vartotoj\u0173, juos galima administruoti naudojant ELDES Cloud services \u012frankius, ELDES Configuration Tool arba SMS \u017einutes<\/p>\n","protected":false},"featured_media":307,"comment_status":"closed","ping_status":"closed","template":"","meta":[],"product_brand":[],"product_cat":[106],"product_tag":[107,108,109],"class_list":{"0":"post-2332","1":"product","2":"type-product","3":"status-publish","4":"has-post-thumbnail","6":"product_cat-gsm-valdymas","7":"product_tag-eldes","8":"product_tag-gsm-valdymas","9":"product_tag-kelio-uztvaras","11":"first","12":"instock","13":"shipping-taxable","14":"purchasable","15":"product-type-simple"},"jetpack_sharing_enabled":true,"_links":{"self":[{"href":"https:\/\/apsaugos.lt\/index.php?rest_route=\/wp\/v2\/product\/2332","targetHints":{"allow":["GET"]}}],"collection":[{"href":"https:\/\/apsaugos.lt\/index.php?rest_route=\/wp\/v2\/product"}],"about":[{"href":"https:\/\/apsaugos.lt\/index.php?rest_route=\/wp\/v2\/types\/product"}],"replies":[{"embeddable":true,"href":"https:\/\/apsaugos.lt\/index.php?rest_route=%2Fwp%2Fv2%2Fcomments&post=2332"}],"wp:featuredmedia":[{"embeddable":true,"href":"https:\/\/apsaugos.lt\/index.php?rest_route=\/wp\/v2\/media\/307"}],"wp:attachment":[{"href":"https:\/\/apsaugos.lt\/index.php?rest_route=%2Fwp%2Fv2%2Fmedia&parent=2332"}],"wp:term":[{"taxonomy":"product_brand","embeddable":true,"href":"https:\/\/apsaugos.lt\/index.php?rest_route=%2Fwp%2Fv2%2Fproduct_brand&post=2332"},{"taxonomy":"product_cat","embeddable":true,"href":"https:\/\/apsaugos.lt\/index.php?rest_route=%2Fwp%2Fv2%2Fproduct_cat&post=2332"},{"taxonomy":"product_tag","embeddable":true,"href":"https:\/\/apsaugos.lt\/index.php?rest_route=%2Fwp%2Fv2%2Fproduct_tag&post=2332"}],"curies":[{"name":"wp","href":"https:\/\/api.w.org\/{rel}","templated":true}]}}