{"id":2343,"date":"2021-02-22T12:24:43","date_gmt":"2021-02-22T10:24:43","guid":{"rendered":"http:\/\/apsaugos.lt\/?product=import-placeholder-for-3597"},"modified":"2021-02-22T12:24:47","modified_gmt":"2021-02-22T10:24:47","slug":"paradox-sp4000","status":"publish","type":"product","link":"https:\/\/apsaugos.lt\/?product=paradox-sp4000","title":{"rendered":"Paradox SP4000"},"content":{"rendered":"<table border=\"1\">\n<tbody>\n<tr>\n<td align=\"center\">\n<div align=\"center\">\n<div align=\"center\">\n<div align=\"center\">\n<div align=\"center\">\n<div align=\"center\"><span style=\"color: #505050;\">Pavadinimas<\/span><\/div>\n<\/div>\n<\/div>\n<\/div>\n<\/div>\n<\/td>\n<td align=\"center\"><span style=\"color: #505050;\">SP4000<\/span><\/td>\n<\/tr>\n<tr>\n<td align=\"center\"><span style=\"color: #505050;\">Zonos<\/span><\/td>\n<td align=\"center\"><span style=\"color: #505050;\">4 (8 zonos, naudojant ATZ)\u00a0<\/span><\/td>\n<\/tr>\n<tr>\n<td align=\"center\"><span style=\"color: #505050;\">Zon\u0173 i\u0161pl\u0117timas iki<\/span><\/td>\n<td align=\"center\"><span style=\"color: #505050;\">32<\/span><\/td>\n<\/tr>\n<tr>\n<td align=\"center\"><span style=\"color: #505050;\">PGM i\u0161\u0117jimai<\/span><\/td>\n<td align=\"center\"><span style=\"color: #505050;\">1<\/span><\/td>\n<\/tr>\n<tr>\n<td align=\"center\"><span style=\"color: #505050;\">PGM i\u0161pl\u0117timas iki<\/span><\/td>\n<td align=\"center\"><span style=\"color: #505050;\">16<\/span><\/td>\n<\/tr>\n<tr>\n<td align=\"center\"><span style=\"color: #505050;\">Palaikomos klaviat\u016bros<\/span><\/td>\n<td align=\"center\"><span style=\"color: #505050;\">15<\/span><\/td>\n<\/tr>\n<tr>\n<td align=\"center\"><span style=\"color: #505050;\">Palaikomi belaid\u0117s \u012frangos imtuva<\/span><\/td>\n<td align=\"center\"><span style=\"color: #505050;\">4<\/span><\/td>\n<\/tr>\n<tr>\n<td align=\"center\"><span style=\"color: #505050;\">Vartotojo kodai<\/span><\/td>\n<td align=\"center\"><span style=\"color: #505050;\">32<\/span><\/td>\n<\/tr>\n<tr>\n<td align=\"center\"><span style=\"color: #505050;\">Sritys<\/span><\/td>\n<td align=\"center\"><span style=\"color: #505050;\">2<\/span><\/td>\n<\/tr>\n<tr>\n<td align=\"center\"><span style=\"color: #505050;\">\u012evykiai atmintyje<\/span><\/td>\n<td align=\"center\"><span style=\"color: #505050;\">254<\/span><\/td>\n<\/tr>\n<tr>\n<td align=\"center\"><span style=\"color: #505050;\">Komplektacija<\/span><\/td>\n<td align=\"center\"><span style=\"color: #505050;\">Central\u0117s plok\u0161t\u0117<\/span><\/td>\n<\/tr>\n<\/tbody>\n<\/table>\n","protected":false},"excerpt":{"rendered":"<p>Palaiko StayD re\u017eim\u0105;<\/p>\n<p>Palaiko PCS modulius;<\/p>\n<p>Palaiko IP100 Interneto modul\u012f;<\/p>\n<p>Programavimo meniu adaptuotas Instaliacijos, Meistro ir Pre\u017ei\u016bros kodams;<\/p>\n<p>Automatin\u0117 vasaros laiko funkcija.<\/p>\n","protected":false},"featured_media":317,"comment_status":"closed","ping_status":"closed","template":"","meta":[],"product_brand":[],"product_cat":[115],"product_tag":[116],"class_list":{"0":"post-2343","1":"product","2":"type-product","3":"status-publish","4":"has-post-thumbnail","6":"product_cat-paradox-centrales","7":"product_tag-paradox","9":"first","10":"instock","11":"shipping-taxable","12":"purchasable","13":"product-type-simple"},"jetpack_sharing_enabled":true,"_links":{"self":[{"href":"https:\/\/apsaugos.lt\/index.php?rest_route=\/wp\/v2\/product\/2343","targetHints":{"allow":["GET"]}}],"collection":[{"href":"https:\/\/apsaugos.lt\/index.php?rest_route=\/wp\/v2\/product"}],"about":[{"href":"https:\/\/apsaugos.lt\/index.php?rest_route=\/wp\/v2\/types\/product"}],"replies":[{"embeddable":true,"href":"https:\/\/apsaugos.lt\/index.php?rest_route=%2Fwp%2Fv2%2Fcomments&post=2343"}],"wp:featuredmedia":[{"embeddable":true,"href":"https:\/\/apsaugos.lt\/index.php?rest_route=\/wp\/v2\/media\/317"}],"wp:attachment":[{"href":"https:\/\/apsaugos.lt\/index.php?rest_route=%2Fwp%2Fv2%2Fmedia&parent=2343"}],"wp:term":[{"taxonomy":"product_brand","embeddable":true,"href":"https:\/\/apsaugos.lt\/index.php?rest_route=%2Fwp%2Fv2%2Fproduct_brand&post=2343"},{"taxonomy":"product_cat","embeddable":true,"href":"https:\/\/apsaugos.lt\/index.php?rest_route=%2Fwp%2Fv2%2Fproduct_cat&post=2343"},{"taxonomy":"product_tag","embeddable":true,"href":"https:\/\/apsaugos.lt\/index.php?rest_route=%2Fwp%2Fv2%2Fproduct_tag&post=2343"}],"curies":[{"name":"wp","href":"https:\/\/api.w.org\/{rel}","templated":true}]}}