{"id":2344,"date":"2021-02-22T12:24:43","date_gmt":"2021-02-22T10:24:43","guid":{"rendered":"http:\/\/apsaugos.lt\/?product=import-placeholder-for-3599"},"modified":"2021-02-22T12:24:47","modified_gmt":"2021-02-22T10:24:47","slug":"paradox-sp5500","status":"publish","type":"product","link":"https:\/\/apsaugos.lt\/?product=paradox-sp5500","title":{"rendered":"Paradox SP5500"},"content":{"rendered":"<p>5 bazin\u0117s zonos (10 su ATZ funkcija)<br \/>\nPle\u010diama iki 32 zon\u0173<br \/>\nPle\u010diama iki 16 programuojam\u0173 zon\u0173<br \/>\n2 bazin\u0117s programuojamos zonos<br \/>\nPalaiko Stay D r\u0117\u017eim\u0105<br \/>\nKeturi\u0173 laid\u0173 duomen\u0173 perdavimo jungtis<br \/>\n2 srytis<br \/>\n32 vartotoj\u0173 kodai<br \/>\nPalaiko IP100 internetin\u012f modul\u012f<br \/>\nPalaiko VDMP3 Plug-in garso modul\u012f<br \/>\nProgramin\u0117s \u012frangos atnaujinimo galimyb\u0117 i\u0161 kompiuterio per 307USB jungt\u012f arba naudojant WinLoad programin\u0119 \u012frang\u0105<br \/>\n256 \u012fvyki\u0173 buferis<\/p>\n","protected":false},"excerpt":{"rendered":"<p>5 bazin\u0117s zonos (10 su ATZ funkcija) Ple\u010diama iki 32 zon\u0173 Ple\u010diama iki 16 programuojam\u0173 zon\u0173 2 bazin\u0117s programuojamos zonos Palaiko Stay D r\u0117\u017eim\u0105 Keturi\u0173 laid\u0173 duomen\u0173 perdavimo jungtis 2 srytis 32 vartotoj\u0173 kodai Palaiko IP100 internetin\u012f modul\u012f Palaiko VDMP3 Plug-in garso modul\u012f Programin\u0117s \u012frangos atnaujinimo galimyb\u0117 i\u0161 kompiuterio per 307USB jungt\u012f arba naudojant WinLoad [&hellip;]<\/p>\n","protected":false},"featured_media":348,"comment_status":"closed","ping_status":"closed","template":"","meta":[],"product_brand":[],"product_cat":[115],"product_tag":[116],"class_list":{"0":"post-2344","1":"product","2":"type-product","3":"status-publish","4":"has-post-thumbnail","6":"product_cat-paradox-centrales","7":"product_tag-paradox","9":"first","10":"instock","11":"shipping-taxable","12":"purchasable","13":"product-type-simple"},"jetpack_sharing_enabled":true,"_links":{"self":[{"href":"https:\/\/apsaugos.lt\/index.php?rest_route=\/wp\/v2\/product\/2344","targetHints":{"allow":["GET"]}}],"collection":[{"href":"https:\/\/apsaugos.lt\/index.php?rest_route=\/wp\/v2\/product"}],"about":[{"href":"https:\/\/apsaugos.lt\/index.php?rest_route=\/wp\/v2\/types\/product"}],"replies":[{"embeddable":true,"href":"https:\/\/apsaugos.lt\/index.php?rest_route=%2Fwp%2Fv2%2Fcomments&post=2344"}],"wp:featuredmedia":[{"embeddable":true,"href":"https:\/\/apsaugos.lt\/index.php?rest_route=\/wp\/v2\/media\/348"}],"wp:attachment":[{"href":"https:\/\/apsaugos.lt\/index.php?rest_route=%2Fwp%2Fv2%2Fmedia&parent=2344"}],"wp:term":[{"taxonomy":"product_brand","embeddable":true,"href":"https:\/\/apsaugos.lt\/index.php?rest_route=%2Fwp%2Fv2%2Fproduct_brand&post=2344"},{"taxonomy":"product_cat","embeddable":true,"href":"https:\/\/apsaugos.lt\/index.php?rest_route=%2Fwp%2Fv2%2Fproduct_cat&post=2344"},{"taxonomy":"product_tag","embeddable":true,"href":"https:\/\/apsaugos.lt\/index.php?rest_route=%2Fwp%2Fv2%2Fproduct_tag&post=2344"}],"curies":[{"name":"wp","href":"https:\/\/api.w.org\/{rel}","templated":true}]}}