{"id":2345,"date":"2021-02-22T12:24:48","date_gmt":"2021-02-22T10:24:48","guid":{"rendered":"http:\/\/apsaugos.lt\/?product=import-placeholder-for-3603"},"modified":"2021-02-22T12:24:51","modified_gmt":"2021-02-22T10:24:51","slug":"paradox-sp6000","status":"publish","type":"product","link":"https:\/\/apsaugos.lt\/?product=paradox-sp6000","title":{"rendered":"Paradox SP6000"},"content":{"rendered":"<p>8 bazin\u0117s zonos (16 su ATZ funkcija)<br \/>\n2 bazin\u0117s programuojamos zonos<br \/>\nPalaiko Stay D r\u0117\u017eim\u0105<br \/>\nKeturi\u0173 laid\u0173 duomen\u0173 perdavimo jungtis<br \/>\nPle\u010diama iki 32 zon\u0173<br \/>\nPle\u010diama iki 16 programuojam\u0173 zon\u0173<br \/>\n2 particijos<br \/>\n32 vartotoj\u0173 kodai<br \/>\nPalaiko IP100 internetin\u012f modul\u012f<br \/>\nPalaiko VDMP3 Plug-in garso modul\u012f<br \/>\nProgramin\u0117s \u012frangos\u00a0atnaujinimo galimyb\u0117 i\u0161 kompiuterio per 307USB jungt\u012f\u00a0arba naudojant WinLoad programin\u0119 \u012frang\u0105<br \/>\n256 \u012fvyki\u0173 buferis<\/p>\n","protected":false},"excerpt":{"rendered":"<p>8 bazin\u0117s zonos (16 su ATZ funkcija) 2 bazin\u0117s programuojamos zonos Palaiko Stay D r\u0117\u017eim\u0105 Keturi\u0173 laid\u0173 duomen\u0173 perdavimo jungtis Ple\u010diama iki 32 zon\u0173 Ple\u010diama iki 16 programuojam\u0173 zon\u0173 2 particijos 32 vartotoj\u0173 kodai Palaiko IP100 internetin\u012f modul\u012f Palaiko VDMP3 Plug-in garso modul\u012f Programin\u0117s \u012frangos\u00a0atnaujinimo galimyb\u0117 i\u0161 kompiuterio per 307USB jungt\u012f\u00a0arba naudojant WinLoad programin\u0119 \u012frang\u0105 [&hellip;]<\/p>\n","protected":false},"featured_media":348,"comment_status":"closed","ping_status":"closed","template":"","meta":[],"product_brand":[],"product_cat":[115],"product_tag":[90,116],"class_list":{"0":"post-2345","1":"product","2":"type-product","3":"status-publish","4":"has-post-thumbnail","6":"product_cat-paradox-centrales","7":"product_tag-apsaugos-sistemos","8":"product_tag-paradox","10":"first","11":"instock","12":"shipping-taxable","13":"purchasable","14":"product-type-simple"},"jetpack_sharing_enabled":true,"_links":{"self":[{"href":"https:\/\/apsaugos.lt\/index.php?rest_route=\/wp\/v2\/product\/2345","targetHints":{"allow":["GET"]}}],"collection":[{"href":"https:\/\/apsaugos.lt\/index.php?rest_route=\/wp\/v2\/product"}],"about":[{"href":"https:\/\/apsaugos.lt\/index.php?rest_route=\/wp\/v2\/types\/product"}],"replies":[{"embeddable":true,"href":"https:\/\/apsaugos.lt\/index.php?rest_route=%2Fwp%2Fv2%2Fcomments&post=2345"}],"wp:featuredmedia":[{"embeddable":true,"href":"https:\/\/apsaugos.lt\/index.php?rest_route=\/wp\/v2\/media\/348"}],"wp:attachment":[{"href":"https:\/\/apsaugos.lt\/index.php?rest_route=%2Fwp%2Fv2%2Fmedia&parent=2345"}],"wp:term":[{"taxonomy":"product_brand","embeddable":true,"href":"https:\/\/apsaugos.lt\/index.php?rest_route=%2Fwp%2Fv2%2Fproduct_brand&post=2345"},{"taxonomy":"product_cat","embeddable":true,"href":"https:\/\/apsaugos.lt\/index.php?rest_route=%2Fwp%2Fv2%2Fproduct_cat&post=2345"},{"taxonomy":"product_tag","embeddable":true,"href":"https:\/\/apsaugos.lt\/index.php?rest_route=%2Fwp%2Fv2%2Fproduct_tag&post=2345"}],"curies":[{"name":"wp","href":"https:\/\/api.w.org\/{rel}","templated":true}]}}