{"id":2350,"date":"2021-02-22T12:24:49","date_gmt":"2021-02-22T10:24:49","guid":{"rendered":"http:\/\/apsaugos.lt\/?product=import-placeholder-for-3612"},"modified":"2021-02-22T12:24:52","modified_gmt":"2021-02-22T10:24:52","slug":"zx8-8-zonu-ispletimo-modulis","status":"publish","type":"product","link":"https:\/\/apsaugos.lt\/?product=zx8-8-zonu-ispletimo-modulis","title":{"rendered":"ZX8 8 zon\u0173 i\u0161pl\u0117timo modulis"},"content":{"rendered":"<ul>\n<li>Suderinamas su Esprit E, Spectra SP, Spectra 1728 \/ 1738, Digiplex, EVO central\u0117mis;<br \/>\n8 zonos;<\/li>\n<li>Z1 zona gali b\u016bti naudojama kaip sabota\u017eo jutiklis;<\/li>\n<li>1 PGM;<\/li>\n<li>Maitinimas 11-16V 28mA DC;<\/li>\n<li>Naudojimo temperat\u016bra nuo -20\u00b0C iki +50\u00b0C<\/li>\n<\/ul>\n","protected":false},"excerpt":{"rendered":"<p>Suderinamas su Esprit E, Spectra SP, Spectra 1728 \/ 1738, Digiplex, EVO central\u0117mis; 8 zonos; Z1 zona gali b\u016bti naudojama kaip sabota\u017eo jutiklis; 1 PGM; Maitinimas 11-16V 28mA DC; Naudojimo temperat\u016bra nuo -20\u00b0C iki +50\u00b0C<\/p>\n","protected":false},"featured_media":353,"comment_status":"closed","ping_status":"closed","template":"","meta":[],"product_brand":[],"product_cat":[115],"product_tag":[116],"class_list":{"0":"post-2350","1":"product","2":"type-product","3":"status-publish","4":"has-post-thumbnail","6":"product_cat-paradox-centrales","7":"product_tag-paradox","9":"first","10":"instock","11":"shipping-taxable","12":"purchasable","13":"product-type-simple"},"jetpack_sharing_enabled":true,"_links":{"self":[{"href":"https:\/\/apsaugos.lt\/index.php?rest_route=\/wp\/v2\/product\/2350","targetHints":{"allow":["GET"]}}],"collection":[{"href":"https:\/\/apsaugos.lt\/index.php?rest_route=\/wp\/v2\/product"}],"about":[{"href":"https:\/\/apsaugos.lt\/index.php?rest_route=\/wp\/v2\/types\/product"}],"replies":[{"embeddable":true,"href":"https:\/\/apsaugos.lt\/index.php?rest_route=%2Fwp%2Fv2%2Fcomments&post=2350"}],"wp:featuredmedia":[{"embeddable":true,"href":"https:\/\/apsaugos.lt\/index.php?rest_route=\/wp\/v2\/media\/353"}],"wp:attachment":[{"href":"https:\/\/apsaugos.lt\/index.php?rest_route=%2Fwp%2Fv2%2Fmedia&parent=2350"}],"wp:term":[{"taxonomy":"product_brand","embeddable":true,"href":"https:\/\/apsaugos.lt\/index.php?rest_route=%2Fwp%2Fv2%2Fproduct_brand&post=2350"},{"taxonomy":"product_cat","embeddable":true,"href":"https:\/\/apsaugos.lt\/index.php?rest_route=%2Fwp%2Fv2%2Fproduct_cat&post=2350"},{"taxonomy":"product_tag","embeddable":true,"href":"https:\/\/apsaugos.lt\/index.php?rest_route=%2Fwp%2Fv2%2Fproduct_tag&post=2350"}],"curies":[{"name":"wp","href":"https:\/\/api.w.org\/{rel}","templated":true}]}}