{"id":2357,"date":"2021-02-22T12:24:49","date_gmt":"2021-02-22T10:24:49","guid":{"rendered":"http:\/\/apsaugos.lt\/?product=import-placeholder-for-3630"},"modified":"2021-02-22T12:24:53","modified_gmt":"2021-02-22T10:24:53","slug":"ld-93","status":"publish","type":"product","link":"https:\/\/apsaugos.lt\/?product=ld-93","title":{"rendered":"LD 93"},"content":{"rendered":"<p><strong>Technin\u0117 informacija<\/strong><br \/>\n\u2022 Vidin\u0117 sirena<br \/>\n\u2022 Maitinimo \u012ftampa 10 &#8211; 14V DC<br \/>\n\u2022 Pavojaus r\u0117\u017eime naudojama srov\u0117 130mA<br \/>\n\u2022 Sirena su pjezo elementu, 105dB<br \/>\n\u2022 Baltos spalvos<br \/>\n\u2022 122 x 72 x 37 mm<\/p>\n","protected":false},"excerpt":{"rendered":"<p>\u0160i LD 93 sirena montuojama viduje, ta\u010diau ji yra i\u0161bandyta ir gana atspari vandens skverb\u010diai. Sirenos korpusas i\u0161lietas i\u0161 polikarboninio mi\u0161inio, tod\u0117l yra labai atsparus sm\u016bgiams.<\/p>\n","protected":false},"featured_media":360,"comment_status":"closed","ping_status":"closed","template":"","meta":[],"product_brand":[],"product_cat":[120],"product_tag":[],"class_list":{"0":"post-2357","1":"product","2":"type-product","3":"status-publish","4":"has-post-thumbnail","6":"product_cat-sirenos","8":"first","9":"instock","10":"shipping-taxable","11":"purchasable","12":"product-type-simple"},"jetpack_sharing_enabled":true,"_links":{"self":[{"href":"https:\/\/apsaugos.lt\/index.php?rest_route=\/wp\/v2\/product\/2357","targetHints":{"allow":["GET"]}}],"collection":[{"href":"https:\/\/apsaugos.lt\/index.php?rest_route=\/wp\/v2\/product"}],"about":[{"href":"https:\/\/apsaugos.lt\/index.php?rest_route=\/wp\/v2\/types\/product"}],"replies":[{"embeddable":true,"href":"https:\/\/apsaugos.lt\/index.php?rest_route=%2Fwp%2Fv2%2Fcomments&post=2357"}],"wp:featuredmedia":[{"embeddable":true,"href":"https:\/\/apsaugos.lt\/index.php?rest_route=\/wp\/v2\/media\/360"}],"wp:attachment":[{"href":"https:\/\/apsaugos.lt\/index.php?rest_route=%2Fwp%2Fv2%2Fmedia&parent=2357"}],"wp:term":[{"taxonomy":"product_brand","embeddable":true,"href":"https:\/\/apsaugos.lt\/index.php?rest_route=%2Fwp%2Fv2%2Fproduct_brand&post=2357"},{"taxonomy":"product_cat","embeddable":true,"href":"https:\/\/apsaugos.lt\/index.php?rest_route=%2Fwp%2Fv2%2Fproduct_cat&post=2357"},{"taxonomy":"product_tag","embeddable":true,"href":"https:\/\/apsaugos.lt\/index.php?rest_route=%2Fwp%2Fv2%2Fproduct_tag&post=2357"}],"curies":[{"name":"wp","href":"https:\/\/api.w.org\/{rel}","templated":true}]}}