{"id":2359,"date":"2021-02-22T12:24:50","date_gmt":"2021-02-22T10:24:50","guid":{"rendered":"http:\/\/apsaugos.lt\/?product=import-placeholder-for-3634"},"modified":"2021-02-22T12:24:53","modified_gmt":"2021-02-22T10:24:53","slug":"odyssey-5","status":"publish","type":"product","link":"https:\/\/apsaugos.lt\/?product=odyssey-5","title":{"rendered":"Odyssey 5"},"content":{"rendered":"<p>\u2022 Pagerintas blykst\u0117s matomumas<br \/>\n\u2022 Mikroprocesorin\u0117 technologija<br \/>\n\u2022 115 dB\/m dviguba pjezo sirena<br \/>\n\u2022 Darbin\u0117 temperat\u016bra: Nuo -25 iki +70 \u00b0C<br \/>\n\u2022 Matmenys: \u00a0mm<br \/>\n\u2022 Polikarboninis plastiko gaubtas<br \/>\n\u2022 IP65 hermeti\u0161kas elektronikos modulis<br \/>\n\u2022 M\u0117lynas arba raudonas stikliukas<br \/>\n\u2022 Sienos, dangtelio ir var\u017et\u0173 tamperiai,<\/p>\n","protected":false},"excerpt":{"rendered":"<p>Eleganti\u0161ka, sant\u016braus dizaino sirena su 270\u00b0 \u0161viesos stroboskopu. Ypatyb\u0117s apima: 115 decibel\u0173, IP65 hermeti\u0161ka elektronik\u0105, unikali patentuota pajungimo technologija ir pa\u017eangios mikroprocesorin\u0117s technologijos. Poli-karbonato konstrukcija su nuimamu dang\u010diu, sienos tamperiu ir var\u017et\u0173 tamperiu detekcija. Galima rinktis m\u0117lyn\u0105 ir raudon\u0105 stroboskopo spalv\u0105.<\/p>\n","protected":false},"featured_media":362,"comment_status":"closed","ping_status":"closed","template":"","meta":[],"product_brand":[],"product_cat":[120],"product_tag":[],"class_list":{"0":"post-2359","1":"product","2":"type-product","3":"status-publish","4":"has-post-thumbnail","6":"product_cat-sirenos","8":"first","9":"instock","10":"shipping-taxable","11":"purchasable","12":"product-type-simple"},"jetpack_sharing_enabled":true,"_links":{"self":[{"href":"https:\/\/apsaugos.lt\/index.php?rest_route=\/wp\/v2\/product\/2359","targetHints":{"allow":["GET"]}}],"collection":[{"href":"https:\/\/apsaugos.lt\/index.php?rest_route=\/wp\/v2\/product"}],"about":[{"href":"https:\/\/apsaugos.lt\/index.php?rest_route=\/wp\/v2\/types\/product"}],"replies":[{"embeddable":true,"href":"https:\/\/apsaugos.lt\/index.php?rest_route=%2Fwp%2Fv2%2Fcomments&post=2359"}],"wp:featuredmedia":[{"embeddable":true,"href":"https:\/\/apsaugos.lt\/index.php?rest_route=\/wp\/v2\/media\/362"}],"wp:attachment":[{"href":"https:\/\/apsaugos.lt\/index.php?rest_route=%2Fwp%2Fv2%2Fmedia&parent=2359"}],"wp:term":[{"taxonomy":"product_brand","embeddable":true,"href":"https:\/\/apsaugos.lt\/index.php?rest_route=%2Fwp%2Fv2%2Fproduct_brand&post=2359"},{"taxonomy":"product_cat","embeddable":true,"href":"https:\/\/apsaugos.lt\/index.php?rest_route=%2Fwp%2Fv2%2Fproduct_cat&post=2359"},{"taxonomy":"product_tag","embeddable":true,"href":"https:\/\/apsaugos.lt\/index.php?rest_route=%2Fwp%2Fv2%2Fproduct_tag&post=2359"}],"curies":[{"name":"wp","href":"https:\/\/api.w.org\/{rel}","templated":true}]}}