{"id":2379,"date":"2021-02-22T12:25:08","date_gmt":"2021-02-22T10:25:08","guid":{"rendered":"http:\/\/apsaugos.lt\/?product=import-placeholder-for-3727"},"modified":"2021-02-22T12:25:10","modified_gmt":"2021-02-22T10:25:10","slug":"dsc-lc-100pi","status":"publish","type":"product","link":"https:\/\/apsaugos.lt\/?product=dsc-lc-100pi","title":{"rendered":"DSC LC-100PI"},"content":{"rendered":"<p>\u2022 \u201cQuad\u201d technologija<br \/>\n\u2022 Maitinimo \u012ftampa 8,2-16 V<br \/>\n\u2022 Naudojama srov\u0117: ramioje b\u016bsenoje 8 mA (-5%)<br \/>\naktyvioje b\u016bsenoje 10 mA (-5%)<br \/>\n\u2022 Suveikimo u\u017elaikymas 2 sek. (-0,5 sek.)<br \/>\n\u2022 I\u0161\u0117jimas N.C. 0,1 A<br \/>\n\u2022 Nereaguoja \u012f gyv\u016bnus iki 25kg (nustatoma)<br \/>\n\u2022 Montavimo auk\u0161tis (1.8m\u20132.4m)<br \/>\n\u2022 -10\u00b0C\u00a0~ +50\u00b0C darbin\u0117 temperat\u016bra<br \/>\n\u2022 Jaurtumo reguliavimas<br \/>\n\u2022 Ap\u017evalgos kampas 90\u00b0<br \/>\n\u2022 Pasiruo\u0161imo darbui laikas 60 sek. (-5 sek.)d\u017ei\u0173 30V\/m 10-1000MHz<br \/>\n\u2022 Maksimalus detekcijos atstumas 15 m.<\/p>\n","protected":false},"excerpt":{"rendered":"<p>LC-100PI detektorius naudoja specialiai suprojektuot\u0105 optin\u012f l\u0119\u0161\u012f su specifine \u201cQuad\u201d technologija bei nauja ASIC baze, kuri padeda suma\u017einti klaiding\u0173 suveikim\u0173 skai\u010di\u0173, kurie kyla d\u0117l smulki\u0173 ar kambarini\u0173 gyv\u016bn\u0173 judesi\u0173. LC-100PI detektorius turi specialios med\u017eiagos linz\u0119, kuri yra atspari tiesioginiams saul\u0117s spinduliams, kas \u012fgalina suma\u017einti klaiding\u0173 sudirbim\u0173 skai\u010di\u0173. Detektorius si\u0173lo i\u0161skirtin\u012f paj\u0117gumo ir stabilumo lyg\u012f visoms apsaugos instaliacijoms. LC-100PI turi plat\u0173 apr\u0117pties kamp\u0105.<\/p>\n","protected":false},"featured_media":411,"comment_status":"closed","ping_status":"closed","template":"","meta":[],"product_brand":[],"product_cat":[123],"product_tag":[113],"class_list":{"0":"post-2379","1":"product","2":"type-product","3":"status-publish","4":"has-post-thumbnail","6":"product_cat-judesio-jutikliai","7":"product_tag-dsc","9":"first","10":"instock","11":"shipping-taxable","12":"purchasable","13":"product-type-simple"},"jetpack_sharing_enabled":true,"_links":{"self":[{"href":"https:\/\/apsaugos.lt\/index.php?rest_route=\/wp\/v2\/product\/2379","targetHints":{"allow":["GET"]}}],"collection":[{"href":"https:\/\/apsaugos.lt\/index.php?rest_route=\/wp\/v2\/product"}],"about":[{"href":"https:\/\/apsaugos.lt\/index.php?rest_route=\/wp\/v2\/types\/product"}],"replies":[{"embeddable":true,"href":"https:\/\/apsaugos.lt\/index.php?rest_route=%2Fwp%2Fv2%2Fcomments&post=2379"}],"wp:featuredmedia":[{"embeddable":true,"href":"https:\/\/apsaugos.lt\/index.php?rest_route=\/wp\/v2\/media\/411"}],"wp:attachment":[{"href":"https:\/\/apsaugos.lt\/index.php?rest_route=%2Fwp%2Fv2%2Fmedia&parent=2379"}],"wp:term":[{"taxonomy":"product_brand","embeddable":true,"href":"https:\/\/apsaugos.lt\/index.php?rest_route=%2Fwp%2Fv2%2Fproduct_brand&post=2379"},{"taxonomy":"product_cat","embeddable":true,"href":"https:\/\/apsaugos.lt\/index.php?rest_route=%2Fwp%2Fv2%2Fproduct_cat&post=2379"},{"taxonomy":"product_tag","embeddable":true,"href":"https:\/\/apsaugos.lt\/index.php?rest_route=%2Fwp%2Fv2%2Fproduct_tag&post=2379"}],"curies":[{"name":"wp","href":"https:\/\/api.w.org\/{rel}","templated":true}]}}