{"id":2387,"date":"2021-02-22T12:25:08","date_gmt":"2021-02-22T10:25:08","guid":{"rendered":"http:\/\/apsaugos.lt\/?product=import-placeholder-for-3741"},"modified":"2021-02-22T12:25:11","modified_gmt":"2021-02-22T10:25:11","slug":"dg75-pet","status":"publish","type":"product","link":"https:\/\/apsaugos.lt\/?product=dg75-pet","title":{"rendered":"DG75 PET"},"content":{"rendered":"<ul>\n<li>Ypatingai patikimas bei atsparus klaidingam aliarmui;<\/li>\n<li>Dviguba optika (2 dviej\u0173 prie\u0161ing\u0173 element\u0173 sensoriai);<\/li>\n<li>Nereaguoja \u012f naminius gyv\u016bnus, juos atskirti padeda patentuota<\/li>\n<li>naujausios optinio bei skaitmeninio apdorojimo technologija;<\/li>\n<li>Nereaguoja \u012f naminius gyv\u016bnus, sverian\u010dius ma\u017eiau nei 40 kg;<\/li>\n<li>\u201cDigital Dual Opposed Detection\u201d skaitmeninis detektavimasd dviej\u0173<\/li>\n<li>prie\u0161ing\u0173 element\u0173 sensori\u0173 technologijos pagalba;<\/li>\n<li>11 X 11m ir 110\u00b0 judesio detektavimo laukas.<\/li>\n<\/ul>\n","protected":false},"excerpt":{"rendered":"<p>Ypatingai patikimas bei atsparus klaidingam aliarmui; Dviguba optika (2 dviej\u0173 prie\u0161ing\u0173 element\u0173 sensoriai); Nereaguoja \u012f naminius gyv\u016bnus, juos atskirti padeda patentuota naujausios optinio bei skaitmeninio apdorojimo technologija; Nereaguoja \u012f naminius gyv\u016bnus, sverian\u010dius ma\u017eiau nei 40 kg; \u201cDigital Dual Opposed Detection\u201d skaitmeninis detektavimasd dviej\u0173 prie\u0161ing\u0173 element\u0173 sensori\u0173 technologijos pagalba; 11 X 11m ir 110\u00b0 judesio detektavimo [&hellip;]<\/p>\n","protected":false},"featured_media":417,"comment_status":"closed","ping_status":"closed","template":"","meta":[],"product_brand":[],"product_cat":[123],"product_tag":[116],"class_list":{"0":"post-2387","1":"product","2":"type-product","3":"status-publish","4":"has-post-thumbnail","6":"product_cat-judesio-jutikliai","7":"product_tag-paradox","9":"first","10":"instock","11":"shipping-taxable","12":"purchasable","13":"product-type-simple"},"jetpack_sharing_enabled":true,"_links":{"self":[{"href":"https:\/\/apsaugos.lt\/index.php?rest_route=\/wp\/v2\/product\/2387","targetHints":{"allow":["GET"]}}],"collection":[{"href":"https:\/\/apsaugos.lt\/index.php?rest_route=\/wp\/v2\/product"}],"about":[{"href":"https:\/\/apsaugos.lt\/index.php?rest_route=\/wp\/v2\/types\/product"}],"replies":[{"embeddable":true,"href":"https:\/\/apsaugos.lt\/index.php?rest_route=%2Fwp%2Fv2%2Fcomments&post=2387"}],"wp:featuredmedia":[{"embeddable":true,"href":"https:\/\/apsaugos.lt\/index.php?rest_route=\/wp\/v2\/media\/417"}],"wp:attachment":[{"href":"https:\/\/apsaugos.lt\/index.php?rest_route=%2Fwp%2Fv2%2Fmedia&parent=2387"}],"wp:term":[{"taxonomy":"product_brand","embeddable":true,"href":"https:\/\/apsaugos.lt\/index.php?rest_route=%2Fwp%2Fv2%2Fproduct_brand&post=2387"},{"taxonomy":"product_cat","embeddable":true,"href":"https:\/\/apsaugos.lt\/index.php?rest_route=%2Fwp%2Fv2%2Fproduct_cat&post=2387"},{"taxonomy":"product_tag","embeddable":true,"href":"https:\/\/apsaugos.lt\/index.php?rest_route=%2Fwp%2Fv2%2Fproduct_tag&post=2387"}],"curies":[{"name":"wp","href":"https:\/\/api.w.org\/{rel}","templated":true}]}}