{"id":2404,"date":"2021-02-22T12:25:09","date_gmt":"2021-02-22T10:25:09","guid":{"rendered":"http:\/\/apsaugos.lt\/?product=import-placeholder-for-3817"},"modified":"2021-02-22T12:25:14","modified_gmt":"2021-02-22T10:25:14","slug":"hikvision-ds-k1f100-d8e","status":"publish","type":"product","link":"https:\/\/apsaugos.lt\/?product=hikvision-ds-k1f100-d8e","title":{"rendered":"Hikvision DS-K1F100-D8E"},"content":{"rendered":"<table border=\"1\">\n<tbody>\n<tr>\n<td>Kortel\u0117s nuskaitymo da\u017enis<\/td>\n<td>13.56MHz and 125KHz<\/td>\n<\/tr>\n<tr>\n<td>Kortel\u0117s tipas<\/td>\n<td>Standard IC Card, CPU Card, and ID (EM) Card<\/td>\n<\/tr>\n<tr>\n<td>SAM kortel\u0117s lizdas<\/td>\n<td>Size of Two SIM Card Slot<\/td>\n<\/tr>\n<tr>\n<td>Protokolai<\/td>\n<td>ISO 14443 Type A\/B Standard and ISO 7816 Standard<\/td>\n<\/tr>\n<tr>\n<td>S\u0105saja<\/td>\n<td>USB 2.0; Driver Free<\/td>\n<\/tr>\n<tr>\n<td>LED \u0161viesa<\/td>\n<td>LED Indicator: Indicates Power and the Communication Status<\/td>\n<\/tr>\n<tr>\n<td>Darbo temperat\u016bra<\/td>\n<td>From -20\u00b0C to 65\u00b0C<\/td>\n<\/tr>\n<tr>\n<td>Energijos suvartojimas<\/td>\n<td>200mA<\/td>\n<\/tr>\n<tr>\n<td>I\u0161matavimai<\/td>\n<td>117mm\u00d767.5mm\u00d714.3mm<\/td>\n<\/tr>\n<tr>\n<td>Svoris<\/td>\n<td>87.6g<\/td>\n<\/tr>\n<tr>\n<td>Sistema<\/td>\n<td>Support Windows, WinXP, Win7 and Win8<\/td>\n<\/tr>\n<\/tbody>\n<\/table>\n","protected":false},"excerpt":{"rendered":"<p>Palaiko Standard IC kortel\u0119, CPU Card , ID (EM) kortles, Susjungiama su kompiuteriu per plug-and-play USB 2.0 s\u0105saj\u0105, 2 SAM korteli\u0173 lizdai \u0161ifravimui<\/p>\n","protected":false},"featured_media":459,"comment_status":"closed","ping_status":"closed","template":"","meta":[],"product_brand":[],"product_cat":[25],"product_tag":[32],"class_list":{"0":"post-2404","1":"product","2":"type-product","3":"status-publish","4":"has-post-thumbnail","6":"product_cat-korteliu-skaitytuvai","7":"product_tag-hikvision","9":"first","10":"instock","11":"shipping-taxable","12":"purchasable","13":"product-type-simple"},"jetpack_sharing_enabled":true,"_links":{"self":[{"href":"https:\/\/apsaugos.lt\/index.php?rest_route=\/wp\/v2\/product\/2404","targetHints":{"allow":["GET"]}}],"collection":[{"href":"https:\/\/apsaugos.lt\/index.php?rest_route=\/wp\/v2\/product"}],"about":[{"href":"https:\/\/apsaugos.lt\/index.php?rest_route=\/wp\/v2\/types\/product"}],"replies":[{"embeddable":true,"href":"https:\/\/apsaugos.lt\/index.php?rest_route=%2Fwp%2Fv2%2Fcomments&post=2404"}],"wp:featuredmedia":[{"embeddable":true,"href":"https:\/\/apsaugos.lt\/index.php?rest_route=\/wp\/v2\/media\/459"}],"wp:attachment":[{"href":"https:\/\/apsaugos.lt\/index.php?rest_route=%2Fwp%2Fv2%2Fmedia&parent=2404"}],"wp:term":[{"taxonomy":"product_brand","embeddable":true,"href":"https:\/\/apsaugos.lt\/index.php?rest_route=%2Fwp%2Fv2%2Fproduct_brand&post=2404"},{"taxonomy":"product_cat","embeddable":true,"href":"https:\/\/apsaugos.lt\/index.php?rest_route=%2Fwp%2Fv2%2Fproduct_cat&post=2404"},{"taxonomy":"product_tag","embeddable":true,"href":"https:\/\/apsaugos.lt\/index.php?rest_route=%2Fwp%2Fv2%2Fproduct_tag&post=2404"}],"curies":[{"name":"wp","href":"https:\/\/api.w.org\/{rel}","templated":true}]}}