{"id":2410,"date":"2021-02-22T12:25:16","date_gmt":"2021-02-22T10:25:16","guid":{"rendered":"http:\/\/apsaugos.lt\/?product=import-placeholder-for-3828"},"modified":"2021-02-22T12:25:19","modified_gmt":"2021-02-22T10:25:19","slug":"hikvision-ds-k1802ek","status":"publish","type":"product","link":"https:\/\/apsaugos.lt\/?product=hikvision-ds-k1802ek","title":{"rendered":"Hikvision DS-K1802EK"},"content":{"rendered":"<ul>\n<li>Palaiko\u00a0EM kortel\u0119<\/li>\n<li>PC+ABS korpusas<\/li>\n<li>Palaiko Wiegand(W26\/W34) protokol\u0105<\/li>\n<li>Atsparus dulk\u0117ms<\/li>\n<li>Su klaviat\u016bra<\/li>\n<li>IP65<\/li>\n<\/ul>\n","protected":false},"excerpt":{"rendered":"<p>Palaiko\u00a0EM kortel\u0119 PC+ABS korpusas Palaiko Wiegand(W26\/W34) protokol\u0105 Atsparus dulk\u0117ms Su klaviat\u016bra IP65<\/p>\n","protected":false},"featured_media":464,"comment_status":"closed","ping_status":"closed","template":"","meta":[],"product_brand":[],"product_cat":[25],"product_tag":[32],"class_list":{"0":"post-2410","1":"product","2":"type-product","3":"status-publish","4":"has-post-thumbnail","6":"product_cat-korteliu-skaitytuvai","7":"product_tag-hikvision","9":"first","10":"instock","11":"shipping-taxable","12":"purchasable","13":"product-type-simple"},"jetpack_sharing_enabled":true,"_links":{"self":[{"href":"https:\/\/apsaugos.lt\/index.php?rest_route=\/wp\/v2\/product\/2410","targetHints":{"allow":["GET"]}}],"collection":[{"href":"https:\/\/apsaugos.lt\/index.php?rest_route=\/wp\/v2\/product"}],"about":[{"href":"https:\/\/apsaugos.lt\/index.php?rest_route=\/wp\/v2\/types\/product"}],"replies":[{"embeddable":true,"href":"https:\/\/apsaugos.lt\/index.php?rest_route=%2Fwp%2Fv2%2Fcomments&post=2410"}],"wp:featuredmedia":[{"embeddable":true,"href":"https:\/\/apsaugos.lt\/index.php?rest_route=\/wp\/v2\/media\/464"}],"wp:attachment":[{"href":"https:\/\/apsaugos.lt\/index.php?rest_route=%2Fwp%2Fv2%2Fmedia&parent=2410"}],"wp:term":[{"taxonomy":"product_brand","embeddable":true,"href":"https:\/\/apsaugos.lt\/index.php?rest_route=%2Fwp%2Fv2%2Fproduct_brand&post=2410"},{"taxonomy":"product_cat","embeddable":true,"href":"https:\/\/apsaugos.lt\/index.php?rest_route=%2Fwp%2Fv2%2Fproduct_cat&post=2410"},{"taxonomy":"product_tag","embeddable":true,"href":"https:\/\/apsaugos.lt\/index.php?rest_route=%2Fwp%2Fv2%2Fproduct_tag&post=2410"}],"curies":[{"name":"wp","href":"https:\/\/api.w.org\/{rel}","templated":true}]}}