{"id":2413,"date":"2021-02-22T12:25:16","date_gmt":"2021-02-22T10:25:16","guid":{"rendered":"http:\/\/apsaugos.lt\/?product=import-placeholder-for-3835"},"modified":"2021-02-22T12:25:19","modified_gmt":"2021-02-22T10:25:19","slug":"hikvision-ds-k1103m","status":"publish","type":"product","link":"https:\/\/apsaugos.lt\/?product=hikvision-ds-k1103m","title":{"rendered":"Hikvision DS-K1103M"},"content":{"rendered":"<p><strong>Maitinimas<\/strong><\/p>\n<p>12V DC<\/p>\n<p><strong>Vartojama srov\u0117<\/strong><\/p>\n<p>\u2264500mA<\/p>\n<p><strong>Procesorius<\/strong><\/p>\n<p>32-bit<\/p>\n<p><strong>Skaitymo da\u017enis<\/strong><\/p>\n<p>13.56MHz<\/p>\n<p><strong>Nuskaitymo atstumas<\/strong><\/p>\n<p>30 to 50mm (1.18 to 1.96&#8243;)<\/p>\n<p><strong>ID nustatymai<\/strong><\/p>\n<p>Setting by the DIP Switch on the Main Board<\/p>\n<p><strong>Garsinis persp\u0117jimas<\/strong><\/p>\n<p>Beeper<\/p>\n<p><strong>Energijos suvartojimas<\/strong><\/p>\n<p>\u22646W<\/p>\n<p><strong>Klaviat\u016bra<\/strong><\/p>\n<p>No Keypad<\/p>\n<p><strong>Sertifikatai<\/strong><\/p>\n<p>FCC, CE<\/p>\n<p><strong>LED Indikacija<\/strong><\/p>\n<p>Power Indicator; Status LED Indicator<\/p>\n<p><strong>Darbo temperat\u016bra<\/strong><\/p>\n<p>-40\u00b0C to +70\u00b0C (-40\u00b0F to +158\u00b0F)<\/p>\n<p><strong>Santykinis oro dr\u0117gnumas<\/strong><\/p>\n<p>10% to 90% (Non Condensing)<\/p>\n<p><strong>IP apsaugos klas\u0117<\/strong><\/p>\n<p>IP 64<\/p>\n<p><strong>I\u0161matavimai<\/strong><\/p>\n<p>129\u00d776\u00d714.7mm (5.08\u00d72.99\u00d70.58&#8243;)<\/p>\n<p><strong>Svoris<\/strong><\/p>\n<p>\u2264 0.15Kg<\/p>\n<p><strong>Montavimas<\/strong><\/p>\n<p>Only applied for120 Gang Box<\/p>\n","protected":false},"excerpt":{"rendered":"<p>Mifare korteli\u0173 skaitytuvas, RS485 ir Wiegand (W26\/W34) protokolai, Atsparus dulk\u0117ms<\/p>\n","protected":false},"featured_media":467,"comment_status":"closed","ping_status":"closed","template":"","meta":[],"product_brand":[],"product_cat":[25],"product_tag":[32,70],"class_list":{"0":"post-2413","1":"product","2":"type-product","3":"status-publish","4":"has-post-thumbnail","6":"product_cat-korteliu-skaitytuvai","7":"product_tag-hikvision","8":"product_tag-mifare","10":"first","11":"instock","12":"shipping-taxable","13":"purchasable","14":"product-type-simple"},"jetpack_sharing_enabled":true,"_links":{"self":[{"href":"https:\/\/apsaugos.lt\/index.php?rest_route=\/wp\/v2\/product\/2413","targetHints":{"allow":["GET"]}}],"collection":[{"href":"https:\/\/apsaugos.lt\/index.php?rest_route=\/wp\/v2\/product"}],"about":[{"href":"https:\/\/apsaugos.lt\/index.php?rest_route=\/wp\/v2\/types\/product"}],"replies":[{"embeddable":true,"href":"https:\/\/apsaugos.lt\/index.php?rest_route=%2Fwp%2Fv2%2Fcomments&post=2413"}],"wp:featuredmedia":[{"embeddable":true,"href":"https:\/\/apsaugos.lt\/index.php?rest_route=\/wp\/v2\/media\/467"}],"wp:attachment":[{"href":"https:\/\/apsaugos.lt\/index.php?rest_route=%2Fwp%2Fv2%2Fmedia&parent=2413"}],"wp:term":[{"taxonomy":"product_brand","embeddable":true,"href":"https:\/\/apsaugos.lt\/index.php?rest_route=%2Fwp%2Fv2%2Fproduct_brand&post=2413"},{"taxonomy":"product_cat","embeddable":true,"href":"https:\/\/apsaugos.lt\/index.php?rest_route=%2Fwp%2Fv2%2Fproduct_cat&post=2413"},{"taxonomy":"product_tag","embeddable":true,"href":"https:\/\/apsaugos.lt\/index.php?rest_route=%2Fwp%2Fv2%2Fproduct_tag&post=2413"}],"curies":[{"name":"wp","href":"https:\/\/api.w.org\/{rel}","templated":true}]}}