{"id":2416,"date":"2021-02-22T12:25:16","date_gmt":"2021-02-22T10:25:16","guid":{"rendered":"http:\/\/apsaugos.lt\/?product=import-placeholder-for-3844"},"modified":"2021-02-22T12:25:20","modified_gmt":"2021-02-22T10:25:20","slug":"hikvision-ds-kd6002-vm","status":"publish","type":"product","link":"https:\/\/apsaugos.lt\/?product=hikvision-ds-kd6002-vm","title":{"rendered":"Hikvision DS-KD6002-VM"},"content":{"rendered":"<table border=\"1\" cellspacing=\"2\" cellpadding=\"2\">\n<tbody>\n<tr>\n<td>Procesorius<\/td>\n<td>High-performance Embedded SOC Processor<\/td>\n<\/tr>\n<tr>\n<td>Operacin\u0117 sistema<\/td>\n<td>Embedded Linux OS<\/td>\n<\/tr>\n<tr>\n<td>Kamera<\/td>\n<td>CMOS Low Illumination 1.3 MP HD Colorful<br \/>\nCamera<\/td>\n<\/tr>\n<tr>\n<td>Video kompresijos standartas<\/td>\n<td>H.264<\/td>\n<\/tr>\n<tr>\n<td>Rezoliucija<\/td>\n<td>1280 \u00d7 720<\/td>\n<\/tr>\n<tr>\n<td>Kadrai\/sec<\/td>\n<td>PAL: 25 fps, NTSC: 30 fps<\/td>\n<\/tr>\n<tr>\n<td>Ekranas<\/td>\n<td>3.5-Inch Colorful TFT LCD<\/td>\n<\/tr>\n<tr>\n<td>Rezoliucija<\/td>\n<td>480 \u00d7 320<\/td>\n<\/tr>\n<tr>\n<td>Veikimo metodas<\/td>\n<td>Physical Touch Keypad<\/td>\n<\/tr>\n<tr>\n<td>Vartotojo s\u0105saja<\/td>\n<td>LCD Display, Easy Menu<\/td>\n<\/tr>\n<tr>\n<td>Audio \u012f\u0117jimas<\/td>\n<td>Built-in Omnidirectional Microphone<\/td>\n<\/tr>\n<tr>\n<td>Audio i\u0161\u0117jimas<\/td>\n<td>Built-in Loudspeaker<\/td>\n<\/tr>\n<tr>\n<td>Audio kompresijos standartas<\/td>\n<td>G.711 U<\/td>\n<\/tr>\n<tr>\n<td>Audio kompresijos greitis<\/td>\n<td>64 Kbps<\/td>\n<\/tr>\n<tr>\n<td>Audio kokyb\u0117<\/td>\n<td>Noise Suppression and Echo Cancellation<\/td>\n<\/tr>\n<tr>\n<td>Vidinis korteli\u0173 skaitytuvas<\/td>\n<td>Built-in IC Card Reader<\/td>\n<\/tr>\n<tr>\n<td>I\u0161orinis korteli\u0173 skaitytuvas<\/td>\n<td>Wiegand 26, Wiegand 34, or RS485 IC Reader<\/td>\n<\/tr>\n<tr>\n<td>Magnetinio kontakto detekcija<\/td>\n<td>Detecting Door Magnetic Status<\/td>\n<\/tr>\n<tr>\n<td>Pa\u0161vietimas<\/td>\n<td>Visible Light Supplement<\/td>\n<\/tr>\n<tr>\n<td>Tinklas<\/td>\n<td>10M\/100M\/1000M Self-Adaptive Ethernet<\/td>\n<\/tr>\n<tr>\n<td>Tinklo protokolai<\/td>\n<td>TCP\/IP, SNMP, SIP, RTSP<\/td>\n<\/tr>\n<tr>\n<td>Aliarminiai \u012f\u0117jimai<\/td>\n<td>Door Magnetic Alarm, Tamper Alarm<\/td>\n<\/tr>\n<tr>\n<td>Interneto prieiga<\/td>\n<td>1 RJ45 10M\/100M\/1000M Self-Adaptive<br \/>\nEthernet Access<\/td>\n<\/tr>\n<tr>\n<td>RS-485<\/td>\n<td>1 RS485 Half-Duplex Port<\/td>\n<\/tr>\n<tr>\n<td>Aliarmini\u0173 \u012f\u0117jim\u0173 skai\u010dius<\/td>\n<td>4<\/td>\n<\/tr>\n<tr>\n<td>Aliarmini\u0173 i\u0161\u0117jim\u0173 skai\u010dius<\/td>\n<td>4<\/td>\n<\/tr>\n<tr>\n<td>Wiegand<\/td>\n<td>1 Wiegand Port for Accessing Wiegand IC Card<br \/>\nReader<\/td>\n<\/tr>\n<tr>\n<td>USB<\/td>\n<td>1; USB2.0, Supporting U-disk<\/td>\n<\/tr>\n<tr>\n<td>Med\u017eiaga<\/td>\n<td>Aluminum Ally<\/td>\n<\/tr>\n<tr>\n<td>Maitinimas<\/td>\n<td>12V DC<\/td>\n<\/tr>\n<tr>\n<td>Energijos suvartojimas<\/td>\n<td>\u226412 W<\/td>\n<\/tr>\n<tr>\n<td>Darbin\u0117 temperat\u016bra<\/td>\n<td>-40\u00b0 C to +70\u00b0 C (-40\u00b0 F to 158\u00b0 F)<\/td>\n<\/tr>\n<tr>\n<td>Santykinis oro r\u0117gnumas<\/td>\n<td>10% &#8211; 90%<\/td>\n<\/tr>\n<tr>\n<td>IP klas\u0117<\/td>\n<td>IP65<\/td>\n<\/tr>\n<tr>\n<td>I\u0161matavimai<\/td>\n<td>357 mm \u00d7 124 mm \u00d7 55 mm<\/td>\n<\/tr>\n<tr>\n<td>Sertifikatai<\/td>\n<td>FCC, CE<\/td>\n<\/tr>\n<\/tbody>\n<\/table>\n","protected":false},"excerpt":{"rendered":"<p>1.3 MP kamera, aliuminio lydinys, 3.5-inch spalvotas TFT LCD ekranas, rezoliucija: 480 * 320, kamera: HD720P, 25fps(P)\/30fps(N), 10M\/100M\/1000M tinklo jungtis, Wiegand\u00a0ir RS-485, 4 x aliarminiai \u012f\u0117jimai,4 x aliarminiai i\u0161\u0117jimai, IP65, USB 2.0, 12 VDC, RFID Mifare,\u00a0regimos \u0161viesos pa\u0161vietimas.<\/p>\n","protected":false},"featured_media":470,"comment_status":"closed","ping_status":"closed","template":"","meta":[],"product_brand":[],"product_cat":[128],"product_tag":[32,131],"class_list":{"0":"post-2416","1":"product","2":"type-product","3":"status-publish","4":"has-post-thumbnail","6":"product_cat-ip-telefonspynes","7":"product_tag-hikvision","8":"product_tag-ip-telefonspynes","10":"first","11":"instock","12":"shipping-taxable","13":"purchasable","14":"product-type-simple"},"jetpack_sharing_enabled":true,"_links":{"self":[{"href":"https:\/\/apsaugos.lt\/index.php?rest_route=\/wp\/v2\/product\/2416","targetHints":{"allow":["GET"]}}],"collection":[{"href":"https:\/\/apsaugos.lt\/index.php?rest_route=\/wp\/v2\/product"}],"about":[{"href":"https:\/\/apsaugos.lt\/index.php?rest_route=\/wp\/v2\/types\/product"}],"replies":[{"embeddable":true,"href":"https:\/\/apsaugos.lt\/index.php?rest_route=%2Fwp%2Fv2%2Fcomments&post=2416"}],"wp:featuredmedia":[{"embeddable":true,"href":"https:\/\/apsaugos.lt\/index.php?rest_route=\/wp\/v2\/media\/470"}],"wp:attachment":[{"href":"https:\/\/apsaugos.lt\/index.php?rest_route=%2Fwp%2Fv2%2Fmedia&parent=2416"}],"wp:term":[{"taxonomy":"product_brand","embeddable":true,"href":"https:\/\/apsaugos.lt\/index.php?rest_route=%2Fwp%2Fv2%2Fproduct_brand&post=2416"},{"taxonomy":"product_cat","embeddable":true,"href":"https:\/\/apsaugos.lt\/index.php?rest_route=%2Fwp%2Fv2%2Fproduct_cat&post=2416"},{"taxonomy":"product_tag","embeddable":true,"href":"https:\/\/apsaugos.lt\/index.php?rest_route=%2Fwp%2Fv2%2Fproduct_tag&post=2416"}],"curies":[{"name":"wp","href":"https:\/\/api.w.org\/{rel}","templated":true}]}}