{"id":2423,"date":"2021-02-22T12:25:17","date_gmt":"2021-02-22T10:25:17","guid":{"rendered":"http:\/\/apsaugos.lt\/?product=import-placeholder-for-3857"},"modified":"2021-02-22T12:25:21","modified_gmt":"2021-02-22T10:25:21","slug":"vaizdo-telefonspynes-iskvietimo-modulis-hikvision-ds-kd-dis","status":"publish","type":"product","link":"https:\/\/apsaugos.lt\/?product=vaizdo-telefonspynes-iskvietimo-modulis-hikvision-ds-kd-dis","title":{"rendered":"Vaizdo telefonspyn\u0117s i\u0161kvietimo modulis Hikvision DS-KD-DIS"},"content":{"rendered":"<table border=\"0\">\n<tbody>\n<tr>\n<td>Rai\u0161ka<\/td>\n<td>320 \u00d7 480<\/td>\n<\/tr>\n<tr>\n<td>Ekranas<\/td>\n<td>3.5&#8243; TFT LCD<\/td>\n<\/tr>\n<tr>\n<td>RS<strong>&#8211;<\/strong>485<\/td>\n<td>Module conecting (1 input, 1 output)<\/td>\n<\/tr>\n<tr>\n<td>Maitinimas<\/td>\n<td>12 VDC (input\/output)<\/td>\n<\/tr>\n<tr>\n<td>Vartojimas<\/td>\n<td>&lt; 3W<\/td>\n<\/tr>\n<tr>\n<td>Darbin\u0117 temperat\u016bra<\/td>\n<td><span class=\"param_screendetailfilter_1144\">-20 C to 60 C<\/span><\/td>\n<\/tr>\n<tr>\n<td>Mygtukai<\/td>\n<td>4<\/td>\n<\/tr>\n<tr>\n<td>Dr\u0117gm\u0117<\/td>\n<td>10%\u00a0 to 95%<\/td>\n<\/tr>\n<tr>\n<td>Apsaugos lygis<\/td>\n<td>IP65<\/td>\n<\/tr>\n<\/tbody>\n<\/table>\n","protected":false},"excerpt":{"rendered":"<p>Rai\u0161ka 320 \u00d7 480 Ekranas 3.5&#8243; TFT LCD RS&#8211;485 Module conecting (1 input, 1 output) Maitinimas 12 VDC (input\/output) Vartojimas &lt; 3W Darbin\u0117 temperat\u016bra -20 C to 60 C Mygtukai 4 Dr\u0117gm\u0117 10%\u00a0 to 95% Apsaugos lygis IP65<\/p>\n","protected":false},"featured_media":477,"comment_status":"closed","ping_status":"closed","template":"","meta":[],"product_brand":[],"product_cat":[128],"product_tag":[],"class_list":{"0":"post-2423","1":"product","2":"type-product","3":"status-publish","4":"has-post-thumbnail","6":"product_cat-ip-telefonspynes","8":"first","9":"instock","10":"shipping-taxable","11":"product-type-simple"},"jetpack_sharing_enabled":true,"_links":{"self":[{"href":"https:\/\/apsaugos.lt\/index.php?rest_route=\/wp\/v2\/product\/2423","targetHints":{"allow":["GET"]}}],"collection":[{"href":"https:\/\/apsaugos.lt\/index.php?rest_route=\/wp\/v2\/product"}],"about":[{"href":"https:\/\/apsaugos.lt\/index.php?rest_route=\/wp\/v2\/types\/product"}],"replies":[{"embeddable":true,"href":"https:\/\/apsaugos.lt\/index.php?rest_route=%2Fwp%2Fv2%2Fcomments&post=2423"}],"wp:featuredmedia":[{"embeddable":true,"href":"https:\/\/apsaugos.lt\/index.php?rest_route=\/wp\/v2\/media\/477"}],"wp:attachment":[{"href":"https:\/\/apsaugos.lt\/index.php?rest_route=%2Fwp%2Fv2%2Fmedia&parent=2423"}],"wp:term":[{"taxonomy":"product_brand","embeddable":true,"href":"https:\/\/apsaugos.lt\/index.php?rest_route=%2Fwp%2Fv2%2Fproduct_brand&post=2423"},{"taxonomy":"product_cat","embeddable":true,"href":"https:\/\/apsaugos.lt\/index.php?rest_route=%2Fwp%2Fv2%2Fproduct_cat&post=2423"},{"taxonomy":"product_tag","embeddable":true,"href":"https:\/\/apsaugos.lt\/index.php?rest_route=%2Fwp%2Fv2%2Fproduct_tag&post=2423"}],"curies":[{"name":"wp","href":"https:\/\/api.w.org\/{rel}","templated":true}]}}