{"id":2429,"date":"2021-02-22T12:25:17","date_gmt":"2021-02-22T10:25:17","guid":{"rendered":"http:\/\/apsaugos.lt\/?product=import-placeholder-for-3869"},"modified":"2021-02-22T12:25:22","modified_gmt":"2021-02-22T10:25:22","slug":"video-telefonspynes-monitorius-hikvision-ds-kh8301-wtb","status":"publish","type":"product","link":"https:\/\/apsaugos.lt\/?product=video-telefonspynes-monitorius-hikvision-ds-kh8301-wtb","title":{"rendered":"Video telefonspyn\u0117s monitorius Hikvision DS-KH8301-WTB"},"content":{"rendered":"<table border=\"1\" cellspacing=\"2\" cellpadding=\"2\">\n<tbody>\n<tr>\n<td>Procesorius<\/td>\n<td>High-performance embedded SOC processor<\/td>\n<\/tr>\n<tr>\n<td>Operacin\u0117 sistema<\/td>\n<td>Embedded Linux Operating System<\/td>\n<\/tr>\n<tr>\n<td>Kamera<\/td>\n<td>CMOS 0.3MP,<br \/>\nMechanical Switch<\/td>\n<\/tr>\n<tr>\n<td>Video kompresijos standartas<\/td>\n<td>H.264<\/td>\n<\/tr>\n<tr>\n<td>Kameros rai\u0161ka<\/td>\n<td>640 * 480<\/td>\n<\/tr>\n<tr>\n<td>Kadrai\/sec<\/td>\n<td>PAL: 25 frames \/ second, NTSC: 30 frames \/ sec.<\/td>\n<\/tr>\n<tr>\n<td>Ekranas<\/td>\n<td>7 inch color TFT LCD<\/td>\n<\/tr>\n<tr>\n<td>Ekrano rai\u0161ka<\/td>\n<td>1024 * 600<\/td>\n<\/tr>\n<tr>\n<td>Ekrano tipas<\/td>\n<td>Capacitive touch screen, touch buttons<\/td>\n<\/tr>\n<tr>\n<td>Valdymo s\u0105saja<\/td>\n<td>Flattened UI Operation Interface<\/td>\n<\/tr>\n<tr>\n<td>Audio \u012f\u0117jimas<\/td>\n<td>Built-in omnidirectional microphone<\/td>\n<\/tr>\n<tr>\n<td>Audio i\u0161\u0117jimas<\/td>\n<td>Built-in speakers<\/td>\n<\/tr>\n<tr>\n<td>Audio kompresijos standartas<\/td>\n<td>G.711U<\/td>\n<\/tr>\n<tr>\n<td>Audio kompresijos greitis<\/td>\n<td>64Kbps<\/td>\n<\/tr>\n<tr>\n<td>Audio\u00a0kokyb\u0117<\/td>\n<td>Noise Suppression and Echo Cancellation<\/td>\n<\/tr>\n<tr>\n<td>Tinklas<\/td>\n<td>10M \/ 100M adaptive<\/td>\n<\/tr>\n<tr>\n<td>Tinklo protokolai<\/td>\n<td>TCP \/ IP, SNMP, SIP, RTSP<\/td>\n<\/tr>\n<tr>\n<td>Bevielis tinklas<\/td>\n<td>WiFi 802.11b \/ g \/ n<\/td>\n<\/tr>\n<tr>\n<td>Aliarminiai \u012f\u0117jimai<\/td>\n<td>8 zones<\/td>\n<\/tr>\n<tr>\n<td>Interneto s\u0105saja<\/td>\n<td>1 RJ45 10M \/ 100M adaptive Ethernet port<\/td>\n<\/tr>\n<tr>\n<td>RS485<\/td>\n<td>2, RS485 half duplex<\/td>\n<\/tr>\n<tr>\n<td>IO i\u0161\u0117jimai<\/td>\n<td>2<\/td>\n<\/tr>\n<tr>\n<td>SD kortel\u0117s palaikymas<\/td>\n<td>TF card up to 32GB<\/td>\n<\/tr>\n<tr>\n<td>Maitinimas<\/td>\n<td>Power Over Network Cable (DS-KAD606, DS-KAD612)\/12 VDC<\/td>\n<\/tr>\n<tr>\n<td>Srov\u0117<\/td>\n<td>\u226410w<\/td>\n<\/tr>\n<tr>\n<td>Darbin\u0117 temperat\u016bra<\/td>\n<td>-10 \u2103 &#8211; + 55 \u2103<\/td>\n<\/tr>\n<tr>\n<td>Santykinis oro dr\u0117gnumas<\/td>\n<td>10% -90%<\/td>\n<\/tr>\n<tr>\n<td>I\u0161matavimai<\/td>\n<td>217mm \u00d7 142mm \u00d7 26mm<\/td>\n<\/tr>\n<tr>\n<td>Sertifikatai<\/td>\n<td>FCC, CE<\/td>\n<\/tr>\n<\/tbody>\n<\/table>\n","protected":false},"excerpt":{"rendered":"<p>0.3MP 7\u201c lietimui jautrus vidaus monitorius, 7 coli\u0173 spalvotas TFT LCD ekranas, ekrano rai\u0161ka: 1024 * 600, kameros rezoliucija: 640 * 480, 10\/100Mbps tinklas, Wi-Fi 802.11b\/g\/n, 8 x aliarminiai i\u0161\u0117jimai, SD kortel\u0117s palaikymas, PoE\/12 VDC.<\/p>\n","protected":false},"featured_media":482,"comment_status":"closed","ping_status":"closed","template":"","meta":[],"product_brand":[],"product_cat":[128],"product_tag":[32,132],"class_list":{"0":"post-2429","1":"product","2":"type-product","3":"status-publish","4":"has-post-thumbnail","6":"product_cat-ip-telefonspynes","7":"product_tag-hikvision","8":"product_tag-ip-domofonas","10":"first","11":"instock","12":"shipping-taxable","13":"purchasable","14":"product-type-simple"},"jetpack_sharing_enabled":true,"_links":{"self":[{"href":"https:\/\/apsaugos.lt\/index.php?rest_route=\/wp\/v2\/product\/2429","targetHints":{"allow":["GET"]}}],"collection":[{"href":"https:\/\/apsaugos.lt\/index.php?rest_route=\/wp\/v2\/product"}],"about":[{"href":"https:\/\/apsaugos.lt\/index.php?rest_route=\/wp\/v2\/types\/product"}],"replies":[{"embeddable":true,"href":"https:\/\/apsaugos.lt\/index.php?rest_route=%2Fwp%2Fv2%2Fcomments&post=2429"}],"wp:featuredmedia":[{"embeddable":true,"href":"https:\/\/apsaugos.lt\/index.php?rest_route=\/wp\/v2\/media\/482"}],"wp:attachment":[{"href":"https:\/\/apsaugos.lt\/index.php?rest_route=%2Fwp%2Fv2%2Fmedia&parent=2429"}],"wp:term":[{"taxonomy":"product_brand","embeddable":true,"href":"https:\/\/apsaugos.lt\/index.php?rest_route=%2Fwp%2Fv2%2Fproduct_brand&post=2429"},{"taxonomy":"product_cat","embeddable":true,"href":"https:\/\/apsaugos.lt\/index.php?rest_route=%2Fwp%2Fv2%2Fproduct_cat&post=2429"},{"taxonomy":"product_tag","embeddable":true,"href":"https:\/\/apsaugos.lt\/index.php?rest_route=%2Fwp%2Fv2%2Fproduct_tag&post=2429"}],"curies":[{"name":"wp","href":"https:\/\/api.w.org\/{rel}","templated":true}]}}