{"id":2431,"date":"2021-02-22T12:25:18","date_gmt":"2021-02-22T10:25:18","guid":{"rendered":"http:\/\/apsaugos.lt\/?product=import-placeholder-for-3873"},"modified":"2021-02-22T12:25:22","modified_gmt":"2021-02-22T10:25:22","slug":"video-telefonspynes-monitorius-hikvision-ds-kh6320-wte1","status":"publish","type":"product","link":"https:\/\/apsaugos.lt\/?product=video-telefonspynes-monitorius-hikvision-ds-kh6320-wte1","title":{"rendered":"Video telefonspyn\u0117s monitorius Hikvision DS-KH6320-WTE1"},"content":{"rendered":"<table border=\"0\">\n<tbody>\n<tr>\n<td class=\"td1\">Operacin\u0117 sistema:<\/td>\n<td class=\"td2\"><\/td>\n<td>Embedded Linux Operation System<\/td>\n<\/tr>\n<tr>\n<td class=\"td1\">Laikinoji atmintis:<\/td>\n<td class=\"td2\"><\/td>\n<td>32MB<\/td>\n<\/tr>\n<tr>\n<td class=\"td1\">Atmintis:<\/td>\n<td class=\"td2\"><\/td>\n<td>128MB<\/td>\n<\/tr>\n<tr>\n<td class=\"td1\">Ekranas:<\/td>\n<td class=\"td2\"><\/td>\n<td>7-Inch Colorful TFT LCD<\/td>\n<\/tr>\n<tr>\n<td class=\"td1\">Rezoliucija:<\/td>\n<td class=\"td2\"><\/td>\n<td>1024 \u00d7 600<\/td>\n<\/tr>\n<tr>\n<td class=\"td1\">Veikimo principas:<\/td>\n<td class=\"td2\"><\/td>\n<td>Capacitive touch screen<\/td>\n<\/tr>\n<tr>\n<td class=\"td1\">Audio \u012f\u0117jimas:<\/td>\n<td class=\"td2\"><\/td>\n<td>Built-in Omnidirectional Microphone<\/td>\n<\/tr>\n<tr>\n<td class=\"td1\">Audio \u012f\u0161\u0117jimas:<\/td>\n<td class=\"td2\"><\/td>\n<td>Built-in Loudspeaker<\/td>\n<\/tr>\n<tr>\n<td class=\"td1\">Audio kompresijos standartas:<\/td>\n<td class=\"td2\"><\/td>\n<td>G.711 U<\/td>\n<\/tr>\n<tr>\n<td class=\"td1\">Audio kompresijos greitis:<\/td>\n<td class=\"td2\"><\/td>\n<td>64 Kbps<\/td>\n<\/tr>\n<tr>\n<td class=\"td1\">Audio kokyb\u0117:<\/td>\n<td class=\"td2\"><\/td>\n<td>Noise Suppression and Echo Cancellation<\/td>\n<\/tr>\n<tr>\n<td class=\"td1\">Bevielis tinklas:<\/td>\n<td class=\"td2\"><\/td>\n<td>10\/100 Mbps self-adaptive network<\/td>\n<\/tr>\n<tr>\n<td class=\"td1\">Bevielis tinklas:<\/td>\n<td class=\"td2\"><\/td>\n<td>Wi-Fi 802.11b\/g\/n<\/td>\n<\/tr>\n<tr>\n<td class=\"td1\">Tinklo protokolas:<\/td>\n<td class=\"td2\"><\/td>\n<td>TCP\/IP, SIP, RTSP<\/td>\n<\/tr>\n<tr>\n<td class=\"td1\">Tinklo s\u0105saja:<\/td>\n<td class=\"td2\"><\/td>\n<td>1 RJ-45 10\/100 Mbps self-adaptive<\/td>\n<\/tr>\n<tr>\n<td class=\"td1\">Reliniai i\u0161\u0117jimai:<\/td>\n<td class=\"td2\"><\/td>\n<td>2<\/td>\n<\/tr>\n<tr>\n<td class=\"td1\">Aliarminiai \u012f\u0117jimai:<\/td>\n<td class=\"td2\"><\/td>\n<td>8-ch alarm inputs<\/td>\n<\/tr>\n<tr>\n<td class=\"td1\">RS-485:<\/td>\n<td class=\"td2\"><\/td>\n<td>1<\/td>\n<\/tr>\n<tr>\n<td class=\"td1\">TF kortel\u0117 (micro SD kortel\u0117):<\/td>\n<td class=\"td2\"><\/td>\n<td>Max to 32 G, SD 2.0 or lower version<\/td>\n<\/tr>\n<tr>\n<td class=\"td1\">Maitinimas:<\/td>\n<td class=\"td2\"><\/td>\n<td>IEEE802.3af standard PoE, 12 VDC\/1A<\/td>\n<\/tr>\n<tr>\n<td class=\"td1\">Suvartojimas:<\/td>\n<td class=\"td2\"><\/td>\n<td>\u22646W<\/td>\n<\/tr>\n<tr>\n<td class=\"td1\">Dr\u0117gnumas:<\/td>\n<td class=\"td2\"><\/td>\n<td>10% to 90%<\/td>\n<\/tr>\n<tr>\n<td class=\"td1\">Darbo temperat\u016bra:<\/td>\n<td class=\"td2\"><\/td>\n<td>-10\u00b0 C to + 55\u00b0 C (14\u00b0 F to 131\u00b0 F)<\/td>\n<\/tr>\n<tr>\n<td class=\"td1\">I\u0161matavimai:<\/td>\n<td class=\"td2\"><\/td>\n<td>200 mm \u00d7 140 mm \u00d7 15.1 mm (7.9&#8243; \u00d75.5&#8243; \u00d7 0.6&#8243;)<\/td>\n<\/tr>\n<\/tbody>\n<\/table>\n","protected":false},"excerpt":{"rendered":"<p>Operacin\u0117 sistema: Embedded Linux Operation System Laikinoji atmintis: 32MB Atmintis: 128MB Ekranas: 7-Inch Colorful TFT LCD Rezoliucija: 1024 \u00d7 600 Veikimo principas: Capacitive touch screen Audio \u012f\u0117jimas: Built-in Omnidirectional Microphone Audio \u012f\u0161\u0117jimas: Built-in Loudspeaker Audio kompresijos standartas: G.711 U Audio kompresijos greitis: 64 Kbps Audio kokyb\u0117: Noise Suppression and Echo Cancellation Bevielis tinklas: 10\/100 Mbps [&hellip;]<\/p>\n","protected":false},"featured_media":484,"comment_status":"closed","ping_status":"closed","template":"","meta":[],"product_brand":[],"product_cat":[128],"product_tag":[32],"class_list":{"0":"post-2431","1":"product","2":"type-product","3":"status-publish","4":"has-post-thumbnail","6":"product_cat-ip-telefonspynes","7":"product_tag-hikvision","9":"first","10":"instock","11":"shipping-taxable","12":"purchasable","13":"product-type-simple"},"jetpack_sharing_enabled":true,"_links":{"self":[{"href":"https:\/\/apsaugos.lt\/index.php?rest_route=\/wp\/v2\/product\/2431","targetHints":{"allow":["GET"]}}],"collection":[{"href":"https:\/\/apsaugos.lt\/index.php?rest_route=\/wp\/v2\/product"}],"about":[{"href":"https:\/\/apsaugos.lt\/index.php?rest_route=\/wp\/v2\/types\/product"}],"replies":[{"embeddable":true,"href":"https:\/\/apsaugos.lt\/index.php?rest_route=%2Fwp%2Fv2%2Fcomments&post=2431"}],"wp:featuredmedia":[{"embeddable":true,"href":"https:\/\/apsaugos.lt\/index.php?rest_route=\/wp\/v2\/media\/484"}],"wp:attachment":[{"href":"https:\/\/apsaugos.lt\/index.php?rest_route=%2Fwp%2Fv2%2Fmedia&parent=2431"}],"wp:term":[{"taxonomy":"product_brand","embeddable":true,"href":"https:\/\/apsaugos.lt\/index.php?rest_route=%2Fwp%2Fv2%2Fproduct_brand&post=2431"},{"taxonomy":"product_cat","embeddable":true,"href":"https:\/\/apsaugos.lt\/index.php?rest_route=%2Fwp%2Fv2%2Fproduct_cat&post=2431"},{"taxonomy":"product_tag","embeddable":true,"href":"https:\/\/apsaugos.lt\/index.php?rest_route=%2Fwp%2Fv2%2Fproduct_tag&post=2431"}],"curies":[{"name":"wp","href":"https:\/\/api.w.org\/{rel}","templated":true}]}}