{"id":2436,"date":"2021-02-22T12:25:24","date_gmt":"2021-02-22T10:25:24","guid":{"rendered":"http:\/\/apsaugos.lt\/?product=import-placeholder-for-3882"},"modified":"2021-02-22T12:25:26","modified_gmt":"2021-02-22T10:25:26","slug":"telefonspyne-daugiabuciams-dd-5100tl","status":"publish","type":"product","link":"https:\/\/apsaugos.lt\/?product=telefonspyne-daugiabuciams-dd-5100tl","title":{"rendered":"Telefonspyn\u0117 daugiabu\u010diams DD-5100TL"},"content":{"rendered":"<div>Galimyb\u0117 prijungti iki 255 abonent\u0173<\/div>\n<div>\u2022 Dvipusis garsinis ry\u0161ys su abonentu<\/div>\n<div>\u2022 Dvilaid\u0117 rageli\u0173 linija<\/div>\n<div>\u2022 Elektronini\u0173 TM identifikatori\u0173 (rakt\u0173) skaitytuvas*<\/div>\n<div>\u2022 Atstumini\u0173 RFID identifikatori\u0173 (korteli\u0173\/pakabuk\u0173) skaitytuvas*<\/div>\n<div>\u2022 Vidin\u0117 895 identifikatori\u0173 atmintis<\/div>\n<div>\u2022 Individualus dur\u0173 atrakinimo kodas kiekvienam abonentui<\/div>\n<div>\u2022 Galimyb\u0117 i\u0161jungti naudojim\u0105si dur\u0173 atrakinimo kodais<\/div>\n<div>\u2022 Galimyb\u0117 \u012fra\u0161yti du Serviso identifikatorius**<\/div>\n<div>\u2022 Duris atrakinti galima klaviat\u016bra \u012fvedus dur\u0173 atrakinimo kod\u0105, TM, RFID identifikatoriais, dur\u0173 atrakinimo<\/div>\n<div>mygtuku bei i\u0161 kiekvieno abonento telefonspyn\u0117s pasikalb\u0117jimo ragelio, pokalbio su sve\u010diu metu<\/div>\n<div>\u2022 Darbin\u0117 temperat\u016bra nuo -40 C iki +85 C<\/div>\n<div>\u2022 Ma\u017ei gabaritai \u2013 120x260x30 mm<\/div>\n<div>\u2022 Visa sistema maitinama vienu 12V maitinimo \u0161altiniu<\/div>\n<div>\u2022 Ma\u017eas energijos suvartojimas. Bud\u0117jimo re\u017eime su klavi\u0161\u0173 ap\u0161vietimu \u2013 12VDC, 85mA + elektronin\u0117s<\/div>\n<div>spynos sunaudojama srov\u0117<\/div>\n<div>\u2022 Gedim\u0173 indikacija<\/div>\n<div>\u2022 Skaitmeninis garso reguliavimas<\/div>\n<div>\u2022 Galimyb\u0117 atskirai reguliuoti garsiakalbio, mikrofono ir sistemos signal\u0173 garsum\u0105<\/div>\n<div>\u2022 Galimyb\u0117 u\u017eblokuoti atskirus abonentus, arba u\u017edrausti dur\u0173 atrakinim\u0105 i\u0161 ragelio<\/div>\n<div>\u2022 Trys adresacijos tipai \u2013 \u012fprastin\u0117, paslinkto diapazono, vie\u0161butin\u0117<\/div>\n<div>\u2022 Ry\u0161kus, keturi\u0173 skaitmen\u0173 \u0161viesos diod\u0173 informacinis displ\u0117jus<\/div>\n<div>\u2022 Garantuojamas klaviat\u016bros mygtuk\u0173 gyvavimo laikas iki 1 000 000 000 paspaudim\u0173<\/div>\n<div>\u2022 Galimyb\u0117 \u012fmontuoti vaizdo steb\u0117jimo kamer\u0105<\/div>\n<div>\u2022 \u012eleid\u017eiamo ir vir\u0161 tinko montavimo variantai (su stogeliu)<\/div>\n<div>\u2022 Garsin\u0117 ir vizualin\u0117 darbo re\u017eim\u0173 indikacija<\/div>\n<div>\u2022 Automatinis klaviat\u016bros pa\u0161vietimas tamsiu paros metu<\/div>\n<div>\u2022 Galimyb\u0117 sujungti kelet\u0105 sistem\u0173 \u012f tinkl\u0105<\/div>\n<div>\u2022 Sistemos PIN kodo apsauga<\/div>\n<div>\u2022 Apsauga nuo elektro\u0161oko<\/div>\n<div>\u2022 Neribotas prie vieno buto priri\u0161am\u0173 identifikatori\u0173 skai\u010dius<\/div>\n<div>\u2022 Patogius ir paprastas sistemos programavimas<\/div>\n<div>\u2022 Galimyb\u0117 patiems vartotojams u\u017esiprogramuoti\/pakeisti dur\u0173 atrakinimo kodus<\/div>\n<div>\u2022 Galimyb\u0117 patiems vartotojams u\u017esiprogramuoti TM\/RFID identifikatorius<\/div>\n","protected":false},"excerpt":{"rendered":"<p>Telefonspyn\u0117 daugiabu\u010diams DD-5100TL<\/p>\n","protected":false},"featured_media":519,"comment_status":"closed","ping_status":"closed","template":"","meta":[],"product_brand":[],"product_cat":[134],"product_tag":[],"class_list":{"0":"post-2436","1":"product","2":"type-product","3":"status-publish","4":"has-post-thumbnail","6":"product_cat-audio-telefonspynes","8":"first","9":"instock","10":"shipping-taxable","11":"purchasable","12":"product-type-simple"},"jetpack_sharing_enabled":true,"_links":{"self":[{"href":"https:\/\/apsaugos.lt\/index.php?rest_route=\/wp\/v2\/product\/2436","targetHints":{"allow":["GET"]}}],"collection":[{"href":"https:\/\/apsaugos.lt\/index.php?rest_route=\/wp\/v2\/product"}],"about":[{"href":"https:\/\/apsaugos.lt\/index.php?rest_route=\/wp\/v2\/types\/product"}],"replies":[{"embeddable":true,"href":"https:\/\/apsaugos.lt\/index.php?rest_route=%2Fwp%2Fv2%2Fcomments&post=2436"}],"wp:featuredmedia":[{"embeddable":true,"href":"https:\/\/apsaugos.lt\/index.php?rest_route=\/wp\/v2\/media\/519"}],"wp:attachment":[{"href":"https:\/\/apsaugos.lt\/index.php?rest_route=%2Fwp%2Fv2%2Fmedia&parent=2436"}],"wp:term":[{"taxonomy":"product_brand","embeddable":true,"href":"https:\/\/apsaugos.lt\/index.php?rest_route=%2Fwp%2Fv2%2Fproduct_brand&post=2436"},{"taxonomy":"product_cat","embeddable":true,"href":"https:\/\/apsaugos.lt\/index.php?rest_route=%2Fwp%2Fv2%2Fproduct_cat&post=2436"},{"taxonomy":"product_tag","embeddable":true,"href":"https:\/\/apsaugos.lt\/index.php?rest_route=%2Fwp%2Fv2%2Fproduct_tag&post=2436"}],"curies":[{"name":"wp","href":"https:\/\/api.w.org\/{rel}","templated":true}]}}