{"id":2447,"date":"2021-02-22T12:25:25","date_gmt":"2021-02-22T10:25:25","guid":{"rendered":"http:\/\/apsaugos.lt\/?product=import-placeholder-for-3904"},"modified":"2021-02-22T12:25:28","modified_gmt":"2021-02-22T10:25:28","slug":"dr-1-virstinkinio-montavimo-stogelis-telefonspynei-dd-5100","status":"publish","type":"product","link":"https:\/\/apsaugos.lt\/?product=dr-1-virstinkinio-montavimo-stogelis-telefonspynei-dd-5100","title":{"rendered":"DR-1 vir\u0161tinkinio montavimo stogelis telefonspynei DD-5100"},"content":{"rendered":"<ul>\n<li>Vir\u0161tinkinio montavimo stogelis yra b\u016btinas norint sumontuoti telefonspyn\u0119 DD-5000 ar DD-5100 ant sienos papras\u010diausiu b\u016bdu, ne\u012fleid\u017eiant jos \u012f tink\u0105.<\/li>\n<li>Stogelis apsaugo \u012frengin\u012f nuo tiesioginio lietaus bei kit\u0173 aplinkos veiksni\u0173.<\/li>\n<\/ul>\n","protected":false},"excerpt":{"rendered":"<p>Vir\u0161tinkinio montavimo stogelis yra b\u016btinas norint sumontuoti telefonspyn\u0119 DD-5000 ar DD-5100 ant sienos papras\u010diausiu b\u016bdu, ne\u012fleid\u017eiant jos \u012f tink\u0105. Stogelis apsaugo \u012frengin\u012f nuo tiesioginio lietaus bei kit\u0173 aplinkos veiksni\u0173.<\/p>\n","protected":false},"featured_media":529,"comment_status":"closed","ping_status":"closed","template":"","meta":[],"product_brand":[],"product_cat":[134],"product_tag":[],"class_list":{"0":"post-2447","1":"product","2":"type-product","3":"status-publish","4":"has-post-thumbnail","6":"product_cat-audio-telefonspynes","8":"first","9":"instock","10":"shipping-taxable","11":"purchasable","12":"product-type-simple"},"jetpack_sharing_enabled":true,"_links":{"self":[{"href":"https:\/\/apsaugos.lt\/index.php?rest_route=\/wp\/v2\/product\/2447","targetHints":{"allow":["GET"]}}],"collection":[{"href":"https:\/\/apsaugos.lt\/index.php?rest_route=\/wp\/v2\/product"}],"about":[{"href":"https:\/\/apsaugos.lt\/index.php?rest_route=\/wp\/v2\/types\/product"}],"replies":[{"embeddable":true,"href":"https:\/\/apsaugos.lt\/index.php?rest_route=%2Fwp%2Fv2%2Fcomments&post=2447"}],"wp:featuredmedia":[{"embeddable":true,"href":"https:\/\/apsaugos.lt\/index.php?rest_route=\/wp\/v2\/media\/529"}],"wp:attachment":[{"href":"https:\/\/apsaugos.lt\/index.php?rest_route=%2Fwp%2Fv2%2Fmedia&parent=2447"}],"wp:term":[{"taxonomy":"product_brand","embeddable":true,"href":"https:\/\/apsaugos.lt\/index.php?rest_route=%2Fwp%2Fv2%2Fproduct_brand&post=2447"},{"taxonomy":"product_cat","embeddable":true,"href":"https:\/\/apsaugos.lt\/index.php?rest_route=%2Fwp%2Fv2%2Fproduct_cat&post=2447"},{"taxonomy":"product_tag","embeddable":true,"href":"https:\/\/apsaugos.lt\/index.php?rest_route=%2Fwp%2Fv2%2Fproduct_tag&post=2447"}],"curies":[{"name":"wp","href":"https:\/\/api.w.org\/{rel}","templated":true}]}}