{"id":2453,"date":"2021-02-22T12:25:25","date_gmt":"2021-02-22T10:25:25","guid":{"rendered":"http:\/\/apsaugos.lt\/?product=import-placeholder-for-3918"},"modified":"2021-02-22T12:25:29","modified_gmt":"2021-02-22T10:25:29","slug":"gsm-telefonspyne-daugiabuciui","status":"publish","type":"product","link":"https:\/\/apsaugos.lt\/?product=gsm-telefonspyne-daugiabuciui","title":{"rendered":"GSM telefonspyn\u0117 daugiabu\u010diui"},"content":{"rendered":"<p>Maitinimo \u012ftampa: DC 12V\/1.5A<br \/>\nNaudojama srov\u0117 : bud\u0117jimo :12V\/70mA; darbin\u0117 Max.: 12V\/300mA<br \/>\nGSM Da\u017enis : 850\/900\/1800\/1900Mhz\/ 3G WCDMA\/3G CDMA2000<br \/>\nSi\u0173stuvo galia : Class 4 (2W) at EGSM 900 and EGSM 850 Class 1 (1W) at GSM 1800 and GSM 1900<br \/>\nSIM jungtis : 3V SIM Card<br \/>\nI\u0161orin\u0117 antena : SMA , 50 Ohm<br \/>\nPalaikomas vartotoj\u0173 skai\u010dius : 1000<br \/>\nPalaikomas b\u016bt\u0173 skai\u010dius :200<br \/>\nMifare korteli\u0173 skai\u010dius : 1000(M1 S50)<br \/>\nReliniai i\u0161\u0117jimai : 2, 5A\/30VDC,5A\/250VAC<br \/>\nDarbin\u0117 temperat\u016bra : -15- +70 \u00b0C<\/p>\n","protected":false},"excerpt":{"rendered":"<p>GSM telefonspyn\u0117 skirta daugiabu\u010diui, arba ofiso patalpoms. Greitas instaliavimas, paprastas administravimas. Pamir\u0161kite apie laid\u0173 ved\u017eiojim\u0105<\/p>\n","protected":false},"featured_media":554,"comment_status":"closed","ping_status":"closed","template":"","meta":[],"product_brand":[],"product_cat":[136],"product_tag":[137,138],"class_list":{"0":"post-2453","1":"product","2":"type-product","3":"status-publish","4":"has-post-thumbnail","6":"product_cat-gsm-telefonspynes","7":"product_tag-gsm-domofonas","8":"product_tag-gsm-telefonspyne","10":"first","11":"instock","12":"shipping-taxable","13":"purchasable","14":"product-type-simple"},"jetpack_sharing_enabled":true,"_links":{"self":[{"href":"https:\/\/apsaugos.lt\/index.php?rest_route=\/wp\/v2\/product\/2453","targetHints":{"allow":["GET"]}}],"collection":[{"href":"https:\/\/apsaugos.lt\/index.php?rest_route=\/wp\/v2\/product"}],"about":[{"href":"https:\/\/apsaugos.lt\/index.php?rest_route=\/wp\/v2\/types\/product"}],"replies":[{"embeddable":true,"href":"https:\/\/apsaugos.lt\/index.php?rest_route=%2Fwp%2Fv2%2Fcomments&post=2453"}],"wp:featuredmedia":[{"embeddable":true,"href":"https:\/\/apsaugos.lt\/index.php?rest_route=\/wp\/v2\/media\/554"}],"wp:attachment":[{"href":"https:\/\/apsaugos.lt\/index.php?rest_route=%2Fwp%2Fv2%2Fmedia&parent=2453"}],"wp:term":[{"taxonomy":"product_brand","embeddable":true,"href":"https:\/\/apsaugos.lt\/index.php?rest_route=%2Fwp%2Fv2%2Fproduct_brand&post=2453"},{"taxonomy":"product_cat","embeddable":true,"href":"https:\/\/apsaugos.lt\/index.php?rest_route=%2Fwp%2Fv2%2Fproduct_cat&post=2453"},{"taxonomy":"product_tag","embeddable":true,"href":"https:\/\/apsaugos.lt\/index.php?rest_route=%2Fwp%2Fv2%2Fproduct_tag&post=2453"}],"curies":[{"name":"wp","href":"https:\/\/api.w.org\/{rel}","templated":true}]}}