{"id":2460,"date":"2021-02-22T12:25:26","date_gmt":"2021-02-22T10:25:26","guid":{"rendered":"http:\/\/apsaugos.lt\/?product=import-placeholder-for-3944"},"modified":"2021-02-22T12:25:30","modified_gmt":"2021-02-22T10:25:30","slug":"2084-ej-sklende","status":"publish","type":"product","link":"https:\/\/apsaugos.lt\/?product=2084-ej-sklende","title":{"rendered":"2084-EJ Sklend\u0117"},"content":{"rendered":"<p>Maitinimas 12 V DC 170mA<\/p>\n<p>Sklendes I\u0161matavimai 184 x 28 x 34(mm)<\/p>\n<p>Darbin\u0117 temperat\u016bra-20\u00b0C ~ +55\u00b0C<\/p>\n<p>Svoris 0,3 kg<\/p>\n","protected":false},"excerpt":{"rendered":"<p>Maitinimas 12 V DC 170mA Sklendes I\u0161matavimai 184 x 28 x 34(mm) Darbin\u0117 temperat\u016bra-20\u00b0C ~ +55\u00b0C Svoris 0,3 kg<\/p>\n","protected":false},"featured_media":561,"comment_status":"closed","ping_status":"closed","template":"","meta":[],"product_brand":[],"product_cat":[139],"product_tag":[],"class_list":{"0":"post-2460","1":"product","2":"type-product","3":"status-publish","4":"has-post-thumbnail","6":"product_cat-sklendes","8":"first","9":"instock","10":"shipping-taxable","11":"purchasable","12":"product-type-simple"},"jetpack_sharing_enabled":true,"_links":{"self":[{"href":"https:\/\/apsaugos.lt\/index.php?rest_route=\/wp\/v2\/product\/2460","targetHints":{"allow":["GET"]}}],"collection":[{"href":"https:\/\/apsaugos.lt\/index.php?rest_route=\/wp\/v2\/product"}],"about":[{"href":"https:\/\/apsaugos.lt\/index.php?rest_route=\/wp\/v2\/types\/product"}],"replies":[{"embeddable":true,"href":"https:\/\/apsaugos.lt\/index.php?rest_route=%2Fwp%2Fv2%2Fcomments&post=2460"}],"wp:featuredmedia":[{"embeddable":true,"href":"https:\/\/apsaugos.lt\/index.php?rest_route=\/wp\/v2\/media\/561"}],"wp:attachment":[{"href":"https:\/\/apsaugos.lt\/index.php?rest_route=%2Fwp%2Fv2%2Fmedia&parent=2460"}],"wp:term":[{"taxonomy":"product_brand","embeddable":true,"href":"https:\/\/apsaugos.lt\/index.php?rest_route=%2Fwp%2Fv2%2Fproduct_brand&post=2460"},{"taxonomy":"product_cat","embeddable":true,"href":"https:\/\/apsaugos.lt\/index.php?rest_route=%2Fwp%2Fv2%2Fproduct_cat&post=2460"},{"taxonomy":"product_tag","embeddable":true,"href":"https:\/\/apsaugos.lt\/index.php?rest_route=%2Fwp%2Fv2%2Fproduct_tag&post=2460"}],"curies":[{"name":"wp","href":"https:\/\/api.w.org\/{rel}","templated":true}]}}