{"id":2473,"date":"2021-02-22T12:25:33","date_gmt":"2021-02-22T10:25:33","guid":{"rendered":"http:\/\/apsaugos.lt\/?product=import-placeholder-for-4017"},"modified":"2021-02-22T12:25:35","modified_gmt":"2021-02-22T10:25:35","slug":"hibridine-apsaugos-sistema-su-gsm-gprs-ir-belaidziais-moduliais-esim384","status":"publish","type":"product","link":"https:\/\/apsaugos.lt\/?product=hibridine-apsaugos-sistema-su-gsm-gprs-ir-belaidziais-moduliais-esim384","title":{"rendered":"Hibridin\u0117 apsaugos sistema su GSM\/GPRS ir belaid\u017eiais moduliais ESIM384"},"content":{"rendered":"<table border=\"1\" width=\"325\">\n<tbody>\n<tr>\n<td>Pagrindinis maitinimo \u0161altinis<\/td>\n<td>16-24V 50\/60 Hz ~1.5A max \/ 18-24V 1,5A max<\/td>\n<\/tr>\n<tr>\n<td>Rekomenduojama atsargin\u0117s baterijos talpa<\/td>\n<td>12V; 1,3-7Ah<\/td>\n<\/tr>\n<tr>\n<td>Atsargin\u0117s baterijos krovimo trukm\u0117<\/td>\n<td>Iki\u00a030\u00a0valand\u0173 7Ah baterijai<\/td>\n<\/tr>\n<tr>\n<td>GSM modemo da\u017enis<\/td>\n<td>850\/900\/1800\/1900 MHz<\/td>\n<\/tr>\n<tr>\n<td>PGM ta\u0161k\u0173 skai\u010dius<\/td>\n<td>4<\/td>\n<\/tr>\n<tr>\n<td>Maksimalus temperat\u016bros jutikli\u0173 skai\u010dius<\/td>\n<td>8<\/td>\n<\/tr>\n<tr>\n<td>Belaid\u017eio ry\u0161io da\u017enis<\/td>\n<td>ISM868 \/ISM 915<\/td>\n<\/tr>\n<tr>\n<td>Ry\u0161ys<\/td>\n<td>SMS, Voice calls, GPRS network, CSD, PSTN, Ethernet via ELAN3- ALARM<\/td>\n<\/tr>\n<tr>\n<td>Palaikomi ry\u0161io protokolai<\/td>\n<td>Ademco Contact ID, EGR100, Kronos, Cortex SMS, SIA IP<\/td>\n<\/tr>\n<tr>\n<td>Matmenys<\/td>\n<td>140x100x18mm (5.51\u00d73.94\u00d70.71in)<\/td>\n<\/tr>\n<tr>\n<td>Darbo temperat\u016bros diapazonas<\/td>\n<td>-20\u2026+55\u00b0C (-4\u2026 +131\u00b0F)<\/td>\n<\/tr>\n<tr>\n<td>Oro dr\u0117gm\u0117<\/td>\n<td>0-90% RH @ 0\u2026 +40\u00b0C (0-90% RH @ +32\u2026 +104\u00b0F) (non-condensing)<\/td>\n<\/tr>\n<\/tbody>\n<\/table>\n","protected":false},"excerpt":{"rendered":"<p>ESIM384 yra lanksti ir galinga ELDES apsaugos sistema, atitinkanti ES standartus. Sistema siun\u010dia informacij\u0105 apie objekto b\u016bkl\u0119 (GSM\/GPRS, PSTN arba LAN) saugos tarnyb\u0173 steb\u0117jimo pultams ir\/arba tiesiogiai objekt\u0173 \u0161eimininkams. Naudodami Eldes Utility programin\u0119 \u012frang\u0105, prie ESIM384 gal\u0117site prijungti ELDES naujos kartos belaid\u017eius jutiklius bei valdiklius.<\/p>\n","protected":false},"featured_media":566,"comment_status":"closed","ping_status":"closed","template":"","meta":[],"product_brand":[],"product_cat":[144],"product_tag":[107,145],"class_list":{"0":"post-2473","1":"product","2":"type-product","3":"status-publish","4":"has-post-thumbnail","6":"product_cat-eldes-produkcija","7":"product_tag-eldes","8":"product_tag-esim384","10":"first","11":"instock","12":"shipping-taxable","13":"purchasable","14":"product-type-simple"},"jetpack_sharing_enabled":true,"_links":{"self":[{"href":"https:\/\/apsaugos.lt\/index.php?rest_route=\/wp\/v2\/product\/2473","targetHints":{"allow":["GET"]}}],"collection":[{"href":"https:\/\/apsaugos.lt\/index.php?rest_route=\/wp\/v2\/product"}],"about":[{"href":"https:\/\/apsaugos.lt\/index.php?rest_route=\/wp\/v2\/types\/product"}],"replies":[{"embeddable":true,"href":"https:\/\/apsaugos.lt\/index.php?rest_route=%2Fwp%2Fv2%2Fcomments&post=2473"}],"wp:featuredmedia":[{"embeddable":true,"href":"https:\/\/apsaugos.lt\/index.php?rest_route=\/wp\/v2\/media\/566"}],"wp:attachment":[{"href":"https:\/\/apsaugos.lt\/index.php?rest_route=%2Fwp%2Fv2%2Fmedia&parent=2473"}],"wp:term":[{"taxonomy":"product_brand","embeddable":true,"href":"https:\/\/apsaugos.lt\/index.php?rest_route=%2Fwp%2Fv2%2Fproduct_brand&post=2473"},{"taxonomy":"product_cat","embeddable":true,"href":"https:\/\/apsaugos.lt\/index.php?rest_route=%2Fwp%2Fv2%2Fproduct_cat&post=2473"},{"taxonomy":"product_tag","embeddable":true,"href":"https:\/\/apsaugos.lt\/index.php?rest_route=%2Fwp%2Fv2%2Fproduct_tag&post=2473"}],"curies":[{"name":"wp","href":"https:\/\/api.w.org\/{rel}","templated":true}]}}