{"id":2476,"date":"2021-02-22T12:25:33","date_gmt":"2021-02-22T10:25:33","guid":{"rendered":"http:\/\/apsaugos.lt\/?product=import-placeholder-for-4023"},"modified":"2021-02-22T12:25:36","modified_gmt":"2021-02-22T10:25:36","slug":"klaviatura-ekb3","status":"publish","type":"product","link":"https:\/\/apsaugos.lt\/?product=klaviatura-ekb3","title":{"rendered":"Klaviat\u016bra EKB3"},"content":{"rendered":"<ul>\n<li>apsaugos \u012fjungimas ir i\u0161jungimas<\/li>\n<li>STAY re\u017eimo \u012fjungimas ir i\u0161jungimas<\/li>\n<li>sistemos parametr\u0173 konfig\u016bravimas<\/li>\n<li>informacijos atvaizdavimas LED indikatoriais<\/li>\n<li>informavimas apie sistemos b\u016bsen\u0105 garsinio signalizatoriaus pagalba<\/li>\n<\/ul>\n","protected":false},"excerpt":{"rendered":"<p>Klaviat\u016broje naudojami dviej\u0173 lygi\u0173 slapta\u017eod\u017eiai &#8211; vartotojo bei administratoriaus. Sistemos konfig\u016bravimas atliekamas surinkus administratoriaus slapta\u017eod\u012f bei naudojantis programavimo komandomis. Vienu metu prie ESIM264 gali b\u016bti prijungta iki 4 EKB3 klaviat\u016br\u0173. Klaviat\u016broje esantis garsinis signalizatorius prane\u0161a apie s\u0117kming\u0105\/nes\u0117kming\u0105 funkcij\u0173 \u012fvykdym\u0105, \u012f\u0117jimo bei i\u0161\u0117jimo laik\u0173 skai\u010diavim\u0105.<\/p>\n","protected":false},"featured_media":569,"comment_status":"closed","ping_status":"closed","template":"","meta":[],"product_brand":[],"product_cat":[144],"product_tag":[107],"class_list":{"0":"post-2476","1":"product","2":"type-product","3":"status-publish","4":"has-post-thumbnail","6":"product_cat-eldes-produkcija","7":"product_tag-eldes","9":"first","10":"instock","11":"shipping-taxable","12":"purchasable","13":"product-type-simple"},"jetpack_sharing_enabled":true,"_links":{"self":[{"href":"https:\/\/apsaugos.lt\/index.php?rest_route=\/wp\/v2\/product\/2476","targetHints":{"allow":["GET"]}}],"collection":[{"href":"https:\/\/apsaugos.lt\/index.php?rest_route=\/wp\/v2\/product"}],"about":[{"href":"https:\/\/apsaugos.lt\/index.php?rest_route=\/wp\/v2\/types\/product"}],"replies":[{"embeddable":true,"href":"https:\/\/apsaugos.lt\/index.php?rest_route=%2Fwp%2Fv2%2Fcomments&post=2476"}],"wp:featuredmedia":[{"embeddable":true,"href":"https:\/\/apsaugos.lt\/index.php?rest_route=\/wp\/v2\/media\/569"}],"wp:attachment":[{"href":"https:\/\/apsaugos.lt\/index.php?rest_route=%2Fwp%2Fv2%2Fmedia&parent=2476"}],"wp:term":[{"taxonomy":"product_brand","embeddable":true,"href":"https:\/\/apsaugos.lt\/index.php?rest_route=%2Fwp%2Fv2%2Fproduct_brand&post=2476"},{"taxonomy":"product_cat","embeddable":true,"href":"https:\/\/apsaugos.lt\/index.php?rest_route=%2Fwp%2Fv2%2Fproduct_cat&post=2476"},{"taxonomy":"product_tag","embeddable":true,"href":"https:\/\/apsaugos.lt\/index.php?rest_route=%2Fwp%2Fv2%2Fproduct_tag&post=2476"}],"curies":[{"name":"wp","href":"https:\/\/api.w.org\/{rel}","templated":true}]}}