{"id":2481,"date":"2021-02-22T12:25:33","date_gmt":"2021-02-22T10:25:33","guid":{"rendered":"http:\/\/apsaugos.lt\/?product=import-placeholder-for-4033"},"modified":"2021-02-22T12:25:37","modified_gmt":"2021-02-22T10:25:37","slug":"belaide-klaviatura-ewkb5","status":"publish","type":"product","link":"https:\/\/apsaugos.lt\/?product=belaide-klaviatura-ewkb5","title":{"rendered":"Belaid\u0117 klaviat\u016bra EWKB5"},"content":{"rendered":"<table border=\"1\">\n<tbody>\n<tr>\n<td>Maitinimo \u012ftampa<\/td>\n<td>8-15V == 400mA maks.<\/td>\n<\/tr>\n<tr>\n<td>Palaikomos baterijos<\/td>\n<td>1,5V Lithium AA type FR6 (IEC) \/ 15LF (ANSI\/NEDA)<\/td>\n<\/tr>\n<tr>\n<td>Baterij\u0173 skai\u010dius<\/td>\n<td>6<\/td>\n<\/tr>\n<tr>\n<td>Baterij\u0173 tarnavimo trukm\u0117<\/td>\n<td>~14 months\u00a0(\u0160is laikotarpis gali skirtis, atsi\u017evelgiant \u012f naudojimo s\u0105lygas)<\/td>\n<\/tr>\n<tr>\n<td>Ekranas<\/td>\n<td>4.3in; 480\u00d7272\u00a0\u201etrue-colour\u201c lie\u010diamasis ekranas<\/td>\n<\/tr>\n<tr>\n<td>Belaid\u017eio ry\u0161io da\u017eni\u0173 juosta<\/td>\n<td>ISM868\/ISM915<\/td>\n<\/tr>\n<tr>\n<td>Darbo temperat\u016bros diapazonas<\/td>\n<td>0\u2026+50\u00b0C (+32\u2026 +122\u00b0F)<\/td>\n<\/tr>\n<tr>\n<td>Dr\u0117gm\u0117<\/td>\n<td>0-80% RH @ 0\u2026 +40\u00b0C (0-80% RH @ +32\u2026 +104\u00b0F) (be kondensato)<\/td>\n<\/tr>\n<tr>\n<td>Belaid\u017eio veikimo atstumas<\/td>\n<td>Iki 1000m (~3281t) atvirose vietose<\/td>\n<\/tr>\n<tr>\n<td>I\u0161matavimai<\/td>\n<td>138x96x22 mm (5.43\u00d73.78\u00d70.87in)<\/td>\n<\/tr>\n<tr>\n<td>Suderinamumas su apsaugos sistemomis<\/td>\n<td>ELDES Wireless<\/td>\n<\/tr>\n<\/tbody>\n<\/table>\n","protected":false},"excerpt":{"rendered":"<p>Belaid\u0117 lietimui jautri klaviat\u016bra EWKB5, Maitinama baterijomis, Itin paprastai naudojama, Belaid\u0117, Balsin\u0117 informacija.<\/p>\n","protected":false},"featured_media":574,"comment_status":"closed","ping_status":"closed","template":"","meta":[],"product_brand":[],"product_cat":[144],"product_tag":[107],"class_list":{"0":"post-2481","1":"product","2":"type-product","3":"status-publish","4":"has-post-thumbnail","6":"product_cat-eldes-produkcija","7":"product_tag-eldes","9":"first","10":"instock","11":"shipping-taxable","12":"purchasable","13":"product-type-simple"},"jetpack_sharing_enabled":true,"_links":{"self":[{"href":"https:\/\/apsaugos.lt\/index.php?rest_route=\/wp\/v2\/product\/2481","targetHints":{"allow":["GET"]}}],"collection":[{"href":"https:\/\/apsaugos.lt\/index.php?rest_route=\/wp\/v2\/product"}],"about":[{"href":"https:\/\/apsaugos.lt\/index.php?rest_route=\/wp\/v2\/types\/product"}],"replies":[{"embeddable":true,"href":"https:\/\/apsaugos.lt\/index.php?rest_route=%2Fwp%2Fv2%2Fcomments&post=2481"}],"wp:featuredmedia":[{"embeddable":true,"href":"https:\/\/apsaugos.lt\/index.php?rest_route=\/wp\/v2\/media\/574"}],"wp:attachment":[{"href":"https:\/\/apsaugos.lt\/index.php?rest_route=%2Fwp%2Fv2%2Fmedia&parent=2481"}],"wp:term":[{"taxonomy":"product_brand","embeddable":true,"href":"https:\/\/apsaugos.lt\/index.php?rest_route=%2Fwp%2Fv2%2Fproduct_brand&post=2481"},{"taxonomy":"product_cat","embeddable":true,"href":"https:\/\/apsaugos.lt\/index.php?rest_route=%2Fwp%2Fv2%2Fproduct_cat&post=2481"},{"taxonomy":"product_tag","embeddable":true,"href":"https:\/\/apsaugos.lt\/index.php?rest_route=%2Fwp%2Fv2%2Fproduct_tag&post=2481"}],"curies":[{"name":"wp","href":"https:\/\/api.w.org\/{rel}","templated":true}]}}