{"id":2501,"date":"2021-02-22T12:25:40","date_gmt":"2021-02-22T10:25:40","guid":{"rendered":"http:\/\/apsaugos.lt\/?product=import-placeholder-for-4075"},"modified":"2021-02-22T12:25:43","modified_gmt":"2021-02-22T10:25:43","slug":"multifunkcine-klaviatura-su-skambuciu-s601em-w","status":"publish","type":"product","link":"https:\/\/apsaugos.lt\/?product=multifunkcine-klaviatura-su-skambuciu-s601em-w","title":{"rendered":"Multifunkcin\u0117 klaviat\u016bra su skambu\u010diu S601EM-W"},"content":{"rendered":"<table border=\"1\">\n<tbody>\n<tr>\n<td>Veikimo \u012ftampa<\/td>\n<td>DC 12V\u00b110%<\/td>\n<\/tr>\n<tr>\n<td>Vartotojai<\/td>\n<td>2000<\/td>\n<\/tr>\n<tr>\n<td>Kortel\u0117s tipas<\/td>\n<td>EM<\/td>\n<\/tr>\n<tr>\n<td>Kortel\u0117s skaitymo atstumas<\/td>\n<td>3-6 cm<\/td>\n<\/tr>\n<tr>\n<td>Veikimo temperat\u016bra<\/td>\n<td>-45\uff5e60\u2103<\/td>\n<\/tr>\n<tr>\n<td>IP apsaugos klas\u0117<\/td>\n<td>Conforms to IP68<\/td>\n<\/tr>\n<tr>\n<td>Wiegand s\u0105saja<\/td>\n<td>Wiegand 26 bits<\/td>\n<\/tr>\n<tr>\n<td>Laidinis pajungimas<\/td>\n<td>Electric Lock, Exit Button, External Alarm &amp; Reader<\/td>\n<\/tr>\n<tr>\n<td>I\u0161matavimai<\/td>\n<td>L120 x W58x H20 mm<\/td>\n<\/tr>\n<\/tbody>\n<\/table>\n","protected":false},"excerpt":{"rendered":"<p>Metalin\u0117 multifunkcin\u0117 klaviat\u016bra su skambu\u010diu, RFID, Wiegand, IP68<\/p>\n","protected":false},"featured_media":621,"comment_status":"closed","ping_status":"closed","template":"","meta":[],"product_brand":[],"product_cat":[28],"product_tag":[],"class_list":{"0":"post-2501","1":"product","2":"type-product","3":"status-publish","4":"has-post-thumbnail","6":"product_cat-kodines-klaviaturos","8":"first","9":"instock","10":"shipping-taxable","11":"purchasable","12":"product-type-simple"},"jetpack_sharing_enabled":true,"_links":{"self":[{"href":"https:\/\/apsaugos.lt\/index.php?rest_route=\/wp\/v2\/product\/2501","targetHints":{"allow":["GET"]}}],"collection":[{"href":"https:\/\/apsaugos.lt\/index.php?rest_route=\/wp\/v2\/product"}],"about":[{"href":"https:\/\/apsaugos.lt\/index.php?rest_route=\/wp\/v2\/types\/product"}],"replies":[{"embeddable":true,"href":"https:\/\/apsaugos.lt\/index.php?rest_route=%2Fwp%2Fv2%2Fcomments&post=2501"}],"wp:featuredmedia":[{"embeddable":true,"href":"https:\/\/apsaugos.lt\/index.php?rest_route=\/wp\/v2\/media\/621"}],"wp:attachment":[{"href":"https:\/\/apsaugos.lt\/index.php?rest_route=%2Fwp%2Fv2%2Fmedia&parent=2501"}],"wp:term":[{"taxonomy":"product_brand","embeddable":true,"href":"https:\/\/apsaugos.lt\/index.php?rest_route=%2Fwp%2Fv2%2Fproduct_brand&post=2501"},{"taxonomy":"product_cat","embeddable":true,"href":"https:\/\/apsaugos.lt\/index.php?rest_route=%2Fwp%2Fv2%2Fproduct_cat&post=2501"},{"taxonomy":"product_tag","embeddable":true,"href":"https:\/\/apsaugos.lt\/index.php?rest_route=%2Fwp%2Fv2%2Fproduct_tag&post=2501"}],"curies":[{"name":"wp","href":"https:\/\/api.w.org\/{rel}","templated":true}]}}