{"id":2557,"date":"2021-02-22T12:25:56","date_gmt":"2021-02-22T10:25:56","guid":{"rendered":"http:\/\/apsaugos.lt\/?product=import-placeholder-for-4353"},"modified":"2021-02-22T12:25:58","modified_gmt":"2021-02-22T10:25:58","slug":"roger-pr411dr","status":"publish","type":"product","link":"https:\/\/apsaugos.lt\/?product=roger-pr411dr","title":{"rendered":"ROGER PR411DR"},"content":{"rendered":"<p>Vien\u0173 dur\u0173 kontroleris, \u012fmontuotas plastikiniame korpuse, kuris gali b\u016bti montuojamas ant 35mm DIN b\u0117gelio. AC maitinimas, komplektuojamas su 1.5A rezerviniu maitinimo \u0161altiniu. Darbui reikalingi i\u0161oriniai skaitytuvai.<\/p>\n","protected":false},"excerpt":{"rendered":"<p>Vien\u0173 dur\u0173 kontroleris, \u012fmontuotas plastikiniame korpuse, kuris gali b\u016bti montuojamas ant 35mm DIN b\u0117gelio. AC maitinimas, komplektuojamas su 1.5A rezerviniu maitinimo \u0161altiniu. Darbui reikalingi i\u0161oriniai skaitytuvai.<\/p>\n","protected":false},"featured_media":726,"comment_status":"closed","ping_status":"closed","template":"","meta":[],"product_brand":[],"product_cat":[179],"product_tag":[141],"class_list":{"0":"post-2557","1":"product","2":"type-product","3":"status-publish","4":"has-post-thumbnail","6":"product_cat-roger","7":"product_tag-roger","9":"first","10":"instock","11":"shipping-taxable","12":"purchasable","13":"product-type-simple"},"jetpack_sharing_enabled":true,"_links":{"self":[{"href":"https:\/\/apsaugos.lt\/index.php?rest_route=\/wp\/v2\/product\/2557","targetHints":{"allow":["GET"]}}],"collection":[{"href":"https:\/\/apsaugos.lt\/index.php?rest_route=\/wp\/v2\/product"}],"about":[{"href":"https:\/\/apsaugos.lt\/index.php?rest_route=\/wp\/v2\/types\/product"}],"replies":[{"embeddable":true,"href":"https:\/\/apsaugos.lt\/index.php?rest_route=%2Fwp%2Fv2%2Fcomments&post=2557"}],"wp:featuredmedia":[{"embeddable":true,"href":"https:\/\/apsaugos.lt\/index.php?rest_route=\/wp\/v2\/media\/726"}],"wp:attachment":[{"href":"https:\/\/apsaugos.lt\/index.php?rest_route=%2Fwp%2Fv2%2Fmedia&parent=2557"}],"wp:term":[{"taxonomy":"product_brand","embeddable":true,"href":"https:\/\/apsaugos.lt\/index.php?rest_route=%2Fwp%2Fv2%2Fproduct_brand&post=2557"},{"taxonomy":"product_cat","embeddable":true,"href":"https:\/\/apsaugos.lt\/index.php?rest_route=%2Fwp%2Fv2%2Fproduct_cat&post=2557"},{"taxonomy":"product_tag","embeddable":true,"href":"https:\/\/apsaugos.lt\/index.php?rest_route=%2Fwp%2Fv2%2Fproduct_tag&post=2557"}],"curies":[{"name":"wp","href":"https:\/\/api.w.org\/{rel}","templated":true}]}}