{"id":2559,"date":"2021-02-22T12:25:56","date_gmt":"2021-02-22T10:25:56","guid":{"rendered":"http:\/\/apsaugos.lt\/?product=import-placeholder-for-4357"},"modified":"2021-02-22T12:25:59","modified_gmt":"2021-02-22T10:25:59","slug":"roger-pr621-g","status":"publish","type":"product","link":"https:\/\/apsaugos.lt\/?product=roger-pr621-g","title":{"rendered":"ROGER PR621-G"},"content":{"rendered":"<p>Lauko instaliacijai ,EM 125 kHz skaitytuvas , vieno papildomo skaitytuvo pajungimo galimyb\u0117,\u00a0\u00a012VDC maitinimas, RS485, 1000vartotoj\u0173 iki 8 sve\u010di\u0173 kiekvienam kontroleriui, 250 vartotoj\u0173 grupi\u0173, tamperis.<\/p>\n","protected":false},"excerpt":{"rendered":"<p>Lauko instaliacijai ,EM 125 kHz skaitytuvas , vieno papildomo skaitytuvo pajungimo galimyb\u0117,\u00a0\u00a012VDC maitinimas, RS485, 1000vartotoj\u0173 iki 8 sve\u010di\u0173 kiekvienam kontroleriui, 250 vartotoj\u0173 grupi\u0173, tamperis.<\/p>\n","protected":false},"featured_media":728,"comment_status":"closed","ping_status":"closed","template":"","meta":[],"product_brand":[],"product_cat":[179],"product_tag":[141],"class_list":{"0":"post-2559","1":"product","2":"type-product","3":"status-publish","4":"has-post-thumbnail","6":"product_cat-roger","7":"product_tag-roger","9":"first","10":"instock","11":"shipping-taxable","12":"purchasable","13":"product-type-simple"},"jetpack_sharing_enabled":true,"_links":{"self":[{"href":"https:\/\/apsaugos.lt\/index.php?rest_route=\/wp\/v2\/product\/2559","targetHints":{"allow":["GET"]}}],"collection":[{"href":"https:\/\/apsaugos.lt\/index.php?rest_route=\/wp\/v2\/product"}],"about":[{"href":"https:\/\/apsaugos.lt\/index.php?rest_route=\/wp\/v2\/types\/product"}],"replies":[{"embeddable":true,"href":"https:\/\/apsaugos.lt\/index.php?rest_route=%2Fwp%2Fv2%2Fcomments&post=2559"}],"wp:featuredmedia":[{"embeddable":true,"href":"https:\/\/apsaugos.lt\/index.php?rest_route=\/wp\/v2\/media\/728"}],"wp:attachment":[{"href":"https:\/\/apsaugos.lt\/index.php?rest_route=%2Fwp%2Fv2%2Fmedia&parent=2559"}],"wp:term":[{"taxonomy":"product_brand","embeddable":true,"href":"https:\/\/apsaugos.lt\/index.php?rest_route=%2Fwp%2Fv2%2Fproduct_brand&post=2559"},{"taxonomy":"product_cat","embeddable":true,"href":"https:\/\/apsaugos.lt\/index.php?rest_route=%2Fwp%2Fv2%2Fproduct_cat&post=2559"},{"taxonomy":"product_tag","embeddable":true,"href":"https:\/\/apsaugos.lt\/index.php?rest_route=%2Fwp%2Fv2%2Fproduct_tag&post=2559"}],"curies":[{"name":"wp","href":"https:\/\/api.w.org\/{rel}","templated":true}]}}