{"id":2590,"date":"2021-02-22T12:26:04","date_gmt":"2021-02-22T10:26:04","guid":{"rendered":"http:\/\/apsaugos.lt\/?product=import-placeholder-for-4701"},"modified":"2021-02-22T12:26:07","modified_gmt":"2021-02-22T10:26:07","slug":"valkyrie-asb-red-vidaus-adresuojama-sirena-su-blykste","status":"publish","type":"product","link":"https:\/\/apsaugos.lt\/?product=valkyrie-asb-red-vidaus-adresuojama-sirena-su-blykste","title":{"rendered":"VALKYRIE ASB RED, Vidaus adresuojama sirena su blykste"},"content":{"rendered":"<table class=\"spec\">\n<tbody>\n<tr>\n<td>Blykst\u0117<\/td>\n<td>Yra<\/td>\n<\/tr>\n<tr>\n<td>Garso lygis<\/td>\n<td>110 dB<\/td>\n<\/tr>\n<tr>\n<td>Maitinimas<\/td>\n<td>17V ~ 30 VDC<\/td>\n<\/tr>\n<tr>\n<td>Darbin\u0117 srov\u0117<\/td>\n<td>normalioje b\u016bsenoje 0,5 mA, suveikimo metu max 7,5mA<\/td>\n<\/tr>\n<tr>\n<td>IP<\/td>\n<td>44<\/td>\n<\/tr>\n<tr>\n<td>Darbo s\u0105lygos<\/td>\n<td>pastato viduje<\/td>\n<\/tr>\n<tr>\n<td>Darbin\u0117 temperat\u016bra<\/td>\n<td>0\u00b0C &#8211; +40\u00b0C<\/td>\n<\/tr>\n<tr>\n<td>Spalvos<\/td>\n<td>raudona<\/td>\n<\/tr>\n<\/tbody>\n<\/table>\n","protected":false},"excerpt":{"rendered":"<p>Blykst\u0117 Yra Garso lygis 110 dB Maitinimas 17V ~ 30 VDC Darbin\u0117 srov\u0117 normalioje b\u016bsenoje 0,5 mA, suveikimo metu max 7,5mA IP 44 Darbo s\u0105lygos pastato viduje Darbin\u0117 temperat\u016bra 0\u00b0C &#8211; +40\u00b0C Spalvos raudona<\/p>\n","protected":false},"featured_media":777,"comment_status":"closed","ping_status":"closed","template":"","meta":[],"product_brand":[],"product_cat":[186],"product_tag":[],"class_list":{"0":"post-2590","1":"product","2":"type-product","3":"status-publish","4":"has-post-thumbnail","6":"product_cat-adresines-sirenos","8":"first","9":"instock","10":"shipping-taxable","11":"purchasable","12":"product-type-simple"},"jetpack_sharing_enabled":true,"_links":{"self":[{"href":"https:\/\/apsaugos.lt\/index.php?rest_route=\/wp\/v2\/product\/2590","targetHints":{"allow":["GET"]}}],"collection":[{"href":"https:\/\/apsaugos.lt\/index.php?rest_route=\/wp\/v2\/product"}],"about":[{"href":"https:\/\/apsaugos.lt\/index.php?rest_route=\/wp\/v2\/types\/product"}],"replies":[{"embeddable":true,"href":"https:\/\/apsaugos.lt\/index.php?rest_route=%2Fwp%2Fv2%2Fcomments&post=2590"}],"wp:featuredmedia":[{"embeddable":true,"href":"https:\/\/apsaugos.lt\/index.php?rest_route=\/wp\/v2\/media\/777"}],"wp:attachment":[{"href":"https:\/\/apsaugos.lt\/index.php?rest_route=%2Fwp%2Fv2%2Fmedia&parent=2590"}],"wp:term":[{"taxonomy":"product_brand","embeddable":true,"href":"https:\/\/apsaugos.lt\/index.php?rest_route=%2Fwp%2Fv2%2Fproduct_brand&post=2590"},{"taxonomy":"product_cat","embeddable":true,"href":"https:\/\/apsaugos.lt\/index.php?rest_route=%2Fwp%2Fv2%2Fproduct_cat&post=2590"},{"taxonomy":"product_tag","embeddable":true,"href":"https:\/\/apsaugos.lt\/index.php?rest_route=%2Fwp%2Fv2%2Fproduct_tag&post=2590"}],"curies":[{"name":"wp","href":"https:\/\/api.w.org\/{rel}","templated":true}]}}