{"id":2592,"date":"2021-02-22T12:26:05","date_gmt":"2021-02-22T10:26:05","guid":{"rendered":"http:\/\/apsaugos.lt\/?product=import-placeholder-for-4704"},"modified":"2021-02-22T12:26:07","modified_gmt":"2021-02-22T10:26:07","slug":"valkyrie-ip65-as-lauko-adresuojama-sirena","status":"publish","type":"product","link":"https:\/\/apsaugos.lt\/?product=valkyrie-ip65-as-lauko-adresuojama-sirena","title":{"rendered":"VALKYRIE IP65 AS, Lauko adresuojama sirena"},"content":{"rendered":"<table class=\"spec\">\n<tbody>\n<tr>\n<td>Tipas<\/td>\n<td>VALKYRIE adresuojama sienin\u0117 sirena &#8211; IP65<\/td>\n<\/tr>\n<tr>\n<td>Blykst\u0117<\/td>\n<td>N\u0117ra<\/td>\n<\/tr>\n<tr>\n<td>Maitinimo \u012ftampa<\/td>\n<td>i\u0161 kilpos 20V iki 30V DC<\/td>\n<\/tr>\n<tr>\n<td>Kilpos srov\u0117 &#8211; ramyb\u0117<\/td>\n<td>0.5mA<\/td>\n<\/tr>\n<tr>\n<td>Kilpos srov\u0117 &#8211; aliarmas \u017eemo da\u017enio<\/td>\n<td>4.1mA(Max.) &#8211; 2.6mA (Min.)<\/td>\n<\/tr>\n<tr>\n<td>Kilpos srov\u0117 &#8211; aliarmas auk\u0161to da\u017enio<\/td>\n<td>7.5mA(Max.) &#8211; 3mA(Min.)<\/td>\n<\/tr>\n<tr>\n<td>Sirenos garsas &#8211; pastovus<\/td>\n<td>102dB @ 1m (Max.) &#8211; 97dB @ 1m (Min.)<\/td>\n<\/tr>\n<tr>\n<td>Sirenos garsas &#8211; \u017eemo da\u017enio<\/td>\n<td>103dB @ 1m (Max.) &#8211; 98dB @ 1m (Min.)<\/td>\n<\/tr>\n<tr>\n<td>Sirenos garsas &#8211; auk\u0161to da\u017enio<\/td>\n<td>110dB @ 1m (Max.) &#8211; 100dB @ 1m (Min.)<\/td>\n<\/tr>\n<tr>\n<td>Maksimalus kabelio dydis<\/td>\n<td>2.5 mm<\/td>\n<\/tr>\n<tr>\n<td>Maksimali dregm\u0117<\/td>\n<td>95% RH nekondensuojanti<\/td>\n<\/tr>\n<tr>\n<td>Darbin\u0117 temperat\u016bra<\/td>\n<td>-25C iki 70C<\/td>\n<\/tr>\n<tr>\n<td>Spalva\/med\u017eiagos<\/td>\n<td>Red\/ABS<\/td>\n<\/tr>\n<tr>\n<td>Apsaugos kategorija<\/td>\n<td>IP65 &#8211; B tipas &#8211; naudojamas lauke<\/td>\n<\/tr>\n<tr>\n<td>Matmenys<\/td>\n<td>112(G) x 110(A)mm su baze<\/td>\n<\/tr>\n<tr>\n<td>Svoris<\/td>\n<td>315 g &#8211; 350 g su \u012fpakavimu<\/td>\n<\/tr>\n<\/tbody>\n<\/table>\n","protected":false},"excerpt":{"rendered":"<p>Tipas VALKYRIE adresuojama sienin\u0117 sirena &#8211; IP65 Blykst\u0117 N\u0117ra Maitinimo \u012ftampa i\u0161 kilpos 20V iki 30V DC Kilpos srov\u0117 &#8211; ramyb\u0117 0.5mA Kilpos srov\u0117 &#8211; aliarmas \u017eemo da\u017enio 4.1mA(Max.) &#8211; 2.6mA (Min.) Kilpos srov\u0117 &#8211; aliarmas auk\u0161to da\u017enio 7.5mA(Max.) &#8211; 3mA(Min.) Sirenos garsas &#8211; pastovus 102dB @ 1m (Max.) &#8211; 97dB @ 1m (Min.) Sirenos [&hellip;]<\/p>\n","protected":false},"featured_media":779,"comment_status":"closed","ping_status":"closed","template":"","meta":[],"product_brand":[],"product_cat":[186],"product_tag":[],"class_list":{"0":"post-2592","1":"product","2":"type-product","3":"status-publish","4":"has-post-thumbnail","6":"product_cat-adresines-sirenos","8":"first","9":"instock","10":"shipping-taxable","11":"purchasable","12":"product-type-simple"},"jetpack_sharing_enabled":true,"_links":{"self":[{"href":"https:\/\/apsaugos.lt\/index.php?rest_route=\/wp\/v2\/product\/2592","targetHints":{"allow":["GET"]}}],"collection":[{"href":"https:\/\/apsaugos.lt\/index.php?rest_route=\/wp\/v2\/product"}],"about":[{"href":"https:\/\/apsaugos.lt\/index.php?rest_route=\/wp\/v2\/types\/product"}],"replies":[{"embeddable":true,"href":"https:\/\/apsaugos.lt\/index.php?rest_route=%2Fwp%2Fv2%2Fcomments&post=2592"}],"wp:featuredmedia":[{"embeddable":true,"href":"https:\/\/apsaugos.lt\/index.php?rest_route=\/wp\/v2\/media\/779"}],"wp:attachment":[{"href":"https:\/\/apsaugos.lt\/index.php?rest_route=%2Fwp%2Fv2%2Fmedia&parent=2592"}],"wp:term":[{"taxonomy":"product_brand","embeddable":true,"href":"https:\/\/apsaugos.lt\/index.php?rest_route=%2Fwp%2Fv2%2Fproduct_brand&post=2592"},{"taxonomy":"product_cat","embeddable":true,"href":"https:\/\/apsaugos.lt\/index.php?rest_route=%2Fwp%2Fv2%2Fproduct_cat&post=2592"},{"taxonomy":"product_tag","embeddable":true,"href":"https:\/\/apsaugos.lt\/index.php?rest_route=%2Fwp%2Fv2%2Fproduct_tag&post=2592"}],"curies":[{"name":"wp","href":"https:\/\/api.w.org\/{rel}","templated":true}]}}