{"id":2645,"date":"2021-02-22T12:26:21","date_gmt":"2021-02-22T10:26:21","guid":{"rendered":"http:\/\/apsaugos.lt\/?product=import-placeholder-for-8280"},"modified":"2021-02-22T12:26:23","modified_gmt":"2021-02-22T10:26:23","slug":"distancinio-valdymo-siustuvas-kartotuvas-rf-converter-v-3-0","status":"publish","type":"product","link":"https:\/\/apsaugos.lt\/?product=distancinio-valdymo-siustuvas-kartotuvas-rf-converter-v-3-0","title":{"rendered":"Distancinio valdymo si\u0173stuvas kartotuvas  RF Converter V 3.0"},"content":{"rendered":"<table width=\"408\">\n<tbody>\n<tr>\n<td width=\"166\">Input voltage<\/td>\n<td width=\"224\">DC5V<\/td>\n<\/tr>\n<tr>\n<td width=\"166\">Standby power<\/td>\n<td width=\"224\">&lt;1W<\/td>\n<\/tr>\n<tr>\n<td colspan=\"2\" width=\"398\">Working frequency<\/td>\n<\/tr>\n<tr>\n<td width=\"166\">WIFI<\/td>\n<td width=\"224\">2.4~2.5GHZ<\/td>\n<\/tr>\n<tr>\n<td width=\"166\">RF remote<\/td>\n<td width=\"224\">300~348MHZ\u3001387~464MHZ\u3001779~928MHZ<\/td>\n<\/tr>\n<tr>\n<td width=\"166\">RF remote control power<\/td>\n<td width=\"224\">10dbm<\/td>\n<\/tr>\n<tr>\n<td width=\"166\">RF remote receiving sensitivity<\/td>\n<td width=\"224\">-115dBm (1.2KBaud) ,868MHZ-116dBm(1.2KBaud),915MHZ<\/td>\n<\/tr>\n<tr>\n<td colspan=\"2\" width=\"398\">WIFI receiving sensitivity<\/td>\n<\/tr>\n<tr>\n<td width=\"166\">802.11 b<\/td>\n<td width=\"224\">-91dBm(11 Mbps)<\/td>\n<\/tr>\n<tr>\n<td width=\"166\">802.11 g<\/td>\n<td width=\"224\">-75dBm(54Mbps)<\/td>\n<\/tr>\n<tr>\n<td width=\"166\">802.11 n<\/td>\n<td width=\"224\">-72dBm(MCS7)<\/td>\n<\/tr>\n<tr>\n<td colspan=\"2\" width=\"398\">WIFI transmission power<\/td>\n<\/tr>\n<tr>\n<td width=\"166\">802.11 b<\/td>\n<td width=\"224\">+20 dBm<\/td>\n<\/tr>\n<tr>\n<td width=\"166\">802.11 g<\/td>\n<td width=\"224\">+17 dBm<\/td>\n<\/tr>\n<tr>\n<td width=\"166\">802.11 g<\/td>\n<td width=\"224\">+16dBm<\/td>\n<\/tr>\n<tr>\n<td width=\"166\">Encryption type<\/td>\n<td width=\"224\">WEP\/TKIP\/AES<\/td>\n<\/tr>\n<tr>\n<td width=\"166\">Security mechanism<\/td>\n<td width=\"224\">WAP\/WAP2<\/td>\n<\/tr>\n<tr>\n<td colspan=\"2\" width=\"398\">Working environment<\/td>\n<\/tr>\n<tr>\n<td width=\"166\">Temperature<\/td>\n<td width=\"224\">-10\u2103~+70\u2103<\/td>\n<\/tr>\n<tr>\n<td width=\"166\">Humidity<\/td>\n<td width=\"224\">5%~93%<\/td>\n<\/tr>\n<tr>\n<td colspan=\"2\" width=\"398\">Storage temperature<\/td>\n<\/tr>\n<tr>\n<td width=\"166\">Temperature\uff1a<\/td>\n<td width=\"224\">-20\u2103~+70\u2103<\/td>\n<\/tr>\n<tr>\n<td width=\"166\">Humidity<\/td>\n<td width=\"224\">5%~93%<\/td>\n<\/tr>\n<tr>\n<td width=\"166\">Dimension(LxWxH)<\/td>\n<td width=\"224\">67.5x54x19.5 (mm)<\/td>\n<\/tr>\n<tr>\n<td width=\"166\">Supporting device<\/td>\n<td width=\"224\">Android5.0 \/IOS10.1 and above<\/td>\n<\/tr>\n<\/tbody>\n<\/table>\n","protected":false},"excerpt":{"rendered":"<p>Distancinio valdymo si\u0173stuvas kartotuvas RF Converter V 3.0 . Skirtas vart\u0173 automatikos pultelio siun\u010diamo kodo konvertavimui bei valdymui i\u0161maniojo telefono pagalba. \u012erenginys palaiko plat\u0173 gamintoj\u0173 s\u0105ra\u0161\u0105<\/p>\n","protected":false},"featured_media":1438,"comment_status":"closed","ping_status":"closed","template":"","meta":[],"product_brand":[],"product_cat":[84,105],"product_tag":[],"class_list":{"0":"post-2645","1":"product","2":"type-product","3":"status-publish","4":"has-post-thumbnail","6":"product_cat-distancinio-valdymo-pulteliai-kelio-uztvarai","7":"product_cat-priedai","9":"first","10":"instock","11":"shipping-taxable","12":"purchasable","13":"product-type-simple"},"jetpack_sharing_enabled":true,"_links":{"self":[{"href":"https:\/\/apsaugos.lt\/index.php?rest_route=\/wp\/v2\/product\/2645","targetHints":{"allow":["GET"]}}],"collection":[{"href":"https:\/\/apsaugos.lt\/index.php?rest_route=\/wp\/v2\/product"}],"about":[{"href":"https:\/\/apsaugos.lt\/index.php?rest_route=\/wp\/v2\/types\/product"}],"replies":[{"embeddable":true,"href":"https:\/\/apsaugos.lt\/index.php?rest_route=%2Fwp%2Fv2%2Fcomments&post=2645"}],"wp:featuredmedia":[{"embeddable":true,"href":"https:\/\/apsaugos.lt\/index.php?rest_route=\/wp\/v2\/media\/1438"}],"wp:attachment":[{"href":"https:\/\/apsaugos.lt\/index.php?rest_route=%2Fwp%2Fv2%2Fmedia&parent=2645"}],"wp:term":[{"taxonomy":"product_brand","embeddable":true,"href":"https:\/\/apsaugos.lt\/index.php?rest_route=%2Fwp%2Fv2%2Fproduct_brand&post=2645"},{"taxonomy":"product_cat","embeddable":true,"href":"https:\/\/apsaugos.lt\/index.php?rest_route=%2Fwp%2Fv2%2Fproduct_cat&post=2645"},{"taxonomy":"product_tag","embeddable":true,"href":"https:\/\/apsaugos.lt\/index.php?rest_route=%2Fwp%2Fv2%2Fproduct_tag&post=2645"}],"curies":[{"name":"wp","href":"https:\/\/api.w.org\/{rel}","templated":true}]}}