{"id":2680,"date":"2021-02-22T12:26:40","date_gmt":"2021-02-22T10:26:40","guid":{"rendered":"http:\/\/apsaugos.lt\/?product=import-placeholder-for-8674"},"modified":"2021-02-22T12:26:42","modified_gmt":"2021-02-22T10:26:42","slug":"kelio-uztvaro-pravaziavimo-radaras-ssg-pr6","status":"publish","type":"product","link":"https:\/\/apsaugos.lt\/?product=kelio-uztvaro-pravaziavimo-radaras-ssg-pr6","title":{"rendered":"Kelio u\u017etvaro prava\u017eiavimo radaras SSG-PR6"},"content":{"rendered":"<p>U\u017etvaro radaras skirtas kelio u\u017etvaro u\u017edarymo signalui formuoti, kai automobilis prava\u017eioja pro u\u017etvar\u0105. Da\u017eniausias pritaikymas momentiniam u\u017edarymui, po automobilio nuva\u017eiavimo pro u\u017etvar\u0105. Pana\u0161us veikimas kaip indukcin\u0117s kilpos.<\/p>\n","protected":false},"excerpt":{"rendered":"<p>U\u017etvaro radaras skirtas kelio u\u017etvaro u\u017edarymo signalui formuoti, kai automobilis prava\u017eioja pro u\u017etvar\u0105. Da\u017eniausias pritaikymas momentiniam u\u017edarymui, po automobilio nuva\u017eiavimo pro u\u017etvar\u0105. Pana\u0161us veikimas kaip indukcin\u0117s kilpos.<\/p>\n","protected":false},"featured_media":1501,"comment_status":"closed","ping_status":"closed","template":"","meta":[],"product_brand":[],"product_cat":[19,268],"product_tag":[269,271],"class_list":{"0":"post-2680","1":"product","2":"type-product","3":"status-publish","4":"has-post-thumbnail","6":"product_cat-foto-davikliai","7":"product_cat-radarai","8":"product_tag-radaras","9":"product_tag-ssg-pr6","11":"first","12":"instock","13":"shipping-taxable","14":"purchasable","15":"product-type-simple"},"jetpack_sharing_enabled":true,"_links":{"self":[{"href":"https:\/\/apsaugos.lt\/index.php?rest_route=\/wp\/v2\/product\/2680","targetHints":{"allow":["GET"]}}],"collection":[{"href":"https:\/\/apsaugos.lt\/index.php?rest_route=\/wp\/v2\/product"}],"about":[{"href":"https:\/\/apsaugos.lt\/index.php?rest_route=\/wp\/v2\/types\/product"}],"replies":[{"embeddable":true,"href":"https:\/\/apsaugos.lt\/index.php?rest_route=%2Fwp%2Fv2%2Fcomments&post=2680"}],"wp:featuredmedia":[{"embeddable":true,"href":"https:\/\/apsaugos.lt\/index.php?rest_route=\/wp\/v2\/media\/1501"}],"wp:attachment":[{"href":"https:\/\/apsaugos.lt\/index.php?rest_route=%2Fwp%2Fv2%2Fmedia&parent=2680"}],"wp:term":[{"taxonomy":"product_brand","embeddable":true,"href":"https:\/\/apsaugos.lt\/index.php?rest_route=%2Fwp%2Fv2%2Fproduct_brand&post=2680"},{"taxonomy":"product_cat","embeddable":true,"href":"https:\/\/apsaugos.lt\/index.php?rest_route=%2Fwp%2Fv2%2Fproduct_cat&post=2680"},{"taxonomy":"product_tag","embeddable":true,"href":"https:\/\/apsaugos.lt\/index.php?rest_route=%2Fwp%2Fv2%2Fproduct_tag&post=2680"}],"curies":[{"name":"wp","href":"https:\/\/api.w.org\/{rel}","templated":true}]}}