{"id":2681,"date":"2021-02-22T12:26:40","date_gmt":"2021-02-22T10:26:40","guid":{"rendered":"http:\/\/apsaugos.lt\/?product=import-placeholder-for-8676"},"modified":"2021-02-22T12:26:43","modified_gmt":"2021-02-22T10:26:43","slug":"greicio-mazinimo-kalnelis-gulintis-policininkas","status":"publish","type":"product","link":"https:\/\/apsaugos.lt\/?product=greicio-mazinimo-kalnelis-gulintis-policininkas","title":{"rendered":"Grei\u010dio ma\u017einimo kalnelis (gulintis policininkas)"},"content":{"rendered":"<p>Grei\u010dio ma\u017einimo kalnelis (gulintis policininkas) skirtas transporto priemon\u0117s grei\u010dio ma\u017einimui. Grei\u010dio ma\u017einimo kalnelis &#8211; patikima priemon\u0117 riboti greit\u012f pavojingose kelio vietose. Sistema sumoduliuota i\u0161 juod\u0173 ir gelton\u0173 segment\u0173, pagamint\u0173 i\u0161 gumos. Galams naudojami apvalus u\u017eapvalinti moduliai.<\/p>\n","protected":false},"excerpt":{"rendered":"<p>Spalva: Geltona + juoda<br \/>\nSvoris:\u00a0 9 kg \/ vnt<br \/>\nDydis: 500 * 380 * 45mm<br \/>\nRa\u0161tas: Banguotas<br \/>\nGalinio dangtelio dydis\u00a0 20 * 380 * 45 mm<\/p>\n","protected":false},"featured_media":1503,"comment_status":"closed","ping_status":"closed","template":"","meta":[],"product_brand":[],"product_cat":[272],"product_tag":[273,274],"class_list":{"0":"post-2681","1":"product","2":"type-product","3":"status-publish","4":"has-post-thumbnail","6":"product_cat-greicio-mazinimo-kalneliai","7":"product_tag-greicio-mazinimo-kalnelis","8":"product_tag-gulintis-policininkas","10":"first","11":"instock","12":"shipping-taxable","13":"purchasable","14":"product-type-simple"},"jetpack_sharing_enabled":true,"_links":{"self":[{"href":"https:\/\/apsaugos.lt\/index.php?rest_route=\/wp\/v2\/product\/2681","targetHints":{"allow":["GET"]}}],"collection":[{"href":"https:\/\/apsaugos.lt\/index.php?rest_route=\/wp\/v2\/product"}],"about":[{"href":"https:\/\/apsaugos.lt\/index.php?rest_route=\/wp\/v2\/types\/product"}],"replies":[{"embeddable":true,"href":"https:\/\/apsaugos.lt\/index.php?rest_route=%2Fwp%2Fv2%2Fcomments&post=2681"}],"wp:featuredmedia":[{"embeddable":true,"href":"https:\/\/apsaugos.lt\/index.php?rest_route=\/wp\/v2\/media\/1503"}],"wp:attachment":[{"href":"https:\/\/apsaugos.lt\/index.php?rest_route=%2Fwp%2Fv2%2Fmedia&parent=2681"}],"wp:term":[{"taxonomy":"product_brand","embeddable":true,"href":"https:\/\/apsaugos.lt\/index.php?rest_route=%2Fwp%2Fv2%2Fproduct_brand&post=2681"},{"taxonomy":"product_cat","embeddable":true,"href":"https:\/\/apsaugos.lt\/index.php?rest_route=%2Fwp%2Fv2%2Fproduct_cat&post=2681"},{"taxonomy":"product_tag","embeddable":true,"href":"https:\/\/apsaugos.lt\/index.php?rest_route=%2Fwp%2Fv2%2Fproduct_tag&post=2681"}],"curies":[{"name":"wp","href":"https:\/\/api.w.org\/{rel}","templated":true}]}}