{"id":2707,"date":"2021-02-22T12:26:48","date_gmt":"2021-02-22T10:26:48","guid":{"rendered":"http:\/\/apsaugos.lt\/?product=import-placeholder-for-8826"},"modified":"2021-02-22T12:26:50","modified_gmt":"2021-02-22T10:26:50","slug":"garso-pranesimu-leistuvas-9-kanalu-12-v","status":"publish","type":"product","link":"https:\/\/apsaugos.lt\/?product=garso-pranesimu-leistuvas-9-kanalu-12-v","title":{"rendered":"Garso prane\u0161im\u0173 leistuvas 9 kanal\u0173 12 V"},"content":{"rendered":"<p>Maitinimo \u012ftampa : 12V DC<\/p>\n<p>RCA i\u0161vestis : TAIP<\/p>\n<p>Garsiakalbio var\u017e\u0105 : 4..8 omai<\/p>\n<p>Kanal\u0173 skai\u010dius : 9<\/p>\n<p>&nbsp;<\/p>\n","protected":false},"excerpt":{"rendered":"<p>Garso prane\u0161im\u0173 leistuvas 9 kanal\u0173 12 V . Skirtas garso takeli\u0173 paleidimui suveikus vienam i\u0161 kanal\u0173 . Informacini\u0173 prane\u0161im\u0173 transliavimui.<\/p>\n","protected":false},"featured_media":2140,"comment_status":"closed","ping_status":"closed","template":"","meta":[],"product_brand":[],"product_cat":[105,74],"product_tag":[341,342,343,344],"class_list":{"0":"post-2707","1":"product","2":"type-product","3":"status-publish","4":"has-post-thumbnail","6":"product_cat-priedai","7":"product_cat-priedai-aksesuarai","8":"product_tag-garso-leistuvas","9":"product_tag-informaciniai-pranesimai","10":"product_tag-mp3-leistuvas","11":"product_tag-priesgaisriniu-pranesimu-leistuvas","13":"first","14":"instock","15":"shipping-taxable","16":"purchasable","17":"product-type-simple"},"jetpack_sharing_enabled":true,"_links":{"self":[{"href":"https:\/\/apsaugos.lt\/index.php?rest_route=\/wp\/v2\/product\/2707","targetHints":{"allow":["GET"]}}],"collection":[{"href":"https:\/\/apsaugos.lt\/index.php?rest_route=\/wp\/v2\/product"}],"about":[{"href":"https:\/\/apsaugos.lt\/index.php?rest_route=\/wp\/v2\/types\/product"}],"replies":[{"embeddable":true,"href":"https:\/\/apsaugos.lt\/index.php?rest_route=%2Fwp%2Fv2%2Fcomments&post=2707"}],"wp:featuredmedia":[{"embeddable":true,"href":"https:\/\/apsaugos.lt\/index.php?rest_route=\/wp\/v2\/media\/2140"}],"wp:attachment":[{"href":"https:\/\/apsaugos.lt\/index.php?rest_route=%2Fwp%2Fv2%2Fmedia&parent=2707"}],"wp:term":[{"taxonomy":"product_brand","embeddable":true,"href":"https:\/\/apsaugos.lt\/index.php?rest_route=%2Fwp%2Fv2%2Fproduct_brand&post=2707"},{"taxonomy":"product_cat","embeddable":true,"href":"https:\/\/apsaugos.lt\/index.php?rest_route=%2Fwp%2Fv2%2Fproduct_cat&post=2707"},{"taxonomy":"product_tag","embeddable":true,"href":"https:\/\/apsaugos.lt\/index.php?rest_route=%2Fwp%2Fv2%2Fproduct_tag&post=2707"}],"curies":[{"name":"wp","href":"https:\/\/api.w.org\/{rel}","templated":true}]}}