{"id":2714,"date":"2021-02-22T12:26:49","date_gmt":"2021-02-22T10:26:49","guid":{"rendered":"http:\/\/apsaugos.lt\/?product=import-placeholder-for-8842"},"modified":"2021-02-22T12:26:51","modified_gmt":"2021-02-22T10:26:51","slug":"hikvision-bullet-ds-2cd2t86g2-4i","status":"publish","type":"product","link":"https:\/\/apsaugos.lt\/?product=hikvision-bullet-ds-2cd2t86g2-4i","title":{"rendered":"Hikvision bullet DS-2CD2T86G2-4I"},"content":{"rendered":"<p>Kamera<br \/>\nSensorius 1\/1.8&#8243; Progressive Scan CMOS<br \/>\nMin. ap\u0161vietimas Color: 0.003 Lux @ (F1.6, AGC ON), 0 Lux with IR<br \/>\nU\u017erakto greitis 1\/3 s to 1\/100,000 s<br \/>\nL\u0117tas u\u017eraktas Yes<br \/>\nDiena &amp; naktis IR Cut Filter<br \/>\nWDR 120 dB<br \/>\nKampo pasirinkimas Pan: 0\u00b0 to 360\u00b0, tilt: 0\u00b0 to 90\u00b0, rotate: 0\u00b0 to 360\u00b0<br \/>\nL\u0119\u0161iai<br \/>\nL\u0119\u0161i\u0173 tipai Fixed lens, 2.8\/4\/6 mm<br \/>\nDiafragma F1.6<br \/>\nFOV 2.8 mm, horizontal FOV: 102\u00b0, vertical FOV: 55\u00b0, diagonal FOV: 120\u00b0<br \/>\n4 mm, horizontal FOV: 87.1\u00b0, vertical FOV: 47.4\u00b0, diagonal FOV: 101.8\u00b0<br \/>\n6 mm, horizontal FOV: 50.8\u00b0, vertical FOV: 27.6\u00b0, diagonal FOV: 60\u00b0<br \/>\nL\u0119\u0161i\u0173 montavimas M16<br \/>\nAp\u0161vietimas<br \/>\nIR nuotolis -2I: up to 60 m<br \/>\n-4I: up to 80 m<br \/>\nBang\u0173 ilgis 850 nm<br \/>\nVaizdo \u012fra\u0161ai<br \/>\nMaks. rai\u0161ka 3840 \u00d7 2160<br \/>\nPagrindinis srautas 50Hz: 20fps (3840 \u00d7 2160, 3072 \u00d7 1728), 25fps (2688 \u00d7 1520,1920 \u00d7 1080, 1280 \u00d7 720)<br \/>\n60Hz: 20fps (3840 \u00d7 2160, 3072 \u00d7 1728), 30fps (2688 \u00d7 1520,1920 \u00d7 1080, 1280 \u00d7 720)<br \/>\nPagalbinis srautas 50Hz: 25fps (640 \u00d7 480, 640 \u00d7 360, 320 \u00d7 240)<br \/>\n60Hz: 30fps (640 \u00d7 480, 640 \u00d7 360, 320 \u00d7 240)<br \/>\nTretinis srautas 50Hz: 25fps (1280 \u00d7 720, 640 \u00d7 480, 640 \u00d7 360, 320 \u00d7 240)<br \/>\n60Hz: 30fps (1280 \u00d7 720, 640 \u00d7 480, 640 \u00d7 360, 320 \u00d7 240)<br \/>\nVaizdo suspaudimas Main stream: H.265+\/H.264+\/H.265\/H.264 Sub-stream: H.265\/H.264\/MJPEG<br \/>\nThird stream: H.265\/H.264<br \/>\nH.264 tipas Baseline Profile\/Main Profile\/High Profile<br \/>\nH.265 tipas Main Profile<br \/>\nVaizdo bit\u0173 greitis 32 Kbps to 16 Mbps<br \/>\nSVC H.264 and H.265 encoding support<br \/>\nI\u0161manios funkcijos<br \/>\nPerimetro apsauga Line crossing detection, intrusion detection, region entrance detection, region exiting detection (Human&amp;Vehicle classification)<br \/>\nVeido atpa\u017einimas Yes<br \/>\nPaprasti \u012fvykiai Motion detection, video tampering alarm, exception (network disconnected, IP address conflict, illegal login, HDD full, HDD error), scene change detection<br \/>\nSujungimo metodas Upload to FTP\/NAS\/memory card, notify surveillance center, send email, trigger recording, trigger capture<br \/>\nROI 1 fixed region for main stream, sub-stream and third stream<br \/>\nNuotrauka<br \/>\nVaizdo gerinimas BLC, HLC, 3D DNR<br \/>\nVaizdo nustatymai Saturation, brightness, contrast, sharpness, AGC and white balance adjustable by client software or web browser<br \/>\nDienos\/nakties jungiklis Day\/Night\/Auto\/Schedule<br \/>\nTinklas<br \/>\nTinklo saugykla microSD\/SDHC\/SDXC card (256 GB), local storage and NAS (NFS,SMB\/CIFS), ANR<br \/>\nProtokolai TCP\/IP, ICMP, HTTP, HTTPS, FTP, DHCP, DNS, DDNS, RTP, RTSP, PPPoE, NTP, UPnP, SMTP, SNMP, IGMP, 802.1X, QoS, IPv6, UDP, Bonjour, SSL\/TLS<br \/>\nAPI ONVIF (PROFILE S, PROFILE G), ISAPI, SDK<br \/>\nApsauga Password protection, complicated password, HTTPS encryption, 802.1X authentication<br \/>\n(EAP-MD5), watermark, IP address filter, basic and digest authentication for HTTP\/HTTPS, WSSE and digest authentication for ONVIF, TLS1.2<br \/>\nTiesioginis vaizdo \u017ei\u016br\u0117jimas Up to 6 channels<br \/>\nNaudotojas\/transliuotojas Up to 32 users, 3 levels: administrator, operator and user<br \/>\nKlientas iVMS-4200, Hik-Connect, Hik-Central<br \/>\nInterneto nar\u0161ykl\u0117s Plug-in required live view: IE8+, Chrome 41.0-44, Firefox30.0-51, Safari8.0-11<br \/>\nPlug-in free live view: Chrome 57.0+, Firefox 52.0+<br \/>\nS\u0105saja<br \/>\nBendravimo s\u0105saja 1 RJ45 10M\/100M self-adaptive Ethernet port<br \/>\nVidin\u0117 atmintis Built-in micro SD\/SDHC\/SDXC slot, up to 256 GB<br \/>\nPagrindinis<br \/>\nIternetinio meniu kalbos 32 languages<br \/>\nEnglish, Russian, Estonian, Bulgarian, Hungarian, Greek, German, Italian, Czech, Slovak, French, Polish, Dutch, Portuguese, Spanish, Romanian, Danish, Swedish, Norwegian, Finnish, Croatian, Slovenian, Serbian, Turkish, Korean, Traditional Chinese, Thai, Vietnamese, Japanese, Latvian, Lithuanian, Portuguese (Brazil)<br \/>\nPagrindin\u0117s funkcijos Anti-flicker, three streams, heartbeat, mirror, privacy masks, pixel counter<br \/>\nRestartavimas Reset via reset button on camera body, web browser and client software<br \/>\nPaleidimo ir veikimo<br \/>\ns\u0105lygos -30 \u00b0C to 60 \u00b0C (-22 \u00b0F to 140 \u00b0F), humidity 95% or less (non-condensing)<br \/>\nLaikymo s\u0105lygos -30 \u00b0C to 60 \u00b0C (-22 \u00b0F to 140 \u00b0F), humidity 95% or less (non-condensing)<br \/>\nEnergijos \u0161altinis 12 VDC \u00b1 25%, \u03a6 5.5 mm coaxial power plug; reverse polarity protection; PoE (802.3af, class 3)<br \/>\nEnergijos suvartojimas ir galia -2I: 12 VDC, 0.63 A, max. 7.5 W; PoE (802.3af, 36 V to 57 V), 0.25 A to 0.16 A, max. 9 W<br \/>\n-4I: 12 VDC, 0.88 A, max. 10.5 W; PoE (802.3af, 36 V to 57 V), 0.34 A to 0.21 A, max. 12 W<br \/>\nMed\u017eiaga Metal<br \/>\nMatmenys Camera: \u03a6 105 \u00d7 290 mm (\u03a6 4.1&#8243; \u00d7 11.4&#8243;)<br \/>\nWith package: 386 \u00d7 156 \u00d7 155 mm (15.2&#8243; \u00d7 6.1&#8243; \u00d7 6.1&#8243;)<br \/>\nSvoris Camera: approx. 1270 g (2.8 lb.)<br \/>\nWith package: approx. 1510 g (3.3 lb.)<br \/>\nPatvirtinimai<br \/>\nEMC FCC (47 CFR Part 15, Subpart B); CE-EMC (EN 55032: 2015, EN 61000-3-2: 2014, EN 61000-3-3: 2013, EN 50130-4: 2011 +A1: 2014); RCM (AS\/NZS CISPR 32: 2015); IC (ICES-003: Issue 6, 2016); KC (KN 32: 2015, KN 35: 2015)<br \/>\nSaugumas UL (UL 60950-1); CB (IEC 60950-1:2005 + Am 1:2009 + Am 2:2013); CE-LVD (EN 60950- 1:2005 + Am 1:2009 + Am 2:2013); BIS (IS 13252(Part 1):2010+A1:2013+A2:2015); LOA (IEC\/EN 60950-1)<br \/>\nChemija CE-RoHS (2011\/65\/EU); WEEE (2012\/19\/EU); Reach (Regulation (EC) No 1907\/2006)<br \/>\nApsauga Ingress protection: IP67 (IEC 60529-2013)<\/p>\n","protected":false},"excerpt":{"rendered":"<ul>\n<li>8MP IP kamera<\/li>\n<li>\u201eAcuSense\u201c<\/li>\n<li>\u201eDarkfighter\u201c technologija<\/li>\n<li>4 mm &amp; nbsp; objektyvas<\/li>\n<li>Klaidingo aliarmo filtras pagal tikslin\u0119 klasifikacij\u0105<\/li>\n<li>H.265 + \/ H.265 \/ H.264 \/ MJPEG<\/li>\n<li>Iki 80 m IR<\/li>\n<li>SD kortel\u0117s lizdas (iki 256 GB)<\/li>\n<li>IP67, IK10<\/li>\n<\/ul>\n","protected":false},"featured_media":2146,"comment_status":"closed","ping_status":"closed","template":"","meta":[],"product_brand":[],"product_cat":[31],"product_tag":[368,32,369],"class_list":{"0":"post-2714","1":"product","2":"type-product","3":"status-publish","4":"has-post-thumbnail","6":"product_cat-8-mpx-ip-kameros-hikvision","7":"product_tag-ds-2cd2t86g2-4i","8":"product_tag-hikvision","9":"product_tag-hikvision-ds-2cd2t86g2-4i","11":"first","12":"instock","13":"shipping-taxable","14":"purchasable","15":"product-type-simple"},"jetpack_sharing_enabled":true,"_links":{"self":[{"href":"https:\/\/apsaugos.lt\/index.php?rest_route=\/wp\/v2\/product\/2714","targetHints":{"allow":["GET"]}}],"collection":[{"href":"https:\/\/apsaugos.lt\/index.php?rest_route=\/wp\/v2\/product"}],"about":[{"href":"https:\/\/apsaugos.lt\/index.php?rest_route=\/wp\/v2\/types\/product"}],"replies":[{"embeddable":true,"href":"https:\/\/apsaugos.lt\/index.php?rest_route=%2Fwp%2Fv2%2Fcomments&post=2714"}],"wp:featuredmedia":[{"embeddable":true,"href":"https:\/\/apsaugos.lt\/index.php?rest_route=\/wp\/v2\/media\/2146"}],"wp:attachment":[{"href":"https:\/\/apsaugos.lt\/index.php?rest_route=%2Fwp%2Fv2%2Fmedia&parent=2714"}],"wp:term":[{"taxonomy":"product_brand","embeddable":true,"href":"https:\/\/apsaugos.lt\/index.php?rest_route=%2Fwp%2Fv2%2Fproduct_brand&post=2714"},{"taxonomy":"product_cat","embeddable":true,"href":"https:\/\/apsaugos.lt\/index.php?rest_route=%2Fwp%2Fv2%2Fproduct_cat&post=2714"},{"taxonomy":"product_tag","embeddable":true,"href":"https:\/\/apsaugos.lt\/index.php?rest_route=%2Fwp%2Fv2%2Fproduct_tag&post=2714"}],"curies":[{"name":"wp","href":"https:\/\/api.w.org\/{rel}","templated":true}]}}