{"id":2722,"date":"2021-02-22T12:26:49","date_gmt":"2021-02-22T10:26:49","guid":{"rendered":"http:\/\/apsaugos.lt\/?product=import-placeholder-for-8880"},"modified":"2021-02-22T12:26:52","modified_gmt":"2021-02-22T10:26:52","slug":"viesbucio-spyna-liliwise-h11b","status":"publish","type":"product","link":"https:\/\/apsaugos.lt\/?product=viesbucio-spyna-liliwise-h11b","title":{"rendered":"Vie\u0161bu\u010dio spyna Liliwise H11B"},"content":{"rendered":"<ul>\n<li>Dur\u0173 storumas: 30-65mm\/65-100mm<\/li>\n<li>Spynos korpuso matmenys: 170 x 70 x 20mm<\/li>\n<li>Spynos korpusas: All Smart mortise(only if Square Spindle fit)<\/li>\n<li>Veikimo temperat\u016bra: -25\u2103 iki +65\u2103<\/li>\n<li>\u012etampa: 6V\uff088*AAA tipo baterijos\uff09<\/li>\n<li>\u012esp\u0117jimas senkant baterijoms: ma\u017eiau nei 4.8V<\/li>\n<li>Baterij\u0173 tarnavimas: &gt;3000 dur\u0173 atidarym\u0173<\/li>\n<li>EL. kortel\u0117: M1 Card(13.56MHz)<\/li>\n<li>Duomen\u0173 kiekiai: Pir\u0161to antspaud\u0173 200vnt; El. rakt\u0173 n\u0117ra limito; Individuali\u0173 kod\u0173: 150vnt + kortel\u0117s: 200vnt<\/li>\n<li>Pir\u0161to antspaud\u0173 skaitytuvas\uff1aSemi-Conductor<\/li>\n<li>Pakuot\u0117s matmenys: 380 x 120 x 245 mm<\/li>\n<\/ul>\n<p><strong>Pakuot\u0117je:<\/strong><\/p>\n<ul>\n<li>1vnt I\u0161manioji spyna, be HUB G2 (HUB G2 parduodamas atskirai)<\/li>\n<li>3vnt MiFARE kortel\u0117s<\/li>\n<li>3vnt mech. raktai<\/li>\n<li>Tvirtinino var\u017etai ir sujungimo dalys<\/li>\n<\/ul>\n","protected":false},"excerpt":{"rendered":"<p><strong>Pagrindiniai bruo\u017eai<\/strong><\/p>\n<ol>\n<li>6 atrakinimo b\u016bdai: \u201eWiFi APP\u201c prieiga, \u201eBluetooth APP\u201c prieiga, pir\u0161t\u0173 atspaud\u0173 atrakinimas, korteli\u0173 atrakinimas, PIN kodo atrakinimas, mechaninis rakt\u0173 atrakinimas;<\/li>\n<li>Patogi aplikacijos valdymo sistema, galite valdyti savo i\u0161mani\u0105j\u0105 spyn\u0105, i\u0161 bet kur ir bet kurioje vietoje;<\/li>\n<li>Spynoje naudojamos naujausios technologijos, automatinis atrakinimas ir u\u017erakinimas;<\/li>\n<li>Kompakti\u0161kas dydis tinka visoms medin\u0117ms ir metalin\u0117ms durims;<\/li>\n<li>FPC pir\u0161t\u0173 atspaud\u0173 skaitytuvas suteikia Jums geriausi\u0105 saugumo patirt\u012f;<\/li>\n<li>Avarinio atidarymo galimyb\u0117 i\u0161sekus baterijoms;<\/li>\n<\/ol>\n<p><strong>Patogus aplikacijos valdymas<\/strong><\/p>\n<ol>\n<li>Spynos u\u017erakinimas\/atrakinimas i\u0161 bet kurios vietos, nauojant mobilius duomenis;<\/li>\n<li>Galite valdyti didel\u012f kiek\u012f i\u0161mani\u0173 spyn\u0173 viename telefone;<\/li>\n<li>Laiko apriboti slapta\u017eod\u017eiai, kurie tiks bet kuriam atvejui;<\/li>\n<li>Keli\u0173 lygiu administravimo nustatymai, kurie palengvins spyn\u0173 prie\u017ei\u016br\u0105;<\/li>\n<li>Spynos \u012fvykiai, bet kur ir bet kada, kad \u017einotum\u0117te, kas vyksta J\u016bs\u0173 pri\u017ei\u016brimose patalpose;<\/li>\n<li>Prid\u0117kite arba i\u0161trinkite pir\u0161t\u0173 atspaudus, korteles, kodus, bei el. raktus per aplikacij\u0105;<\/li>\n<li>Aplikacija pastoviai atnaujinama, kad suteikt\u0173 skland\u0173 spyn\u0173 pri\u017ei\u016br\u0117jim\u0105, valdym\u0105;<\/li>\n<\/ol>\n","protected":false},"featured_media":2154,"comment_status":"closed","ping_status":"closed","template":"","meta":[],"product_brand":[],"product_cat":[275],"product_tag":[389,277,278,390,391],"class_list":{"0":"post-2722","1":"product","2":"type-product","3":"status-publish","4":"has-post-thumbnail","6":"product_cat-ismanios-spynos","7":"product_tag-liliwise-h11b","8":"product_tag-smart-ttlock","9":"product_tag-ttlock","10":"product_tag-viesbucio-spyna","11":"product_tag-viesbucio-spyna-liliwise-h11b","13":"first","14":"instock","15":"shipping-taxable","16":"purchasable","17":"product-type-simple"},"jetpack_sharing_enabled":true,"_links":{"self":[{"href":"https:\/\/apsaugos.lt\/index.php?rest_route=\/wp\/v2\/product\/2722","targetHints":{"allow":["GET"]}}],"collection":[{"href":"https:\/\/apsaugos.lt\/index.php?rest_route=\/wp\/v2\/product"}],"about":[{"href":"https:\/\/apsaugos.lt\/index.php?rest_route=\/wp\/v2\/types\/product"}],"replies":[{"embeddable":true,"href":"https:\/\/apsaugos.lt\/index.php?rest_route=%2Fwp%2Fv2%2Fcomments&post=2722"}],"wp:featuredmedia":[{"embeddable":true,"href":"https:\/\/apsaugos.lt\/index.php?rest_route=\/wp\/v2\/media\/2154"}],"wp:attachment":[{"href":"https:\/\/apsaugos.lt\/index.php?rest_route=%2Fwp%2Fv2%2Fmedia&parent=2722"}],"wp:term":[{"taxonomy":"product_brand","embeddable":true,"href":"https:\/\/apsaugos.lt\/index.php?rest_route=%2Fwp%2Fv2%2Fproduct_brand&post=2722"},{"taxonomy":"product_cat","embeddable":true,"href":"https:\/\/apsaugos.lt\/index.php?rest_route=%2Fwp%2Fv2%2Fproduct_cat&post=2722"},{"taxonomy":"product_tag","embeddable":true,"href":"https:\/\/apsaugos.lt\/index.php?rest_route=%2Fwp%2Fv2%2Fproduct_tag&post=2722"}],"curies":[{"name":"wp","href":"https:\/\/api.w.org\/{rel}","templated":true}]}}