{"id":2781,"date":"2021-03-08T12:56:35","date_gmt":"2021-03-08T10:56:35","guid":{"rendered":"http:\/\/apsaugos.lt\/?post_type=product&#038;p=2781"},"modified":"2021-03-08T12:56:35","modified_gmt":"2021-03-08T10:56:35","slug":"ismanioji-spyna-t10a-t-ttlock-tuya-app","status":"publish","type":"product","link":"https:\/\/apsaugos.lt\/?product=ismanioji-spyna-t10a-t-ttlock-tuya-app","title":{"rendered":"I\u0161manioji spyna T10A-T TTLock Tuya APP"},"content":{"rendered":"<p>Atrakinimo b\u016bdai : \u201eTuya\u201c programa \/\u00a0 slapta\u017eodis \/ kortel\u0117 \/ mechaninis raktas<br \/>\nKortel\u0117s tipas : MF1 kortel\u0117 (13,56Hz)<br \/>\nIdentifikavimo laikas :\u00a0 &lt;0.1S<br \/>\nSpynos korpusas\u00a0 : Cinko lydinis<br \/>\nSpynos dydis : 50mm * 60mm<br \/>\nDur\u0173 storis : 30mm ~ 65mm<br \/>\nDarbin\u0117 temperat\u016bra : -20 \u00b0 C ~ 70 \u00b0 C<br \/>\nDarbin\u0117 dr\u0117gm\u0117 : 10% ~ 95%<br \/>\n\u012etampa : 6 V (4x AA baterijos)<br \/>\n\u012esp\u0117jimas apie \u017eem\u0105 \u012ftamp\u0105 : \u017demiau 4,8 V<\/p>\n","protected":false},"excerpt":{"rendered":"<p>4 atrakinimo b\u016bdai: \u201eTuya\u201c programos pagalba, kortel\u0117s , PIN kodo , mechaninio rakto pagalba;<br \/>\n\u012emontuotas\u00a0 OLED ekranas ;<br \/>\nKompakti\u0161kas dydis tinka visoms medin\u0117ms ir metalin\u0117ms durims;<br \/>\nAvarinis maitinimas s\u0117dus baterijai ;<\/p>\n","protected":false},"featured_media":2782,"comment_status":"open","ping_status":"closed","template":"","meta":[],"product_brand":[],"product_cat":[275,276],"product_tag":[291,429,428,278,427],"class_list":{"0":"post-2781","1":"product","2":"type-product","3":"status-publish","4":"has-post-thumbnail","6":"product_cat-ismanios-spynos","7":"product_cat-ismaniosios-spynos","8":"product_tag-ismanioji-spyna","9":"product_tag-ismanioji-spyna-t10a-t","10":"product_tag-t10a-t","11":"product_tag-ttlock","12":"product_tag-tuya-app","14":"first","15":"instock","16":"shipping-taxable","17":"purchasable","18":"product-type-simple"},"jetpack_sharing_enabled":true,"_links":{"self":[{"href":"https:\/\/apsaugos.lt\/index.php?rest_route=\/wp\/v2\/product\/2781","targetHints":{"allow":["GET"]}}],"collection":[{"href":"https:\/\/apsaugos.lt\/index.php?rest_route=\/wp\/v2\/product"}],"about":[{"href":"https:\/\/apsaugos.lt\/index.php?rest_route=\/wp\/v2\/types\/product"}],"replies":[{"embeddable":true,"href":"https:\/\/apsaugos.lt\/index.php?rest_route=%2Fwp%2Fv2%2Fcomments&post=2781"}],"wp:featuredmedia":[{"embeddable":true,"href":"https:\/\/apsaugos.lt\/index.php?rest_route=\/wp\/v2\/media\/2782"}],"wp:attachment":[{"href":"https:\/\/apsaugos.lt\/index.php?rest_route=%2Fwp%2Fv2%2Fmedia&parent=2781"}],"wp:term":[{"taxonomy":"product_brand","embeddable":true,"href":"https:\/\/apsaugos.lt\/index.php?rest_route=%2Fwp%2Fv2%2Fproduct_brand&post=2781"},{"taxonomy":"product_cat","embeddable":true,"href":"https:\/\/apsaugos.lt\/index.php?rest_route=%2Fwp%2Fv2%2Fproduct_cat&post=2781"},{"taxonomy":"product_tag","embeddable":true,"href":"https:\/\/apsaugos.lt\/index.php?rest_route=%2Fwp%2Fv2%2Fproduct_tag&post=2781"}],"curies":[{"name":"wp","href":"https:\/\/api.w.org\/{rel}","templated":true}]}}