{"id":2792,"date":"2021-03-08T16:04:53","date_gmt":"2021-03-08T14:04:53","guid":{"rendered":"http:\/\/apsaugos.lt\/?post_type=product&#038;p=2792"},"modified":"2021-03-08T16:07:31","modified_gmt":"2021-03-08T14:07:31","slug":"nesiojamas-darbo-laiko-apskaitos-terminalas-zkteco-s922","status":"publish","type":"product","link":"https:\/\/apsaugos.lt\/?product=nesiojamas-darbo-laiko-apskaitos-terminalas-zkteco-s922","title":{"rendered":"Ne\u0161iojamas darbo laiko apskaitos terminalas ZKteco S922"},"content":{"rendered":"<p>Ekranas : 3,5 colio TFT<br \/>\nPir\u0161t\u0173 atspaud\u0173 talpa : 5 000 (standartin\u0117)<br \/>\nKortel\u0117s talpa :\u00a0 30 000<br \/>\n\u012evyki\u0173 registras : 200 000<br \/>\nPir\u0161t\u0173 atspaud\u0173 jutiklis:\u00a0 ZK optinis jutiklis<br \/>\nAlgoritmo versija :\u00a0 ZKFinger VX10.0<br \/>\nRy\u0161is : \u201eWi-Fi\u201c, GPRS, 3G (WCDMA)<\/p>\n<p>Apsaugos laipsnis: IP65<br \/>\nMaitinimo \u0161altinis : 12V 3A DC ; \u012emontuota atsargin\u0117 7600 mAh baterija<br \/>\nDarbin\u0117 temperat\u016bra : 0 C &#8211; 45 C<br \/>\nDarbinis dr\u0117gnumas 20% -80%<br \/>\nI\u0161matavimai:\u00a0 225 x235x125 (mm)<\/p>\n","protected":false},"excerpt":{"rendered":"<p>Ne\u0161iojamas darbo laiko apskaitos terminalas ZKteco S922 su integruot\u0173 3G ry\u0161i\u0173 . Skirting\u0173 statybos ar kit\u0173 objekt\u0173 darbo laiko mobilus terminalas.<\/p>\n","protected":false},"featured_media":2793,"comment_status":"open","ping_status":"closed","template":"","meta":[],"product_brand":[],"product_cat":[218],"product_tag":[75,440,26,441,22,439],"class_list":{"0":"post-2792","1":"product","2":"type-product","3":"status-publish","4":"has-post-thumbnail","6":"product_cat-darbo-laiko-apskaita","7":"product_tag-darbo-laiko-apskaita","8":"product_tag-darbo-laiko-apskaita-statyboms","9":"product_tag-praejimo-kontrole","10":"product_tag-statybu-darbo-laiko-apskaita","11":"product_tag-zkteco","12":"product_tag-zkteco-s922","14":"first","15":"instock","16":"shipping-taxable","17":"purchasable","18":"product-type-simple"},"jetpack_sharing_enabled":true,"_links":{"self":[{"href":"https:\/\/apsaugos.lt\/index.php?rest_route=\/wp\/v2\/product\/2792","targetHints":{"allow":["GET"]}}],"collection":[{"href":"https:\/\/apsaugos.lt\/index.php?rest_route=\/wp\/v2\/product"}],"about":[{"href":"https:\/\/apsaugos.lt\/index.php?rest_route=\/wp\/v2\/types\/product"}],"replies":[{"embeddable":true,"href":"https:\/\/apsaugos.lt\/index.php?rest_route=%2Fwp%2Fv2%2Fcomments&post=2792"}],"wp:featuredmedia":[{"embeddable":true,"href":"https:\/\/apsaugos.lt\/index.php?rest_route=\/wp\/v2\/media\/2793"}],"wp:attachment":[{"href":"https:\/\/apsaugos.lt\/index.php?rest_route=%2Fwp%2Fv2%2Fmedia&parent=2792"}],"wp:term":[{"taxonomy":"product_brand","embeddable":true,"href":"https:\/\/apsaugos.lt\/index.php?rest_route=%2Fwp%2Fv2%2Fproduct_brand&post=2792"},{"taxonomy":"product_cat","embeddable":true,"href":"https:\/\/apsaugos.lt\/index.php?rest_route=%2Fwp%2Fv2%2Fproduct_cat&post=2792"},{"taxonomy":"product_tag","embeddable":true,"href":"https:\/\/apsaugos.lt\/index.php?rest_route=%2Fwp%2Fv2%2Fproduct_tag&post=2792"}],"curies":[{"name":"wp","href":"https:\/\/api.w.org\/{rel}","templated":true}]}}